-- Table structure for table `tassignbatch`
--

CREATE TABLE IF NOT EXISTS `tassignbatch` (
  `BatchId` int(11) NOT NULL,
  `StudentId` int(11) NOT NULL,
  `StatusId` int(11) DEFAULT NULL
) ENGINE=InnoDB DEFAULT CHARSET=utf8;

--
-- Dumping data for table `tassignbatch`
--

INSERT INTO `tassignbatch` (`BatchId`, `StudentId`, `StatusId`) VALUES
(177, 275, 11),
(178, 277, 11),
(178, 282, 11),
(178, 304, 11),
(178, 305, 11),
(178, 307, 11),
(180, 282, 11),
(180, 303, 11),
(180, 305, 11),
(180, 307, 11),
(181, 282, 11),
(181, 303, 11),
(181, 305, 11),
(181, 307, 11),
(182, 284, 11),
(182, 285, 11),
(182, 295, 11),
(184, 283, 11),
(184, 286, 11),
(184, 288, 11),
(184, 330, 11),
(184, 331, 11),
(184, 334, 11),
(185, 283, 11),
(185, 286, 11),
(186, 283, 11),
(187, 279, 11),
(187, 284, 11),
(187, 285, 11),
(187, 295, 11),
(187, 413, 11),
(189, 285, 12),
(190, 1, 11),
(190, 2, 11),
(190, 3, 11),
(190, 297, 11),
(190, 298, 11),
(190, 299, 11),
(190, 300, 11),
(192, 1, 11),
(192, 2, 11),
(192, 3, 11),
(194, 311, 11),
(198, 313, 11),
(198, 323, 11),
(199, 313, 11),
(199, 314, 11),
(199, 315, 11),
(199, 320, 11),
(199, 323, 11),
(199, 325, 11),
(199, 326, 11),
(200, 313, 11),
(200, 314, 11),
(200, 315, 11),
(200, 324, 11),
(213, 313, 11),
(215, 313, 11),
(215, 315, 11),
(215, 320, 11),
(216, 313, 11),
(216, 318, 11),
(217, 293, 11),
(217, 335, 11),
(218, 346, 11),
(218, 347, 11),
(218, 348, 11),
(218, 349, 11),
(218, 350, 11),
(218, 351, 11),
(218, 352, 11),
(218, 353, 11),
(218, 354, 11),
(218, 355, 11),
(218, 356, 11),
(218, 357, 11),
(218, 358, 11),
(218, 359, 11),
(218, 360, 11),
(218, 361, 11),
(218, 362, 11),
(218, 363, 11),
(218, 364, 11),
(218, 365, 11),
(218, 366, 11),
(218, 367, 11),
(218, 368, 11),
(218, 369, 11),
(219, 357, 11),
(219, 370, 11),
(219, 371, 11),
(219, 372, 11),
(219, 373, 11),
(219, 374, 11),
(219, 375, 11),
(219, 376, 11),
(219, 377, 11),
(219, 378, 11),
(219, 379, 11),
(219, 380, 11),
(219, 381, 11),
(219, 382, 11),
(219, 383, 11),
(219, 384, 11),
(219, 385, 11),
(219, 386, 11),
(219, 387, 11),
(219, 388, 11),
(219, 389, 11),
(219, 390, 11),
(219, 391, 11),
(219, 392, 11),
(219, 393, 11),
(219, 394, 11),
(219, 395, 11),
(219, 396, 11),
(219, 397, 11),
(219, 398, 11),
(219, 399, 11),
(220, 400, 11),
(220, 401, 11),
(220, 402, 11),
(220, 403, 11),
(220, 404, 11),
(220, 416, 11),
(220, 417, 11),
(221, 406, 11),
(222, 407, 11),
(222, 408, 11),
(222, 409, 11),
(222, 410, 11),
(222, 411, 11),
(222, 412, 11),
(223, 414, 11),
(224, 280, 11),
(225, 418, 11),
(225, 419, 11),
(225, 420, 11);

-- --------------------------------------------------------

--
-- Table structure for table `tbankaccountdetail`
--

CREATE TABLE IF NOT EXISTS `tbankaccountdetail` (
  `Id` int(11) NOT NULL,
  `TeacherId` int(11) NOT NULL,
  `AccountHolderName` varchar(100) NOT NULL,
  `AccountNumber` bigint(20) NOT NULL,
  `IFSCCode` varchar(45) NOT NULL,
  `EmailId` varchar(100) NOT NULL
) ENGINE=InnoDB AUTO_INCREMENT=40 DEFAULT CHARSET=utf8;

--
-- Dumping data for table `tbankaccountdetail`
--

INSERT INTO `tbankaccountdetail` (`Id`, `TeacherId`, `AccountHolderName`, `AccountNumber`, `IFSCCode`, `EmailId`) VALUES
(34, 131, 'megha', 13745678912345, 'BARB0ILOLXM', 'mbj137@gmail.com'),
(35, 132, 'hehejejrj', 123456789, 'HDFC0000069', 'kp@gmail.com'),
(36, 147, 'Krupal Patel Teacher', 1234567890123, 'HDFC0000069', 'kp@gmail.com'),
(37, 139, 'Test Account', 12345678901234, 'BARB0ILOLXX', 'test@gmail.com'),
(38, 133, 'Rakesh Patra', 1234567890, 'HDFC0001682', 'Rakesh@gmail.com'),
(39, 166, 'gshshbz', 12345678902334, 'HDFC0000006', 'parthiv.trivedi@sapphiresolutions.net');

-- --------------------------------------------------------

--
-- Table structure for table `tbatch`
--

CREATE TABLE IF NOT EXISTS `tbatch` (
  `Id` int(11) NOT NULL,
  `TeacherId` int(11) DEFAULT NULL,
  `Code` varchar(20) DEFAULT NULL,
  `Title` varchar(100) DEFAULT NULL,
  `BatchDate` date DEFAULT NULL,
  `CreatedDateTime` datetime DEFAULT NULL,
  `UpdatedDateTime` datetime DEFAULT NULL
) ENGINE=InnoDB AUTO_INCREMENT=227 DEFAULT CHARSET=utf8;

--
-- Dumping data for table `tbatch`
--

INSERT INTO `tbatch` (`Id`, `TeacherId`, `Code`, `Title`, `BatchDate`, `CreatedDateTime`, `UpdatedDateTime`) VALUES
(177, 131, 'FQOMCH', 'mtest137', '2022-04-21', '2022-04-21 16:36:52', '2022-04-21 16:36:52'),
(178, 133, 'TNTOLV', 'Morning Batch', '2022-04-21', '2022-04-21 16:58:45', '2022-04-21 16:58:45'),
(180, 133, 'ZIMNHO', 'Evening Batch', '2022-04-21', '2022-04-21 17:04:48', '2022-04-21 17:04:48'),
(181, 133, 'RSFKAT', 'Night Batch', '2022-04-21', '2022-04-21 17:05:08', '2022-04-21 17:05:08'),
(183, 138, 'ZKYQSB', 'Ronak Batch', '2022-04-25', '2022-04-25 15:27:01', '2022-04-25 15:27:01'),
(184, 139, 'XLWSMX', 'Ronak Classes', '2022-04-25', '2022-04-25 15:57:28', '2022-04-25 15:57:28'),
(185, 139, 'RCMOJR', 'Testing', '2022-04-29', '2022-04-26 09:56:12', '2022-04-26 09:56:12'),
(186, 139, 'LEZLDM', 'Testing duplicate', '2022-04-26', '2022-04-26 10:42:09', '2022-04-26 10:42:09'),
(187, 132, 'MTFCQR', 'first', '2022-04-26', '2022-04-26 14:57:37', '2022-04-26 14:57:37'),
(189, 132, 'XTSGUQ', 'testing', '2022-04-26', '2022-04-26 17:59:09', '2022-04-26 17:59:09'),
(190, 132, 'BBMRNX', 'abc', '2021-12-17', '2022-04-28 17:05:36', '2022-04-28 17:05:36'),
(192, 132, 'UFDBWL', 'અંજલી', '2021-12-17', '2022-04-28 17:49:02', '2022-04-28 17:49:02'),
(194, 145, 'IACWTO', 'May batch', '2022-05-04', '2022-05-04 10:37:23', '2022-05-04 10:37:23'),
(195, 146, 'RWOQJS', 'hdhdhdhdh', '2022-05-04', '2022-05-04 11:28:53', '2022-05-04 11:28:53'),
(197, 131, 'XTTTKO', 'megha137', '2022-05-05', '2022-05-05 11:50:01', '2022-05-05 11:50:01'),
(198, 147, 'OOJYNC', 'new testing batch', '2022-05-05', '2022-05-05 16:22:43', '2022-05-05 16:22:43'),
(199, 147, 'DOOBBN', 'latest testing batch', '2022-05-05', '2022-05-05 16:23:16', '2022-05-05 16:23:16'),
(200, 147, 'SSLCEH', 'testing batch ', '2022-05-06', '2022-05-06 07:56:44', '2022-05-06 17:49:00'),
(210, 131, 'PNBUBL', 'meghatest13', '2022-11-05', '2022-05-11 18:28:31', '2022-05-11 18:28:31'),
(212, 157, 'DZIZQC', 'Animation and Fun', '2022-05-12', '2022-05-12 12:16:04', '2022-05-12 12:16:04'),
(213, 147, 'DEDXOY', 'new batch', '2022-05-12', '2022-05-12 16:05:02', '2022-05-12 16:05:02'),
(215, 147, 'CCJLQW', 'fhfjf', '2022-05-19', '2022-05-19 17:35:58', '2022-05-19 17:35:58'),
(216, 147, 'LHPWPI', 'Test Dev Batch', '2022-05-30', '2022-05-30 18:56:37', '2022-06-02 12:37:35'),
(217, 133, 'GZZRZK', 'General Batch', '2022-07-20', '2022-07-20 18:01:12', '2022-07-20 18:01:12'),
(218, 141, 'LWNNCW', 'Test 123', '2022-10-12', '2022-10-12 16:17:12', '2022-10-12 16:17:12'),
(219, 141, 'RRLVRP', 'Test11', '2022-10-13', '2022-10-13 16:28:46', '2022-10-13 16:28:46'),
(220, 141, 'KZYJYQ', 'test1', '2022-12-20', '2022-12-21 16:12:33', '2022-12-21 16:12:33'),
(221, 163, 'MFPLPC', 'March', '2023-03-14', '2023-03-14 16:50:59', '2023-03-14 16:50:59'),
(222, 164, 'GMKQSP', 'March Batch', '2023-03-17', '2023-03-17 15:15:12', '2023-03-17 15:15:12'),
(223, 166, 'KIZXBW', '2023-24', '2023-05-18', '2023-05-18 16:21:49', '2023-05-18 16:21:49'),
(224, 132, 'XSJSDR', 'ronak batch', '2023-05-29', '2023-05-29 12:38:27', '2023-05-29 12:38:27'),
(225, 170, 'RVXSLT', 'Pratik112', '2023-06-02', '2023-06-02 15:23:42', '2023-06-02 15:23:42'),
(226, 170, 'ZOTPBT', 'Hemali Batch', '2023-06-02', '2023-06-02 17:31:00', '2023-06-02 17:31:00');

-- --------------------------------------------------------

--
-- Table structure for table `tbloodgroupmaster`
--

CREATE TABLE IF NOT EXISTS `tbloodgroupmaster` (
  `Id` int(11) NOT NULL,
  `Code` varchar(45) NOT NULL,
  `Title` varchar(45) NOT NULL,
  `IsObsolete` bit(1) NOT NULL
) ENGINE=InnoDB AUTO_INCREMENT=9 DEFAULT CHARSET=utf8;

--
-- Dumping data for table `tbloodgroupmaster`
--

INSERT INTO `tbloodgroupmaster` (`Id`, `Code`, `Title`, `IsObsolete`) VALUES
(1, 'A+', 'A+', b'0'),
(2, 'A-', 'A-', b'0'),
(3, 'B+', 'B+', b'0'),
(4, 'B-', 'B-', b'0'),
(5, 'O+', 'O+', b'0'),
(6, 'O-', 'O-', b'0'),
(7, 'AB+', 'AB+', b'0'),
(8, 'AB-', 'AB-', b'0');

-- --------------------------------------------------------

--
-- Table structure for table `tcategorymaster`
--

CREATE TABLE IF NOT EXISTS `tcategorymaster` (
  `Id` int(11) NOT NULL,
  `Code` varchar(20) NOT NULL,
  `Title` varchar(100) NOT NULL
) ENGINE=InnoDB AUTO_INCREMENT=6 DEFAULT CHARSET=utf8;

--
-- Dumping data for table `tcategorymaster`
--

INSERT INTO `tcategorymaster` (`Id`, `Code`, `Title`) VALUES
(1, 'SCH', 'School'),
(2, 'COMP', 'Competitive'),
(3, 'GRAD', 'Graduation'),
(4, 'PROG', 'Programming'),
(5, 'Other', 'Others');

-- --------------------------------------------------------

--
-- Table structure for table `tchat`
--

CREATE TABLE IF NOT EXISTS `tchat` (
  `Id` bigint(20) NOT NULL,
  `ToRoleTypeId` smallint(6) NOT NULL,
  `ToUserId` int(11) NOT NULL,
  `ToSourceId` int(11) DEFAULT NULL,
  `FromRoleTypeId` smallint(6) NOT NULL,
  `FromUserId` int(11) NOT NULL,
  `FromSourceId` int(11) DEFAULT NULL,
  `ChatDetail` varchar(1000) DEFAULT NULL,
  `ContentPath` varchar(500) DEFAULT NULL,
  `ChatGroupId` int(11) DEFAULT NULL,
  `CreatedUserId` int(11) NOT NULL,
  `CreatedDateTime` datetime NOT NULL
) ENGINE=InnoDB AUTO_INCREMENT=10 DEFAULT CHARSET=utf8;

--
-- Dumping data for table `tchat`
--

INSERT INTO `tchat` (`Id`, `ToRoleTypeId`, `ToUserId`, `ToSourceId`, `FromRoleTypeId`, `FromUserId`, `FromSourceId`, `ChatDetail`, `ContentPath`, `ChatGroupId`, `CreatedUserId`, `CreatedDateTime`) VALUES
(1, 1, 312, 279, 1, 446, 413, 'hiii', '', 0, 446, '2023-06-02 11:42:40'),
(2, 1, 312, 279, 1, 446, 413, 'hii', '', 0, 446, '2023-06-02 11:43:12'),
(3, 1, 313, 417, 2, 304, 141, 'hii', '', 0, 304, '2023-06-02 11:49:02'),
(4, 1, 313, 417, 2, 304, 141, 'hfh', '', 0, 304, '2023-06-02 11:49:31'),
(5, 1, 313, 417, 2, 304, 141, 'heyy', '', 0, 304, '2023-06-02 11:49:44'),
(6, 1, 313, 417, 2, 304, 141, 'hhhhh', '', 0, 304, '2023-06-02 11:54:30'),
(7, 1, 312, 279, 1, 446, 413, 'hiiii', '', 0, 446, '2023-06-02 11:57:43'),
(8, 1, 313, 417, 2, 304, 141, 'fwfafsge', '', 0, 304, '2023-06-02 12:14:41'),
(9, 1, 389, 348, 1, 446, 416, 'hiii', '', 0, 446, '2023-06-02 14:36:08');

-- --------------------------------------------------------

--
-- Table structure for table `tchatgroupmaster`
--

CREATE TABLE IF NOT EXISTS `tchatgroupmaster` (
  `Id` int(11) NOT NULL,
  `Title` varchar(200) NOT NULL,
  `CreatedUserId` int(11) NOT NULL,
  `CreatedDateTime` datetime NOT NULL,
  `UpdatedUserId` int(11) DEFAULT NULL,
  `UpdatedDateTime` datetime DEFAULT NULL,
  `BatchId` int(11) NOT NULL
) ENGINE=InnoDB AUTO_INCREMENT=3 DEFAULT CHARSET=utf8;

--
-- Dumping data for table `tchatgroupmaster`
--

INSERT INTO `tchatgroupmaster` (`Id`, `Title`, `CreatedUserId`, `CreatedDateTime`, `UpdatedUserId`, `UpdatedDateTime`, `BatchId`) VALUES
(1, 'Pratik112', 454, '2023-06-02 15:23:42', NULL, NULL, 225),
(2, 'Hemali Batch', 454, '2023-06-02 17:31:00', NULL, NULL, 226);

-- --------------------------------------------------------

--
-- Table structure for table `tconfigurationmaster`
--

CREATE TABLE IF NOT EXISTS `tconfigurationmaster` (
  `Id` int(11) NOT NULL,
  `Title` varchar(300) NOT NULL,
  `ItemKey` varchar(100) NOT NULL,
  `ItemValue` varchar(200) DEFAULT NULL,
  `IsObsolete` bit(1) NOT NULL
) ENGINE=InnoDB AUTO_INCREMENT=14 DEFAULT CHARSET=utf8;

--
-- Dumping data for table `tconfigurationmaster`
--

INSERT INTO `tconfigurationmaster` (`Id`, `Title`, `ItemKey`, `ItemValue`, `IsObsolete`) VALUES
(1, 'Activate SMS', 'Alert.IsActivateSMS', 'true', b'0'),
(2, 'Activate Email', 'Alert.IsActivateEmail', 'False', b'0'),
(3, 'Activate Push Notification', 'Alert.IsActivatePushNotification', 'True', b'0'),
(4, 'Android API Key', 'Alert.AndroidAPIKey', 'AAAAdqtBjhU:APA91bFuDjgNcYIKkWPYTygzqlz4nOpZWB-ifLEHXXmsG_2VAK0JgQmK4OzWWGqHvjau7zP39TaUBncvUKut7FrJFfq5-e-fScxmvgUsFOQGsGg8FO5fARsTEM_LR7JOuDtg-X7lTM4h', b'0'),
(5, 'Apple Certificate Path', 'Alert.iOSAppCertificatePath', '/ContentTemplates/iOS/APNS_DISTRI.p12', b'1'),
(6, 'Apple Certificate Password', 'Alert.iOSAppCertificatePassword', 'vidyalaya', b'1'),
(7, 'Apns Server Environment', 'Alert.ApnsServerEnvironment', '1', b'1'),
(8, 'SMS Vendor Id', 'Alert.SMSVendorId', '1', b'1'),
(9, 'Alert.EmailProvider', 'Alert.EmailProvider', 'smtp', b'0'),
(10, 'Android API Sender Id', 'Alert.AndroidAPISenderId', '323524054566', b'1'),
(11, 'Trace Log Enable', 'sCommon.IsTraceLogEnable', 'False', b'1'),
(12, 'SMS Mobile Number Length', 'Alert.MobileNumberLength', '10', b'0'),
(13, 'iOS Bundle Identifier', 'Alert.iOSBundleIdentifier', 'com.sapphire.lms', b'0');

-- --------------------------------------------------------

--
-- Table structure for table `tetest`
--

CREATE TABLE IF NOT EXISTS `tetest` (
  `Id` int(11) NOT NULL,
  `MainTestTypeId` int(11) NOT NULL,
  `SubTestTypeId` int(11) NOT NULL,
  `CorrectAnswerMarks` decimal(8,2) DEFAULT NULL,
  `PenaltyMarks` decimal(8,2) DEFAULT NULL,
  `BatchId` int(11) NOT NULL,
  `Topic` longtext,
  `Description` longtext,
  `Duration` int(11) DEFAULT NULL,
  `StartDate` date DEFAULT NULL,
  `StartTime` time DEFAULT NULL,
  `ExpiryDate` date DEFAULT NULL,
  `ExpiryTime` time DEFAULT NULL,
  `Maxmarks` decimal(8,2) DEFAULT NULL,
  `IsSubmitted` tinyint(1) NOT NULL,
  `SubCategoryId` int(11) DEFAULT NULL,
  `CreatedUserId` int(11) NOT NULL,
  `CreatedDateTime` datetime NOT NULL,
  `UpdatedUserId` int(11) DEFAULT NULL,
  `UpdatedDateTime` datetime DEFAULT NULL,
  `IsMultiple` tinyint(1) DEFAULT NULL
) ENGINE=InnoDB AUTO_INCREMENT=1187 DEFAULT CHARSET=utf8;

--
-- Dumping data for table `tetest`
--

INSERT INTO `tetest` (`Id`, `MainTestTypeId`, `SubTestTypeId`, `CorrectAnswerMarks`, `PenaltyMarks`, `BatchId`, `Topic`, `Description`, `Duration`, `StartDate`, `StartTime`, `ExpiryDate`, `ExpiryTime`, `Maxmarks`, `IsSubmitted`, `SubCategoryId`, `CreatedUserId`, `CreatedDateTime`, `UpdatedUserId`, `UpdatedDateTime`, `IsMultiple`) VALUES
(1082, 2, 1, '2.00', '-1.00', 183, 'TestAli', 'judydg', 20, '2022-04-25', '15:53:00', NULL, NULL, '4.00', 1, 0, 138, '2022-04-25 15:52:08', NULL, NULL, 0),
(1083, 2, 1, '2.00', '-1.00', 183, 'TestAli', 'judydg', 20, '2022-04-25', '15:53:00', NULL, NULL, '4.00', 1, 0, 138, '2022-04-25 15:54:01', NULL, NULL, NULL),
(1084, 2, 1, '2.00', '-1.00', 183, NULL, '', NULL, NULL, NULL, NULL, NULL, NULL, 0, 0, 138, '2022-04-25 15:54:59', NULL, NULL, 0),
(1085, 2, 1, '2.00', '-1.00', 184, 'fhrurnexn', 'rheufnd', 10, '2022-04-25', '05:00:00', NULL, NULL, '9.00', 1, 0, 139, '2022-04-25 16:55:55', NULL, NULL, 0),
(1086, 2, 1, '2.00', '-1.00', 184, 'hdhdhehe', 'brbeeheh', 23, '2022-04-25', '05:30:00', '2022-01-25', '06:30:00', '0.00', 1, 0, 139, '2022-04-25 17:03:26', NULL, NULL, 0),
(1092, 2, 1, '2.00', '-1.00', 184, '26 apr', 'des', 50, '2022-04-26', '13:23:00', NULL, NULL, '2.00', 1, 0, 139, '2022-04-26 13:21:46', NULL, NULL, 0),
(1093, 2, 1, '5.00', '-2.00', 184, NULL, '', NULL, NULL, NULL, NULL, NULL, NULL, 0, 0, 139, '2022-04-26 15:17:47', NULL, NULL, 0),
(1094, 2, 1, '5.00', '-1.00', 184, NULL, '', NULL, NULL, NULL, NULL, NULL, NULL, 0, 0, 139, '2022-04-26 15:28:18', NULL, NULL, 0),
(1095, 2, 1, '6.00', '-1.00', 184, 'test', 'gkitzifs', 450, '2022-05-06', '11:35:00', NULL, NULL, '2.00', 1, 0, 139, '2022-04-26 15:28:34', NULL, NULL, 0),
(1096, 2, 1, '5.00', '-1.00', 184, 'test test 16 may', 'Description', 60, '2022-05-16', '15:48:00', NULL, NULL, '3.00', 1, 0, 139, '2022-04-26 15:30:26', NULL, NULL, 0),
(1097, 2, 1, '5.00', '-1.00', 184, 'test description', 'Description', 520, '2022-05-16', '10:38:00', NULL, NULL, '9.00', 1, 0, 139, '2022-04-26 15:33:04', NULL, NULL, 0),
(1098, 2, 1, '3.00', '-1.00', 184, 'test1 6th', 'Test description', 420, '2022-05-06', '11:25:00', '2022-05-06', '11:26:00', '6.00', 1, 0, 139, '2022-04-26 15:41:25', NULL, NULL, 0),
(1099, 1, 2, '0.00', '0.00', 184, 'test attach', 'Ghjfhgfdhgdh', 420, '2022-05-06', '11:59:00', NULL, NULL, '0.00', 1, 0, 139, '2022-04-26 15:41:40', NULL, NULL, 0),
(1100, 2, 1, '2.00', '-1.00', 182, 'dhdhdh', 'dbxbxb', 56, '2022-04-26', '15:55:00', NULL, NULL, '2.00', 1, 0, 132, '2022-04-26 15:55:42', NULL, NULL, 0),
(1101, 2, 1, '2.00', '-1.00', 182, 'dhdbdbd', 'fbfbfbf', 86, '2022-04-26', '15:57:00', NULL, NULL, '2.00', 1, 0, 132, '2022-04-26 15:57:30', NULL, NULL, 0),
(1105, 2, 1, '2.00', '-1.00', 186, 'test all', 'test', 300, '2022-04-26', '16:35:00', NULL, NULL, '8.00', 1, 0, 139, '2022-04-26 16:31:48', NULL, NULL, 0),
(1106, 1, 2, '0.00', '0.00', 186, NULL, 'fydiciyc', NULL, NULL, NULL, NULL, NULL, NULL, 0, 0, 139, '2022-04-26 17:06:52', NULL, NULL, 0),
(1107, 1, 2, '0.00', '0.00', 186, NULL, 'fydiciyc', NULL, NULL, NULL, NULL, NULL, NULL, 0, 0, 139, '2022-04-26 17:07:24', NULL, NULL, 0),
(1108, 1, 2, '0.00', '0.00', 186, NULL, 'fydiciyc', NULL, NULL, NULL, NULL, NULL, NULL, 0, 0, 139, '2022-04-26 17:07:38', NULL, NULL, 0),
(1109, 2, 1, '2.00', '-1.00', 186, 'gjcuf', 'ugug', 110, '2022-04-26', '17:10:00', NULL, NULL, '2.00', 1, 0, 139, '2022-04-26 17:08:02', NULL, NULL, 0),
(1110, 2, 1, '2.00', '-1.00', 182, NULL, '', NULL, NULL, NULL, NULL, NULL, NULL, 0, 0, 132, '2022-04-26 17:22:58', NULL, NULL, 0),
(1111, 2, 1, '2.00', '-1.00', 182, NULL, '', NULL, NULL, NULL, NULL, NULL, NULL, 0, 0, 132, '2022-04-26 17:39:46', NULL, NULL, 0),
(1117, 2, 1, '2.00', '-1.00', 189, NULL, '', NULL, NULL, NULL, NULL, NULL, NULL, 0, 0, 132, '2022-04-26 18:00:32', NULL, NULL, 0),
(1118, 1, 2, '0.00', '0.00', 189, NULL, 'fhh', NULL, NULL, NULL, NULL, NULL, NULL, 0, 0, 132, '2022-04-26 18:21:16', NULL, NULL, 1),
(1119, 1, 2, '0.00', '0.00', 189, NULL, 'fhh', NULL, NULL, NULL, NULL, NULL, NULL, 0, 0, 132, '2022-04-26 18:31:06', NULL, NULL, 1),
(1120, 2, 1, '2.00', '-1.00', 189, NULL, '', NULL, NULL, NULL, NULL, NULL, NULL, 0, 0, 132, '2022-04-26 18:44:37', NULL, NULL, 0),
(1121, 1, 2, '0.00', '0.00', 189, 'fh', 'gh', 55, '2022-04-26', '19:51:00', NULL, NULL, '2.00', 1, 0, 132, '2022-04-26 18:44:47', NULL, NULL, 1),
(1122, 2, 1, '2.00', '-1.00', 189, NULL, '', NULL, NULL, NULL, NULL, NULL, NULL, 0, 0, 132, '2022-04-26 18:47:10', NULL, NULL, 0),
(1123, 1, 2, '0.00', '0.00', 189, NULL, 'fjh', NULL, NULL, NULL, NULL, NULL, NULL, 0, 0, 132, '2022-04-26 18:50:15', NULL, NULL, 1),
(1124, 2, 1, '2.00', '-1.00', 189, NULL, '', NULL, NULL, NULL, NULL, NULL, NULL, 0, 0, 132, '2022-04-26 18:58:20', NULL, NULL, 0),
(1125, 2, 1, '3.00', '-1.00', 189, NULL, '', NULL, NULL, NULL, NULL, NULL, NULL, 0, 0, 132, '2022-04-26 18:58:36', NULL, NULL, 0),
(1126, 1, 2, '0.00', '0.00', 189, NULL, 'hdhdhd', NULL, NULL, NULL, NULL, NULL, NULL, 0, 0, 132, '2022-04-26 19:00:33', NULL, NULL, 1),
(1127, 1, 2, '0.00', '0.00', 189, NULL, 'hddh', NULL, NULL, NULL, NULL, NULL, NULL, 0, 0, 132, '2022-04-26 19:00:53', NULL, NULL, 0),
(1128, 1, 2, '0.00', '0.00', 189, NULL, 'hddh', NULL, NULL, NULL, NULL, NULL, NULL, 0, 0, 132, '2022-04-26 19:01:35', NULL, NULL, 1),
(1129, 1, 2, '0.00', '0.00', 189, NULL, 'vhgt', NULL, NULL, NULL, NULL, NULL, NULL, 0, 0, 132, '2022-04-26 19:03:10', NULL, NULL, 1),
(1130, 1, 2, '0.00', '0.00', 189, NULL, 'vhgt', NULL, NULL, NULL, NULL, NULL, NULL, 0, 0, 132, '2022-04-26 19:03:51', NULL, NULL, 0),
(1131, 1, 2, '0.00', '0.00', 189, NULL, 'vhgt', NULL, NULL, NULL, NULL, NULL, NULL, 0, 0, 132, '2022-04-26 19:23:43', NULL, NULL, 0),
(1132, 1, 2, '0.00', '0.00', 189, NULL, 'gggf', NULL, NULL, NULL, NULL, NULL, NULL, 0, 0, 132, '2022-04-26 19:27:50', NULL, NULL, 0),
(1133, 1, 2, '0.00', '0.00', 189, NULL, 'ghj', NULL, NULL, NULL, NULL, NULL, NULL, 0, 0, 132, '2022-04-26 19:38:55', NULL, NULL, 0),
(1134, 1, 2, '0.00', '0.00', 189, NULL, 'ghf', NULL, NULL, NULL, NULL, NULL, NULL, 0, 0, 132, '2022-04-26 19:42:34', NULL, NULL, 1),
(1135, 1, 2, '0.00', '0.00', 189, NULL, 'ghf', NULL, NULL, NULL, NULL, NULL, NULL, 0, 0, 132, '2022-04-26 19:42:40', NULL, NULL, 0),
(1136, 1, 2, '0.00', '0.00', 189, 'tyu', 'guu', 55, '2022-04-26', '19:50:00', NULL, NULL, '5.00', 1, 0, 132, '2022-04-26 19:50:41', NULL, NULL, 0),
(1137, 1, 2, '0.00', '0.00', 189, 'ch', 'vj', 56, '2022-04-26', '20:05:00', NULL, NULL, '10.00', 1, 0, 132, '2022-04-26 20:05:54', NULL, NULL, 0),
(1138, 2, 1, '2.00', '-1.00', 184, '28 april', 'hdjdj', 10, '2022-04-28', '10:18:00', NULL, NULL, '2.00', 1, 0, 139, '2022-04-28 10:18:38', NULL, NULL, 0),
(1139, 2, 1, '2.00', '-1.00', 184, '28 april 2', 'jdhrg', 5000, '2022-04-30', '10:20:00', NULL, NULL, '2.00', 1, 0, 139, '2022-04-28 10:19:47', NULL, NULL, 0),
(1140, 2, 1, '2.00', '-1.00', 178, NULL, '', NULL, NULL, NULL, NULL, NULL, NULL, 0, 0, 133, '2022-05-03 16:29:53', NULL, NULL, 0),
(1141, 2, 1, '2.00', '-1.00', 178, NULL, '', NULL, NULL, NULL, NULL, NULL, NULL, 0, 0, 133, '2022-05-03 17:01:20', NULL, NULL, 0),
(1142, 2, 1, '2.00', '-1.00', 178, NULL, '', NULL, NULL, NULL, NULL, NULL, NULL, 0, 0, 133, '2022-05-03 17:06:05', NULL, NULL, 0),
(1143, 2, 1, '2.00', '-1.00', 178, NULL, '', NULL, NULL, NULL, NULL, NULL, NULL, 0, 0, 133, '2022-05-03 18:30:22', NULL, NULL, 0),
(1144, 2, 1, '2.00', '-1.00', 187, NULL, '', NULL, NULL, NULL, NULL, NULL, NULL, 0, 0, 132, '2022-05-04 11:56:59', NULL, NULL, 0),
(1145, 2, 1, '2.00', '-1.00', 187, NULL, '', NULL, NULL, NULL, NULL, NULL, NULL, 0, 0, 132, '2022-05-04 12:01:58', NULL, NULL, 0),
(1146, 1, 2, '0.00', '0.00', 187, NULL, 'hfhc', NULL, NULL, NULL, NULL, NULL, NULL, 0, 0, 132, '2022-05-04 12:05:08', NULL, NULL, 1),
(1147, 2, 1, '2.00', '-1.00', 184, 'test', 'Description', 550, '2022-05-11', '15:25:00', NULL, NULL, '11.00', 1, 0, 139, '2022-05-05 17:39:46', NULL, NULL, 0),
(1148, 2, 1, '3.00', '-1.00', 184, 'test', 'des', 650, '2022-05-06', '11:56:00', NULL, NULL, '5.00', 1, 0, 139, '2022-05-05 17:40:49', NULL, NULL, 0),
(1149, 2, 1, '3.00', '-1.00', 184, 'there', 'Gdfg', 420, '2022-05-06', '11:29:00', '2022-05-06', '11:29:00', '2.00', 1, 0, 139, '2022-05-05 17:45:28', NULL, NULL, 0),
(1150, 2, 1, '3.00', '-1.00', 184, 'tesy', 'vngxjg', 60, '2022-05-05', '18:59:00', NULL, NULL, '5.00', 1, 0, 139, '2022-05-05 17:47:09', NULL, NULL, 0),
(1151, 2, 1, '2.00', '-1.00', 184, 'title', 'des', 60, '2022-05-05', '17:58:00', NULL, NULL, '6.00', 1, 0, 139, '2022-05-05 17:56:30', NULL, NULL, 0),
(1152, 2, 1, '5.00', '-5.00', 194, NULL, '', NULL, NULL, NULL, NULL, NULL, NULL, 0, 0, 345, '2022-05-05 18:10:21', NULL, NULL, 0),
(1153, 2, 1, '10.00', '-2.00', 199, 'new', 'testing', 100, '2022-05-10', '05:13:00', NULL, NULL, '20.00', 1, 0, 147, '2022-05-10 12:10:05', NULL, NULL, 0),
(1154, 2, 1, '2.00', '-1.00', 199, 'new', 'shrj', 10, '2022-05-11', '10:08:00', NULL, NULL, '2.00', 1, 0, 147, '2022-05-10 12:14:31', NULL, NULL, 0),
(1155, 2, 1, '2.00', '-1.00', 199, 'chhh', 'dhh', 56, '2022-05-10', '14:30:00', NULL, NULL, '2.00', 1, 0, 147, '2022-05-10 12:17:16', NULL, NULL, 0),
(1156, 2, 1, '2.00', '-1.00', 199, 'ftg', 'fgh', 56, '2022-05-10', '13:00:00', NULL, NULL, '2.00', 1, 0, 147, '2022-05-10 12:44:07', NULL, NULL, 0),
(1157, 2, 1, '2.00', '-1.00', 199, 'fg', 'gh', 55, '2022-05-10', '15:00:00', NULL, NULL, '2.00', 1, 0, 147, '2022-05-10 14:34:18', NULL, NULL, 0),
(1158, 1, 2, '0.00', '0.00', 199, 'ghh', 'gh', 56, '2022-05-10', '17:00:00', NULL, NULL, '2.00', 1, 0, 147, '2022-05-10 14:36:06', NULL, NULL, 1),
(1159, 2, 1, '2.00', '-1.00', 190, NULL, '', NULL, NULL, NULL, NULL, NULL, NULL, 0, 0, 132, '2022-05-10 15:03:02', NULL, NULL, 0),
(1161, 2, 1, '2.00', '-1.00', 198, NULL, '', NULL, NULL, NULL, NULL, NULL, NULL, 0, 0, 147, '2022-05-10 15:31:07', NULL, NULL, 0),
(1162, 2, 1, '2.00', '-1.00', 199, 'ghh', 'gh', 56, '2022-05-10', '17:00:00', NULL, NULL, '0.00', 1, 0, 147, '2022-05-10 16:30:36', NULL, NULL, 1),
(1163, 2, 1, '2.00', '-1.00', 199, 'ueu3', 'ehru', 61, '2022-05-11', '10:13:00', NULL, NULL, '2.00', 1, 0, 147, '2022-05-11 10:11:11', NULL, NULL, 0),
(1166, 2, 1, '2.00', '-1.00', 199, 'o5o', 'hdhe', 1, '2022-05-11', '10:49:00', NULL, NULL, '2.00', 1, 0, 147, '2022-05-11 10:46:54', NULL, NULL, 0),
(1167, 2, 1, '10.00', '-5.00', 198, NULL, '', NULL, NULL, NULL, NULL, NULL, NULL, 0, 0, 351, '2022-05-11 14:51:14', NULL, NULL, 1),
(1168, 1, 2, '0.00', '0.00', 184, NULL, 'zfjzggkx', NULL, NULL, NULL, NULL, NULL, NULL, 0, 0, 139, '2022-05-16 16:31:02', NULL, NULL, 0),
(1169, 1, 2, '0.00', '-1.00', 184, 'test', 'Test description file check', 520, '2022-05-20', '12:45:00', NULL, NULL, '0.00', 1, 0, 139, '2022-05-16 16:31:25', NULL, NULL, 0),
(1170, 1, 2, '0.00', '0.00', 184, 'fsusit', 'text', 600, '2022-05-16', '16:32:00', NULL, NULL, '50.00', 1, 0, 139, '2022-05-16 16:32:40', NULL, NULL, 0),
(1171, 1, 2, '0.00', '0.00', 184, 'hmng', 'test', 600, '2022-05-16', '16:40:00', NULL, NULL, '6.00', 1, 0, 139, '2022-05-16 16:39:49', NULL, NULL, 1),
(1172, 1, 2, '0.00', '0.00', 184, NULL, '', NULL, NULL, NULL, NULL, NULL, NULL, 0, 0, 316, '2022-05-24 11:43:02', NULL, NULL, 1),
(1173, 1, 2, '0.00', '-1.00', 184, 'test attach', 'Test', 50, '2022-07-05', '17:08:00', NULL, NULL, '0.00', 1, 0, 316, '2022-05-24 11:43:26', NULL, NULL, 0),
(1174, 1, 2, '0.00', '-1.00', 184, 'test int', 'Int description', 420, '2022-07-05', '16:58:00', NULL, NULL, '6.00', 1, 0, 316, '2022-05-24 11:45:26', NULL, NULL, 1),
(1175, 1, 2, '0.00', '-1.00', 184, 'test', 'Test description', 40, '2022-07-05', '18:15:00', NULL, NULL, '7.00', 1, 0, 316, '2022-05-24 11:57:26', NULL, NULL, 1),
(1176, 1, 2, '0.00', '-1.00', 184, 'test 1', 'Test 2', 560, '2022-05-24', '12:11:00', NULL, NULL, '8.00', 1, 0, 316, '2022-05-24 12:07:40', NULL, NULL, 1),
(1177, 1, 2, '0.00', '0.00', 184, '25 may', '123', 60, '2022-05-25', '15:28:00', NULL, NULL, '8.00', 1, 0, 139, '2022-05-24 12:41:50', NULL, NULL, 0),
(1178, 1, 2, '0.00', '-1.00', 184, 'test multiple 1', 'Description', 100, '2022-05-24', '15:30:00', NULL, NULL, '4.00', 1, 0, 139, '2022-05-24 12:41:56', NULL, NULL, 1),
(1179, 1, 2, '0.00', '0.00', 187, NULL, 'dfyt', NULL, NULL, NULL, NULL, NULL, NULL, 0, 0, 132, '2022-05-24 12:43:57', NULL, NULL, 1),
(1180, 2, 1, '2.00', '-1.00', 184, 'test', 'test desc', 50, '2022-06-21', '14:54:00', NULL, NULL, '6.00', 1, 0, 139, '2022-06-21 14:49:44', NULL, NULL, 0),
(1181, 2, 1, '2.00', '-1.00', 186, 'test', 'test desc', 50, '2022-06-21', '14:54:00', NULL, NULL, '6.00', 1, 0, 139, '2022-06-21 14:55:29', NULL, NULL, NULL),
(1182, 2, 1, '10.00', '-1.00', 184, 'test 2', 'Test2 test 2', 40, '2022-07-05', '18:43:00', NULL, NULL, '4.00', 1, 0, 316, '2022-07-04 18:26:42', NULL, NULL, 0),
(1183, 1, 2, '0.00', '-1.00', 184, 'test int', 'Int description', 420, '2022-07-05', '16:58:00', NULL, NULL, '6.00', 1, 0, 316, '2022-07-05 17:00:25', NULL, NULL, NULL),
(1184, 1, 2, '0.00', '-1.00', 185, 'test attach', 'Test', 50, '2022-07-05', '17:08:00', NULL, NULL, '0.00', 1, 0, 316, '2022-07-05 17:09:59', NULL, NULL, NULL),
(1185, 2, 1, '2.00', '-1.00', 223, NULL, '', NULL, NULL, NULL, NULL, NULL, NULL, 0, 0, 166, '2023-05-18 16:32:15', NULL, NULL, 0),
(1186, 2, 1, '2.00', '-1.00', 218, NULL, '', NULL, NULL, NULL, NULL, NULL, NULL, 0, 0, 141, '2023-06-02 10:51:21', NULL, NULL, 0);

-- --------------------------------------------------------

--
-- Table structure for table `tetestmaintype`
--

CREATE TABLE IF NOT EXISTS `tetestmaintype` (
  `Id` int(11) NOT NULL,
  `Title` varchar(45) NOT NULL
) ENGINE=InnoDB AUTO_INCREMENT=4 DEFAULT CHARSET=utf8;

--
-- Dumping data for table `tetestmaintype`
--

INSERT INTO `tetestmaintype` (`Id`, `Title`) VALUES
(1, 'UploadFile'),
(2, 'TypeQuestion'),
(3, 'QuestionBank');

-- --------------------------------------------------------

--
-- Table structure for table `tetestquestionoptions`
--

CREATE TABLE IF NOT EXISTS `tetestquestionoptions` (
  `Id` int(11) NOT NULL,
  `QuestionId` int(11) NOT NULL,
  `Options` varchar(500) NOT NULL,
  `IsKey` tinyint(1) DEFAULT NULL,
  `OrderIndex` int(11) DEFAULT '1',
  `FilePath` varchar(500) DEFAULT NULL
) ENGINE=InnoDB AUTO_INCREMENT=2695 DEFAULT CHARSET=utf8;

--
-- Dumping data for table `tetestquestionoptions`
--

INSERT INTO `tetestquestionoptions` (`Id`, `QuestionId`, `Options`, `IsKey`, `OrderIndex`, `FilePath`) VALUES
(2409, 1204, 'jdjdj', 0, 1, NULL),
(2410, 1204, 'jjdjd', 1, 2, NULL),
(2411, 1204, 'jdje', 0, 3, NULL),
(2412, 1204, 'jdhud', 0, 4, NULL),
(2413, 1204, 'bxjjd', 0, 5, NULL),
(2414, 1205, 'hududuud', 1, 1, NULL),
(2415, 1206, 'jdjdj', 0, 1, NULL),
(2416, 1207, 'jdjdj', 0, 1, NULL),
(2417, 1206, 'jjdjd', 1, 2, NULL),
(2418, 1207, 'jjdjd', 1, 2, NULL),
(2419, 1206, 'jdje', 0, 3, NULL),
(2420, 1207, 'jdje', 0, 3, NULL),
(2421, 1206, 'jdhud', 0, 4, NULL),
(2422, 1207, 'jdhud', 0, 4, NULL),
(2423, 1206, 'bxjjd', 0, 5, NULL),
(2424, 1207, 'bxjjd', 0, 5, NULL),
(2425, 1206, 'hududuud', 1, 1, NULL),
(2426, 1207, 'hududuud', 1, 1, NULL),
(2430, 1209, 'juseu', 1, 1, NULL),
(2431, 1209, 'uushehehh', 0, 2, NULL),
(2432, 1209, 'hsbhsh', 0, 3, NULL),
(2433, 1209, 'jdhudud', 0, 4, NULL),
(2434, 1210, 'rgrgdv', 1, 1, NULL),
(2435, 1210, 'fbfbdb', 0, 2, NULL),
(2436, 1210, 'dbfbdb', 0, 3, NULL),
(2437, 1210, 'dbdbd', 0, 4, NULL),
(2438, 1211, 'dbdbdbdbd', 1, 1, NULL),
(2439, 1212, 'bdbdbdbdbd', 1, 1, NULL),
(2443, 1216, 'hshs', 1, 1, NULL),
(2444, 1216, 'gsgs', 0, 2, NULL),
(2445, 1217, 'hsvsvs', 1, 1, NULL),
(2446, 1217, 'xbxbxb', 0, 2, NULL),
(2447, 1218, 'xbxbb', 1, 1, NULL),
(2448, 1218, 'xbxbxb', 0, 2, NULL),
(2451, 1221, 'test', 0, 1, NULL),
(2452, 1221, 'gdysye', 0, 2, NULL),
(2453, 1221, 'gsheh', 1, 3, NULL),
(2454, 1221, 'sheh', 0, 4, NULL),
(2455, 1222, 'gwyyeue', 1, 1, NULL),
(2456, 1223, 'gwyyeue', 1, 1, NULL),
(2457, 1224, 'yethehdyndnd', 1, 1, NULL),
(2458, 1225, 'gugu\nbigu', 1, 1, NULL),
(2459, 1226, 'gigug', 1, 1, NULL),
(2465, 1230, 'vb', 1, 1, NULL),
(2466, 1231, 'fg', 1, 1, NULL),
(2467, 1232, 'chh', 1, 1, NULL),
(2468, 1233, 'xhh', 1, 1, NULL),
(2469, 1234, 'f', 0, 1, NULL),
(2470, 1234, 'f', 1, 2, NULL),
(2471, 1235, 'ghb', 1, 1, NULL),
(2472, 1236, 'cvh', 1, 1, NULL),
(2473, 1237, 'f', 0, 1, NULL),
(2474, 1237, 'g', 1, 2, NULL),
(2475, 1238, '', 1, 1, NULL),
(2476, 1239, '', 1, 1, NULL),
(2477, 1240, 'fh', 1, 1, NULL),
(2478, 1241, '', 1, 1, NULL),
(2479, 1242, '', 1, 1, NULL),
(2480, 1243, '', 1, 1, NULL),
(2481, 1244, 'jdhdj', 0, 1, NULL),
(2482, 1244, 'jdjdh', 1, 2, NULL),
(2483, 1244, 'heheh', 0, 3, NULL),
(2484, 1245, 'hehrh', 0, 1, NULL),
(2485, 1245, 'jhehe', 0, 2, NULL),
(2486, 1245, 'huud', 0, 3, NULL),
(2487, 1245, 'jjdhdj', 1, 4, NULL),
(2488, 1245, 'bdhfjf', 0, 5, NULL),
(2489, 1246, 'h', 1, 1, NULL),
(2490, 1246, 'j', 0, 2, NULL),
(2491, 1246, 'h', 0, 3, NULL),
(2492, 1246, 'h', 0, 4, NULL),
(2493, 1247, 'fhjv', 1, 1, NULL),
(2494, 1247, 'hfgjhf\n', 0, 2, NULL),
(2495, 1248, 'Test 1', 0, 1, NULL),
(2496, 1248, 'Test 2', 0, 2, NULL),
(2497, 1248, 'Test 3', 1, 3, NULL),
(2498, 1249, 'Test gf', 0, 1, NULL),
(2499, 1249, 'Gdfg', 1, 2, NULL),
(2500, 1249, 'Gdfg', 0, 3, NULL),
(2501, 1249, 'Gdfg', 0, 4, NULL),
(2502, 1250, 'Test', 0, 1, NULL),
(2503, 1250, 'Gdfgdf', 1, 2, NULL),
(2504, 1250, 'Gdfg', 0, 3, NULL),
(2505, 1251, 'Testtt', 1, 1, NULL),
(2506, 1251, 'Testtt', 0, 2, NULL),
(2507, 1251, 'Testttt', 0, 3, NULL),
(2508, 1252, 'fjayr', 0, 1, NULL),
(2509, 1252, 'mvxvnz', 0, 2, NULL),
(2510, 1252, 'vnzmngz', 0, 3, NULL),
(2511, 1252, 'ngzmggmnvzjg', 1, 4, NULL),
(2512, 1252, 'gnzmgzmgz', 0, 5, NULL),
(2513, 1253, 'fjsjtsts', 1, 1, NULL),
(2514, 1254, 'hkgy', 0, 1, NULL),
(2515, 1254, 'gnzmgz', 0, 2, NULL),
(2516, 1254, 'ngzmgz', 1, 3, NULL),
(2517, 1255, 'gmxh', 0, 1, NULL),
(2518, 1255, 'zkxg', 0, 2, NULL),
(2519, 1255, 'yo,mzk', 1, 3, NULL),
(2520, 1255, 'nv,m,m', 0, 4, NULL),
(2521, 1256, 'Test Gdfgdf', 0, 1, NULL),
(2522, 1256, 'Gdfgdf', 1, 2, NULL),
(2523, 1256, 'Gdfgdf', 0, 3, NULL),
(2524, 1257, 'mvkgzmvb', 0, 1, NULL),
(2525, 1257, 'lhclhx', 1, 2, NULL),
(2526, 1258, '', 0, 0, NULL),
(2527, 1259, '', 0, 0, NULL),
(2528, 1260, '', 0, 0, NULL),
(2529, 1261, 'Gfdgfd', 0, 1, NULL),
(2530, 1261, 'Gdfgdf', 0, 2, NULL),
(2531, 1261, 'Gods', 1, 3, NULL),
(2532, 1261, 'Gods', 0, 4, NULL),
(2533, 1262, 'Gggggg', 1, 1, NULL),
(2534, 1263, 'nfz', 0, 1, NULL),
(2535, 1263, 'nfgznfznnf', 1, 2, NULL),
(2536, 1263, 'mgmz', 0, 3, NULL),
(2537, 1264, '', 0, 0, NULL),
(2538, 1265, '1', 0, 1, NULL),
(2539, 1265, '2', 1, 2, NULL),
(2540, 1265, '3', 0, 3, NULL),
(2541, 1265, '4', 0, 4, NULL),
(2542, 1265, '5', 0, 5, NULL),
(2543, 1266, '3', 0, 3, NULL),
(2544, 1266, '2', 1, 2, NULL),
(2545, 1266, '3', 0, 3, NULL),
(2546, 1266, '4', 0, 4, NULL),
(2547, 1266, '5', 0, 5, NULL),
(2548, 1267, 'bd', 1, 1, NULL),
(2549, 1267, 'g', 0, 2, NULL),
(2550, 1267, 'h', 0, 3, NULL),
(2551, 1267, 'g', 0, 4, NULL),
(2552, 1267, 'b', 0, 5, NULL),
(2553, 1268, 'h', 1, 3, NULL),
(2554, 1268, 'h', 0, 2, NULL),
(2555, 1268, 'h', 0, 3, NULL),
(2556, 1268, 'jk', 0, 4, NULL),
(2557, 1268, 'k', 0, 5, NULL),
(2558, 1269, 'y', 1, 1, NULL),
(2559, 1269, 'g', 0, 2, NULL),
(2560, 1269, 'g', 0, 3, NULL),
(2561, 1270, 't', 0, 1, NULL),
(2562, 1270, 'g', 0, 2, NULL),
(2563, 1270, 'g', 1, 3, NULL),
(2564, 1270, 'f', 0, 4, NULL),
(2565, 1270, 'f', 0, 5, NULL),
(2566, 1271, 'fh', 1, 1, NULL),
(2567, 1272, 'fg', 0, 1, NULL),
(2568, 1272, 'fg', 1, 2, NULL),
(2571, 1274, '1', 0, 1, NULL),
(2572, 1274, '2', 0, 2, NULL),
(2573, 1274, '3', 1, 3, NULL),
(2574, 1274, '4', 0, 4, NULL),
(2575, 1275, 'r', 0, 1, NULL),
(2576, 1275, 'f', 1, 2, NULL),
(2577, 1275, 'g', 0, 3, NULL),
(2580, 1277, 'r', 1, 1, NULL),
(2581, 1277, 'r', 0, 2, NULL),
(2582, 1278, '!', 1, 1, NULL),
(2583, 1278, 'B', 0, 2, NULL),
(2584, 1278, 'C', 0, 3, NULL),
(2585, 1278, 'E', 0, 4, NULL),
(2586, 1278, '5', 0, 5, NULL),
(2587, 1279, 'Test test 1', 0, 1, NULL),
(2588, 1279, 'Test test 2', 1, 2, NULL),
(2589, 1280, 'Test test test 4', 1, 1, NULL),
(2590, 1281, 'Test1', 0, 1, NULL),
(2591, 1281, 'Test2', 0, 2, NULL),
(2592, 1281, 'Test3', 1, 3, NULL),
(2593, 1282, 'Test t1', 0, 1, NULL),
(2594, 1282, 'Test t2', 1, 2, NULL),
(2595, 1282, 'Test t3', 0, 3, NULL),
(2596, 1283, 'A1', 0, 1, NULL),
(2597, 1283, 'B1', 0, 2, NULL),
(2598, 1283, 'C1', 0, 3, NULL),
(2599, 1283, 'D1', 1, 4, NULL),
(2600, 1284, 'Testest test desert', 1, 1, NULL),
(2601, 1285, 'Ttt', 0, 1, NULL),
(2602, 1285, 'Ty', 0, 2, NULL),
(2603, 1285, 'Ttttt', 1, 3, NULL),
(2604, 1285, 'Ty', 0, 4, NULL),
(2605, 1286, 'Test1', 1, 1, NULL),
(2606, 1286, 'Test2', 0, 2, NULL),
(2607, 1287, 'Test1', 0, 1, NULL),
(2608, 1287, 'Test2', 1, 2, NULL),
(2609, 1288, 'Integer ans', 1, 1, NULL),
(2610, 1289, '', 1, 1, NULL),
(2611, 1290, 'jggxjgzj', 1, 1, NULL),
(2612, 1291, 'vxjvjgx', 1, 1, NULL),
(2613, 1292, 'cn,jfjfz', 1, 1, NULL),
(2614, 1293, '', 0, 0, NULL),
(2615, 1294, 'test', 1, 1, NULL),
(2616, 1295, 'Test ans 1', 1, 1, NULL),
(2617, 1296, 'Test ans 2', 1, 1, NULL),
(2618, 1297, 'Test ans 3', 1, 1, NULL),
(2619, 1298, 'Test ans 4', 1, 1, NULL),
(2620, 1299, 'Test 5', 1, 1, NULL),
(2621, 1300, 'fg', 1, 1, NULL),
(2622, 1301, 'df', 1, 1, NULL),
(2623, 1302, 'fgg', 1, 1, NULL),
(2624, 1303, 'Ans2', 1, 1, NULL),
(2625, 1304, '123', 1, 1, NULL),
(2626, 1305, '', 1, 1, NULL),
(2627, 1306, 'a', 0, 1, NULL),
(2628, 1306, 'b', 1, 2, NULL),
(2629, 1306, 'c', 0, 3, NULL),
(2630, 1306, 'd', 0, 4, NULL),
(2631, 1307, 'test ', 1, 1, NULL),
(2632, 1308, 'test desc', 1, 1, NULL),
(2633, 1309, 'a', 0, 1, NULL),
(2634, 1310, 'a', 0, 1, NULL),
(2635, 1311, 'a', 0, 1, NULL),
(2636, 1309, 'b', 1, 2, NULL),
(2637, 1310, 'b', 1, 2, NULL),
(2638, 1311, 'b', 1, 2, NULL),
(2639, 1309, 'c', 0, 3, NULL),
(2640, 1310, 'c', 0, 3, NULL),
(2641, 1311, 'c', 0, 3, NULL),
(2642, 1309, 'd', 0, 4, NULL),
(2643, 1310, 'd', 0, 4, NULL),
(2644, 1311, 'd', 0, 4, NULL),
(2645, 1309, 'test ', 1, 1, NULL),
(2646, 1310, 'test ', 1, 1, NULL),
(2647, 1311, 'test ', 1, 1, NULL),
(2648, 1309, 'test desc', 1, 1, NULL),
(2649, 1310, 'test desc', 1, 1, NULL),
(2650, 1311, 'test desc', 1, 1, NULL),
(2664, 1312, 'Test1', 0, 1, NULL),
(2665, 1312, 'Test2', 1, 2, NULL),
(2666, 1313, 'Test', 1, 1, NULL),
(2667, 1314, 'Gdfg', 1, 1, NULL),
(2668, 1315, 'Test21', 0, 1, NULL),
(2669, 1315, 'Test11', 0, 2, NULL),
(2670, 1315, 'Test31', 1, 3, NULL),
(2671, 1316, 'Int1', 1, 1, NULL),
(2672, 1317, 'Int2', 1, 1, NULL),
(2673, 1318, 'Int3', 1, 1, NULL),
(2674, 1319, 'Int1', 1, 1, NULL),
(2675, 1320, 'Int1', 1, 1, NULL),
(2676, 1321, 'Int1', 1, 1, NULL),
(2677, 1319, 'Int2', 1, 1, NULL),
(2678, 1320, 'Int2', 1, 1, NULL),
(2679, 1321, 'Int2', 1, 1, NULL),
(2680, 1319, 'Int3', 1, 1, NULL),
(2681, 1320, 'Int3', 1, 1, NULL),
(2682, 1321, 'Int3', 1, 1, NULL),
(2689, 1322, '', 0, 0, NULL),
(2690, 1323, '', 0, 0, NULL);

-- --------------------------------------------------------

--
-- Table structure for table `tetestquestions`
--

CREATE TABLE IF NOT EXISTS `tetestquestions` (
  `Id` int(11) NOT NULL,
  `TestId` int(11) NOT NULL,
  `QuestionTypeId` int(11) NOT NULL,
  `Title` longtext NOT NULL,
  `Marks` decimal(8,2) NOT NULL,
  `IsSubmitted` tinyint(1) NOT NULL,
  `IsSingleAnswer` tinyint(1) DEFAULT NULL,
  `FilePath` longtext,
  `ParaId` int(11) DEFAULT NULL,
  `OrderIndex` int(11) DEFAULT NULL
) ENGINE=InnoDB AUTO_INCREMENT=1325 DEFAULT CHARSET=utf8;

--
-- Dumping data for table `tetestquestions`
--

INSERT INTO `tetestquestions` (`Id`, `TestId`, `QuestionTypeId`, `Title`, `Marks`, `IsSubmitted`, `IsSingleAnswer`, `FilePath`, `ParaId`, `OrderIndex`) VALUES
(1204, 1082, 1, 'bs8dhdu3i', '2.00', 0, 0, NULL, 0, 1),
(1205, 1082, 3, 'bduudue', '2.00', 0, 0, NULL, 71, 2),
(1206, 1083, 1, 'bs8dhdu3i', '2.00', 0, 0, NULL, NULL, NULL),
(1207, 1083, 3, 'bduudue', '2.00', 0, 0, NULL, NULL, NULL),
(1209, 1084, 1, 'gshsh', '2.00', 0, 0, NULL, 0, 1),
(1210, 1085, 1, 'idndhdbdbs', '2.00', 0, 0, NULL, 0, 1),
(1211, 1085, 2, 'hdhdhsdh', '5.00', 0, 0, NULL, 0, 2),
(1212, 1085, 3, 'dbdbdbx', '2.00', 0, 0, NULL, 72, 3),
(1216, 1092, 1, '1st', '2.00', 0, 0, NULL, 0, 1),
(1217, 1100, 1, 'dbdbdb', '2.00', 0, 0, NULL, 0, 1),
(1218, 1101, 1, 'xbxbxb', '2.00', 0, 0, NULL, 0, 1),
(1221, 1105, 1, 'tehhshshs', '2.00', 0, 0, 'Content\\Test\\186\\Question\\1221\\images (5).jpeg', 0, 1),
(1222, 1105, 2, 'gefgehe', '2.00', 0, 0, 'Content\\Test\\186\\Question\\1222\\images (4).jpeg', 0, 2),
(1223, 1105, 2, 'gehhe', '2.00', 0, 0, 'Content\\Test\\186\\Question\\1223\\images (2).jpeg', 0, 3),
(1224, 1105, 3, 'gyebsbhs', '2.00', 0, 0, NULL, 73, 4),
(1225, 1108, 2, 'TUFUCY g\nhiguv\nvucuv', '2.00', 0, 0, NULL, 0, 1),
(1226, 1109, 2, 'igug\nguguv', '2.00', 0, 0, NULL, 0, 1),
(1230, 1117, 2, 'fhh', '2.00', 0, 0, NULL, 0, 1),
(1231, 1118, 2, 'fg', '2.00', 0, 0, NULL, 0, 1),
(1232, 1119, 2, 'thh', '2.00', 0, 0, NULL, 0, 1),
(1233, 1121, 2, 'fhh', '2.00', 0, 0, NULL, 0, 1),
(1234, 1122, 1, 'gf', '8.00', 0, 0, NULL, 0, 1),
(1235, 1123, 2, 'tvvg', '2.00', 0, 0, NULL, 0, 1),
(1236, 1123, 2, 'fbb', '2.00', 0, 0, NULL, 0, 2),
(1237, 1125, 1, 'gy', '3.00', 0, 0, NULL, 0, 1),
(1238, 1135, 2, '', '5.00', 0, 0, NULL, 0, 1),
(1239, 1135, 2, '', '5.00', 0, 0, NULL, 0, 2),
(1240, 1135, 2, 'cg', '5.00', 0, 0, NULL, 0, 3),
(1241, 1136, 2, '', '5.00', 0, 0, NULL, 0, 1),
(1242, 1137, 2, '', '5.00', 0, 0, NULL, 0, 1),
(1243, 1137, 2, '', '5.00', 0, 0, NULL, 0, 2),
(1244, 1138, 1, 'bxjdjhh', '2.00', 0, 0, NULL, 0, 1),
(1245, 1139, 1, 'hdhdh', '2.00', 0, 0, NULL, 0, 1),
(1246, 1143, 1, 'gyj', '2.00', 0, 0, NULL, 0, 1),
(1247, 1145, 1, 'gjvx', '2.00', 0, 0, NULL, 0, 1),
(1248, 1098, 1, 'Test abc', '1.00', 0, 0, NULL, 0, 1),
(1249, 1098, 1, 'Testttt', '2.00', 0, 0, NULL, 0, 2),
(1250, 1098, 1, 'Test test', '1.00', 0, 0, NULL, 0, 3),
(1251, 1098, 1, 'Testtt', '2.00', 0, 0, NULL, 0, 4),
(1252, 1151, 1, '1st', '2.00', 0, 0, NULL, 0, 1),
(1253, 1151, 2, '2nd', '2.00', 0, 0, 'Content\\Test\\184\\Question\\1253\\IMG-20220505-WA0000.jpg', 0, 2),
(1254, 1151, 1, '3rd', '2.00', 0, 0, NULL, 0, 3),
(1255, 1150, 1, 'jfzgjg', '5.00', 0, 0, NULL, 0, 1),
(1256, 1149, 1, 'Test', '2.00', 0, 0, NULL, 0, 1),
(1257, 1095, 1, 'vkjx', '2.00', 0, 0, NULL, 0, 1),
(1258, 1099, 2, '', '0.00', 0, 0, 'Content\\Test\\184\\Question\\1258\\image0.jpg', 0, 1),
(1259, 1099, 2, '', '0.00', 0, 0, 'Content\\Test\\184\\Question\\1259\\image0.jpg', 0, 2),
(1260, 1099, 2, '', '0.00', 0, 0, 'Content\\Test\\184\\Question\\1260\\image0.jpg', 0, 3),
(1261, 1147, 1, 'Test1', '2.00', 0, 0, NULL, 0, 1),
(1262, 1147, 2, 'Dad Gdfgdf', '3.00', 0, 0, NULL, 0, 2),
(1263, 1148, 1, 'czbc', '5.00', 0, 0, NULL, 0, 1),
(1264, 1099, 2, '', '0.00', 0, 0, 'Content\\Test\\184\\Question\\1264\\image0.jpg', 0, 4),
(1265, 1153, 1, 'MCQ test flow testing', '10.00', 0, 0, NULL, 0, 1),
(1266, 1153, 1, 'question 1', '10.00', 0, 0, NULL, 0, 2),
(1267, 1154, 1, 'idi', '2.00', 0, 0, NULL, 0, 1),
(1268, 1155, 1, 'g', '2.00', 0, 0, NULL, 0, 1),
(1269, 1156, 1, 'g', '2.00', 0, 0, NULL, 0, 1),
(1270, 1157, 1, 'gh', '2.00', 0, 0, NULL, 0, 1),
(1271, 1158, 2, 'gh', '2.00', 0, 0, NULL, 0, 1),
(1272, 1159, 1, 'dg', '2.00', 0, 0, NULL, 0, 1),
(1274, 1161, 1, 'new', '2.00', 0, 0, NULL, 0, 1),
(1275, 1163, 1, 'd', '2.00', 0, 0, NULL, 0, 1),
(1277, 1166, 1, 'f', '2.00', 0, 0, NULL, 0, 1),
(1278, 1167, 1, 'Testing', '10.00', 0, 0, NULL, 0, 1),
(1279, 1147, 1, 'Test3', '2.00', 0, 0, NULL, 0, 3),
(1280, 1147, 2, 'Test 4', '3.00', 0, 0, NULL, 0, 4),
(1281, 1147, 1, 'Test', '1.00', 0, 0, NULL, 0, 5),
(1282, 1097, 1, 'Test test', '2.00', 0, 0, NULL, 0, 1),
(1283, 1097, 1, 'Test 2', '1.00', 0, 0, NULL, 0, 2),
(1284, 1097, 2, 'Testes', '2.00', 0, 0, NULL, 0, 3),
(1285, 1097, 1, 'Testtttt', '2.00', 0, 0, NULL, 0, 4),
(1286, 1097, 1, 'Test', '2.00', 0, 0, NULL, 0, 5),
(1287, 1096, 1, 'Test mcq', '2.00', 0, 0, NULL, 0, 1),
(1288, 1096, 2, 'Test test test', '1.00', 0, 0, NULL, 0, 2),
(1289, 1170, 2, 'fsusit', '50.00', 0, 0, 'Content\\Test\\184\\Question\\1289\\1652698976024.jpg', 0, 1),
(1290, 1171, 2, 'xvjjx', '2.00', 0, 0, NULL, 0, 1),
(1291, 1171, 2, 'gjzj,', '2.00', 0, 0, 'Content\\Test\\184\\Question\\1291\\Screenshot_2022-05-16-16-39-12-524_com.sapphire.classmint.jpg', 0, 2),
(1292, 1171, 2, ' ,j,', '2.00', 0, 0, 'Content\\Test\\184\\Question\\1292\\1652699304259.png', 0, 3),
(1293, 1169, 2, '', '0.00', 0, 0, 'Content\\Test\\184\\Question\\1293\\image0.jpg', 0, 1),
(1294, 1168, 2, 'test 1 subjective', '2.00', 0, 0, 'Content\\Test\\184\\Question\\1294\\1649931823071.jpg', 0, 1),
(1295, 1176, 2, 'Test 1 multiple', '2.00', 0, 0, NULL, 0, 1),
(1296, 1176, 2, 'Test 2', '1.00', 0, 0, NULL, 0, 2),
(1297, 1176, 2, 'Test 3', '2.00', 0, 0, NULL, 0, 3),
(1298, 1176, 2, 'Test 4', '1.00', 0, 0, NULL, 0, 4),
(1299, 1176, 2, 'Test 5', '2.00', 0, 0, NULL, 0, 5),
(1300, 1178, 2, 'fg', '2.00', 0, 0, NULL, 0, 1),
(1301, 1179, 2, 'edf', '2.00', 0, 0, NULL, 0, 1),
(1302, 1179, 2, 'rt', '5.00', 0, 0, NULL, 0, 2),
(1303, 1178, 2, 'Test2', '2.00', 0, 0, NULL, 0, 2),
(1304, 1177, 2, '123', '4.00', 0, 0, NULL, 0, 1),
(1305, 1177, 2, '', '4.00', 0, 0, NULL, 0, 2),
(1306, 1180, 1, 'test ', '2.00', 0, 0, NULL, 0, 1),
(1307, 1180, 3, 'test test ', '2.00', 0, 0, NULL, 74, 2),
(1308, 1180, 2, 'test11 ', '2.00', 0, 0, NULL, 0, 3),
(1309, 1181, 1, 'test ', '2.00', 0, 0, NULL, NULL, NULL),
(1310, 1181, 3, 'test test ', '2.00', 0, 0, NULL, NULL, NULL),
(1311, 1181, 2, 'test11 ', '2.00', 0, 0, NULL, NULL, NULL),
(1312, 1182, 1, 'Test', '2.00', 0, 0, NULL, 0, 1),
(1313, 1175, 2, 'Test', '3.00', 0, 0, NULL, 0, 1),
(1314, 1175, 2, 'Gdfgdf', '4.00', 0, 0, NULL, 0, 2),
(1315, 1182, 1, 'Test2', '2.00', 0, 0, NULL, 0, 2),
(1316, 1174, 2, 'Test inttt', '2.00', 0, 0, NULL, 0, 1),
(1317, 1174, 2, 'Test int2', '2.00', 0, 0, NULL, 0, 2),
(1318, 1174, 2, 'Test int3', '2.00', 0, 0, NULL, 0, 3),
(1319, 1183, 2, 'Test inttt', '2.00', 0, 0, NULL, NULL, NULL),
(1320, 1183, 2, 'Test int2', '2.00', 0, 0, NULL, NULL, NULL),
(1321, 1183, 2, 'Test int3', '2.00', 0, 0, NULL, NULL, NULL),
(1322, 1173, 2, '', '0.00', 0, 0, 'Content\\Test\\184\\Question\\1322\\image0.jpg', 0, 1),
(1323, 1184, 2, '', '0.00', 0, 0, 'Content\\Test\\185\\Question\\1323\\image0.jpg', NULL, NULL);

-- --------------------------------------------------------

--
-- Table structure for table `teteststudentanswer`
--

CREATE TABLE IF NOT EXISTS `teteststudentanswer` (
  `Id` int(11) NOT NULL,
  `TestId` int(11) DEFAULT NULL,
  `QuestionId` int(11) DEFAULT NULL,
  `StudentId` int(11) NOT NULL,
  `Answer` longtext,
  `OptionId` int(11) DEFAULT NULL,
  `ScoredMarks` decimal(8,2) DEFAULT NULL,
  `AnswerStatusId` int(11) DEFAULT NULL,
  `StudentAnswerFilePath` longtext,
  `TeacherEvaluatedFilePath` longtext,
  `Remark` varchar(200) DEFAULT NULL
) ENGINE=InnoDB AUTO_INCREMENT=207 DEFAULT CHARSET=utf8;

--
-- Dumping data for table `teteststudentanswer`
--

INSERT INTO `teteststudentanswer` (`Id`, `TestId`, `QuestionId`, `StudentId`, `Answer`, `OptionId`, `ScoredMarks`, `AnswerStatusId`, `StudentAnswerFilePath`, `TeacherEvaluatedFilePath`, `Remark`) VALUES
(183, 1092, 1216, 283, ' hshs ', 2443, '2.00', 13, NULL, NULL, NULL),
(184, 1105, 1221, 283, ' test ', 2451, '-1.00', 13, NULL, NULL, NULL),
(185, 1105, 1222, 283, ' yfuddyid ', 2455, '2.00', 13, NULL, NULL, NULL),
(186, 1105, 1223, 283, ' jhgvydgbjj ', 2456, '2.00', 13, NULL, NULL, NULL),
(187, 1105, 1224, 283, ' fryfugvu ', 2457, '2.00', 13, NULL, NULL, NULL),
(188, 1150, 1255, 283, ' zkxg ', 2518, '-1.00', 13, NULL, NULL, NULL),
(189, 1155, 1268, 313, ' h ', 2554, '-1.00', 13, NULL, NULL, NULL),
(190, 1097, 1282, 283, ' Test t3 ', 2595, '-1.00', 13, NULL, NULL, NULL),
(191, 1097, 1283, 283, ' A1 ', 2596, '-1.00', 13, NULL, NULL, NULL),
(192, 1097, 1284, 283, '  ', 0, '-1.00', 13, NULL, NULL, NULL),
(193, 1097, 1285, 283, ' Ttttt ', 2603, '2.00', 13, NULL, NULL, NULL),
(194, 1097, 1286, 283, ' Test1 ', 2605, '2.00', 13, NULL, NULL, NULL),
(195, 1096, 1287, 283, ' Test2 ', 2608, '2.00', 13, NULL, NULL, NULL),
(196, 1096, 1288, 283, '  ', 0, '-1.00', 13, NULL, NULL, NULL),
(197, 1170, 1289, 283, '  ', 2610, '50.00', 13, 'Content\\Test184\\Answer\\1289\\197\\DOC1643777504297.pdf', '', ',cjzjfzjz'),
(198, 1169, 1293, 283, '  ', 0, NULL, 13, 'Content\\Test184\\Answer\\1293\\198\\image0.jpg', NULL, NULL),
(199, 1176, 1295, 283, '  ', 2616, '2.00', 13, 'Content\\Test184\\Answer\\1295\\199\\IMG_20220524_151034.jpg', '', 'good '),
(200, 1176, 1296, 283, '  ', 2617, '46.00', 13, 'Content\\Test184\\Answer\\1296\\200\\WOODWARD-GAMME-TECJET-50-Plus_TECHNICAL-MANUAL_EN_2017.pdf', 'Content\\Test\\184\\TeacherEvaluate\\200\\\\WOODWARD-GAMME-TECJET-50-Plus_TECHNICAL-MANUAL_EN_2017.pdf', 'Test pdf'),
(201, 1176, 1297, 283, '  ', 2618, '1.00', 13, 'Content\\Test184\\Answer\\1297\\201\\IMG_20220524_151221.jpg', 'Content\\Test\\184\\TeacherEvaluate\\201\\\\image0.jpg', 'Test image'),
(202, 1176, 1298, 283, '  ', 2619, NULL, 13, 'Content\\Test184\\Answer\\1298\\202\\IMG_20220524_151300.jpg', NULL, NULL),
(203, 1176, 1299, 283, '  ', 2620, '0.00', 13, 'Content\\Test184\\Answer\\1299\\203\\IMG_20220524_151505.jpg', '', ''),
(204, 1178, 1300, 283, '  ', 0, '40.00', 13, 'Content\\Test184\\Answer\\1300\\204\\image0.jpg', 'Content\\Test\\184\\TeacherEvaluate\\204\\\\image0.jpg', 'Test evaluation 1'),
(205, 1178, 1303, 283, '  ', 0, '2.00', 13, 'Content\\Test184\\Answer\\1303\\205\\image0.jpg', '', 'good'),
(206, 1177, 1304, 283, '  ', 2625, '4.00', 13, 'Content\\Test184\\Answer\\1304\\206\\gre_research_validity_data.pdf', 'Content\\Test\\184\\TeacherEvaluate\\206\\\\gre_research_validity_data.pdf', 'done');

-- --------------------------------------------------------

--
-- Table structure for table `tetestsubtype`
--

CREATE TABLE IF NOT EXISTS `tetestsubtype` (
  `Id` int(11) NOT NULL,
  `Title` varchar(45) NOT NULL,
  `MainTestTypeId` int(11) NOT NULL
) ENGINE=InnoDB DEFAULT CHARSET=utf8;

--
-- Dumping data for table `tetestsubtype`
--

INSERT INTO `tetestsubtype` (`Id`, `Title`, `MainTestTypeId`) VALUES
(1, 'MCQ', 2),
(2, 'Subjective', 2);

-- --------------------------------------------------------

--
-- Table structure for table `teventmaster`
--

CREATE TABLE IF NOT EXISTS `teventmaster` (
  `Id` int(11) NOT NULL,
  `Title` varchar(100) CHARACTER SET utf8 NOT NULL,
  `Remark` varchar(100) CHARACTER SET utf8 DEFAULT NULL,
  `Template` varchar(500) CHARACTER SET utf8 NOT NULL,
  `MailSuject` varchar(100) CHARACTER SET utf8 DEFAULT NULL,
  `IsObsolete` bit(1) NOT NULL,
  `AlertModeId` smallint(6) NOT NULL,
  `SMSTemplateId` varchar(100) CHARACTER SET utf8 DEFAULT NULL
) ENGINE=InnoDB AUTO_INCREMENT=52 DEFAULT CHARSET=latin1;

--
-- Dumping data for table `teventmaster`
--

INSERT INTO `teventmaster` (`Id`, `Title`, `Remark`, `Template`, `MailSuject`, `IsObsolete`, `AlertModeId`, `SMSTemplateId`) VALUES
(1, 'Custom', 'For Custom SMS', '', NULL, b'0', 2, NULL),
(2, 'Homework', 'For Student', 'Homework assigned in [BatchName] batch! Click here to get a head start over your peers: https://play.google.com/stor.. VIDALMS', '', b'0', 2, NULL),
(3, 'Noticeboard', 'For Student', 'New notice in [BatchName] batch!  Click here to view:  https://bit.ly/2YzEtD9  VIDALMS', NULL, b'0', 2, NULL),
(4, 'Study Material', 'For Student', 'New Study Material ALERT!  Your teacher just added new material in [BatchName] batch. Click on the link to be the first to go through it:  https://tinyurl.com/y2xdpv3g    VIDALMS', NULL, b'0', 2, NULL),
(5, 'BatchAssign', 'For Student', 'Hi [StudentName] ! You were successfully added in [BatchName] batch. Click now to check.', NULL, b'0', 2, NULL),
(6, 'FeeSetup', 'For Student', 'Good News! Dear student, your tutor has setup online fee payment. Now you can easily pay fees using UPI on VIDALMS App. It''s 100% secure & safe. Check it Now: https://tinyurl.com/ydxzh4rn', NULL, b'0', 2, NULL),
(7, 'FeeOverDue', 'For Student', 'Fee Alert: Dear student, your tuition fee of ₹ [Amount] for the month of [DueMonth] is overdue. Please make the payment at the earliest. You can easily pay the fees online via VIDALMS App. Click the following link to pay :  https://tinyurl.com/ydgshly6', NULL, b'0', 2, NULL),
(8, 'Custom', 'For Custom Notification', '', NULL, b'0', 3, NULL),
(9, 'Homework', 'For Student', 'Homework in batch [BatchName] on [HomeworkTitle] topic has been assigned to you by [TeacherName]. Submission date is [Submissiondate] click to submit.', NULL, b'0', 3, NULL),
(10, 'HomeWork', 'For Teacher', '[HomeworkTitle]  \r Added Successfully !!', NULL, b'0', 3, NULL),
(11, 'HomeWork', 'For Teacher', '[StudentName] submitted an assignment in [BatchName] batch. Click to view.', NULL, b'0', 3, NULL),
(12, 'HomeWork', 'For Teacher', '[HomeworkTitle] HomeWork Added successfully!!', NULL, b'0', 3, NULL),
(13, 'HomeWork', 'For Student', 'Your assignment for [HomeworkTitle] has been marked as completed by [TeacherName] in [BatchName] batch. click to view details.', NULL, b'0', 3, NULL),
(14, 'Assigning NoticeBoard', 'For Student', '[TeacherName] has added a new Notice in [BatchName]', NULL, b'0', 3, NULL),
(15, 'NoticeBoard Added', 'For Teacher', 'NoticeBoard \nAdded Successfully !!', NULL, b'0', 3, NULL),
(16, 'NoticeBoard Updated', 'For Student', '[TeacherName] has Updated an announcement in [BatchName].', NULL, b'0', 3, NULL),
(17, 'NoticeBoard Updated', 'For Teacher', 'NoticeBoard \nUpdated Successfully !!', NULL, b'0', 3, NULL),
(18, 'Study Material', 'For Student', '[TeacherName] just add new material in [BatchName]. be the first to go through it!', NULL, b'0', 3, NULL),
(19, 'Study Material', NULL, '[UserName] just commented on your study material. Click to check what they said', NULL, b'0', 3, NULL),
(20, 'Study Material', NULL, '[UserName] replied to your comment. check whether it''s the answer you wanted.', NULL, b'0', 3, NULL),
(21, 'Study Material', NULL, '[UserName] response to the comment you posted Respond back to them now.', NULL, b'0', 3, NULL),
(22, 'Study Material', NULL, '[UserName] shared their input. Check it out now!', NULL, b'0', 3, NULL),
(23, 'Add Student in Batch', 'For Student', 'Hi [StudentName]! you have successfully added in [BatchName] batch. Click now to check.', NULL, b'0', 3, NULL),
(25, 'FeeOverdue', 'For Student', 'Your fees for the month of [DueMonth] is due. Click here to make the payment!', NULL, b'0', 3, NULL),
(26, 'FeeSetup', 'For Student', 'Your tutor has setup online fees payment. check it now.', NULL, b'0', 3, NULL),
(27, 'Batch Request', 'For Teacher', '[StudentName] has requested to join your batch - [BatchName]', NULL, b'0', 3, NULL),
(28, 'Batch Request Accept', 'For Student', 'Congratulations![TeacherName] has accept Your join Request.', NULL, b'0', 3, NULL),
(29, 'Batch Request Decline', 'For Student', 'Sorry! [TeacherName] has declined your join request. Please contact the institute for more info.', NULL, b'0', 3, NULL),
(30, 'Test', 'For Student', '[TeacherName] just posted a Test which is scheduled [HoldTime] later. click here to View', NULL, b'0', 3, NULL),
(31, 'Test Submit', 'For Teacher', '[StudentName] just made a submission for [TestTopic]. Click here to evaluate', NULL, b'0', 3, NULL),
(32, 'Test Evaluate', 'For Student', 'Your Submission for [TestTopic] has been Evaluated. Click here to View.', NULL, b'0', 3, NULL),
(33, 'Online Lecture', 'For Student', 'Live Class started by [TeacherName] for [BatchName]. click here to Join', NULL, b'0', 3, NULL),
(34, 'Homework', NULL, 'Assignment in batch [BatchName] on [HomeworkTopic] topic has been Updated to you by [TeacherName]. Submission date is [Submissiondate] click to submit.', NULL, b'0', 3, NULL),
(35, 'Homework', NULL, 'Homework Edit Successfully !!', NULL, b'0', 3, NULL),
(36, 'Homework', NULL, 'Updated Successfully !!', NULL, b'0', 3, NULL),
(37, 'Homework', NULL, '[StudentName] submitted an assignment in [BatchName]. Click to view.', NULL, b'0', 3, NULL),
(38, 'Noticeboard Update', 'For Student', 'Notice Updated in [BatchName] batch!  Click here to view:  https://bit.ly/2YzEtD9  VIDALMS', NULL, b'0', 2, NULL),
(39, 'Timetable', 'For Student', '[TeacherName] Add Time Table For [BatchName].', NULL, b'0', 3, NULL),
(40, 'Dubtsession', 'For Student', '[TeacherName] Add Doubt Session For [BatchName] on [FromDate].', NULL, b'0', 3, NULL),
(41, 'Notification', 'For Student', '[TeacherName] Add [NotificationText] Notification in [BatchName].', NULL, b'0', 3, NULL),
(42, 'Assign Content', NULL, 'Added Successfully !!', NULL, b'0', 3, NULL),
(43, 'Timetable Update', 'For Student', '[TeacherName] Update Time Table For [BatchName].', NULL, b'0', 3, NULL),
(44, 'Dubtsession Update', 'For Student', '[TeacherName] Update Doubt Session For [BatchName] on [FromDate].', NULL, b'0', 3, NULL),
(45, 'HomeWork', NULL, 'Homework Updated in [BatchName] batch! Click here to get a head start over your peers: https://play.google.com/stor.. VIDALMS', NULL, b'0', 2, NULL),
(46, 'Add Student in Institute', 'For Student', 'Hi [StudentName] ! You were successfully added in [InstituteName]Institute. Click now to check.', NULL, b'0', 2, NULL),
(47, 'Join Institute', 'For Teacher', '[StudentName]  join your Institute - [InstituteName]', NULL, b'0', 3, NULL),
(48, 'Homework', NULL, ' Dear student, You do not submit [HomeworkTopic] in [BatchName].Click here to View.', NULL, b'0', 3, NULL),
(49, 'Homework', NULL, ' Dear student, You do not submit Homework in [BatchName].', NULL, b'0', 2, NULL),
(50, 'Student Reminder', NULL, 'Dear [StudentName], You were Added in Institute  By [TeacherName].For Join Institute Click To link https://play.google.com/stor.. VIDALMS', NULL, b'0', 2, NULL),
(51, 'User OTP', 'For UserLogIn', '[OTP] is your One Time Password (OTP) for verification at vClass App. Sapphire Software Solution', NULL, b'0', 2, '1007168551722198652');

-- --------------------------------------------------------

--
-- Table structure for table `tfeesetup`
--

CREATE TABLE IF NOT EXISTS `tfeesetup` (
  `Id` int(11) NOT NULL,
  `TeacherId` int(11) NOT NULL,
  `BatchId` int(11) NOT NULL,
  `StudentId` int(11) NOT NULL,
  `FeeAmount` decimal(18,2) NOT NULL,
  `IsRecurringMonthly` bit(1) DEFAULT NULL,
  `DateOfFeeCollection` datetime DEFAULT NULL,
  `CreatedDateTime` datetime NOT NULL,
  `CreatedUserId` int(11) NOT NULL,
  `DefaultFeeAmount` decimal(18,2) DEFAULT NULL,
  `SetupDate` date DEFAULT NULL,
  `IsSendNotificationFeeDue` bit(1) NOT NULL DEFAULT b'0',
  `IsSendSMSFeeDue` bit(1) NOT NULL DEFAULT b'0'
) ENGINE=InnoDB AUTO_INCREMENT=66868 DEFAULT CHARSET=utf8;

--
-- Dumping data for table `tfeesetup`
--

INSERT INTO `tfeesetup` (`Id`, `TeacherId`, `BatchId`, `StudentId`, `FeeAmount`, `IsRecurringMonthly`, `DateOfFeeCollection`, `CreatedDateTime`, `CreatedUserId`, `DefaultFeeAmount`, `SetupDate`, `IsSendNotificationFeeDue`, `IsSendSMSFeeDue`) VALUES
(66784, 132, 182, 295, '5000.00', b'0', '2022-04-29 19:03:16', '2022-04-29 12:19:55', 0, '5000.00', '2022-04-29', b'0', b'0'),
(66785, 132, 182, 285, '5000.00', b'0', '2022-04-29 19:03:16', '2022-04-29 12:19:55', 0, '5000.00', '2022-04-29', b'0', b'0'),
(66786, 132, 182, 284, '5000.00', b'0', '2022-04-29 19:03:16', '2022-04-29 12:19:55', 0, '5000.00', '2022-04-29', b'0', b'0'),
(66787, 132, 182, 295, '500.00', b'1', '2022-05-02 00:00:00', '2022-05-02 11:22:26', 0, '500.00', '2022-05-02', b'0', b'0'),
(66788, 132, 182, 285, '100.00', b'1', '2022-05-02 00:00:00', '2022-05-02 11:22:26', 0, '500.00', '2022-05-02', b'0', b'0'),
(66789, 132, 182, 284, '500.00', b'1', '2022-05-02 00:00:00', '2022-05-02 11:22:26', 0, '500.00', '2022-05-02', b'0', b'0'),
(66790, 132, 187, 284, '500.00', b'0', '2022-05-05 16:01:36', '2022-05-02 11:45:32', 0, '500.00', '2022-05-05', b'0', b'0'),
(66791, 132, 187, 285, '500.00', b'0', '2022-05-05 16:01:36', '2022-05-03 16:37:00', 0, '500.00', '2022-05-05', b'0', b'0'),
(66792, 132, 187, 279, '500.00', b'0', '2022-05-05 16:01:36', '2022-05-03 16:37:31', 0, '500.00', '2022-05-05', b'0', b'0'),
(66793, 132, 187, 284, '500.00', b'1', '2022-06-02 00:00:00', '2022-06-02 11:45:32', 0, '500.00', '2022-06-02', b'0', b'0'),
(66794, 132, 187, 285, '500.00', b'1', '2022-06-02 00:00:00', '2022-06-03 16:37:00', 0, '500.00', '2022-06-02', b'0', b'0'),
(66795, 132, 187, 279, '500.00', b'1', '2022-06-02 00:00:00', '2022-06-03 16:37:31', 0, '500.00', '2022-06-02', b'0', b'0'),
(66798, 132, 187, 295, '500.00', b'0', '2022-05-05 16:01:36', '2022-05-05 15:19:11', 0, '500.00', '2022-05-05', b'0', b'0'),
(66799, 147, 199, 314, '500.00', b'1', '2022-05-23 00:00:00', '2022-05-06 12:54:31', 0, '0.00', '2022-05-23', b'0', b'0'),
(66802, 147, 200, 315, '5000.00', b'1', '2022-05-06 00:00:00', '2022-05-06 12:59:46', 0, '5000.00', '2022-05-06', b'0', b'0'),
(66803, 147, 200, 314, '5000.00', b'1', '2022-05-06 00:00:00', '2022-05-06 12:59:46', 0, '5000.00', '2022-05-06', b'0', b'0'),
(66813, 139, 184, 283, '500.00', b'1', '2022-05-05 00:00:00', '2022-05-06 16:04:29', 0, '500.00', '2022-05-06', b'0', b'0'),
(66814, 147, 200, 313, '5000.00', b'1', '2022-05-06 00:00:00', '2022-05-09 11:05:29', 0, '5000.00', '2022-05-06', b'0', b'0'),
(66815, 147, 199, 313, '500.00', b'1', '2022-05-23 00:00:00', '2022-05-09 11:06:22', 0, '0.00', '2022-05-23', b'0', b'0'),
(66816, 139, 184, 283, '500.00', b'1', '2022-06-05 00:00:00', '2022-06-06 16:04:29', 0, '500.00', '2022-06-06', b'0', b'0'),
(66817, 147, 198, 313, '500.00', b'1', '2022-05-21 00:00:00', '2022-05-19 17:18:51', 0, '50.00', '2022-05-19', b'0', b'0'),
(66818, 147, 198, 313, '500.00', b'1', '2022-06-21 00:00:00', '2022-06-19 17:18:51', 0, '50.00', '2022-06-19', b'0', b'0'),
(66819, 147, 213, 313, '200.00', b'1', '2022-05-19 00:00:00', '2022-05-19 17:29:57', 0, '200.00', '2022-05-19', b'0', b'0'),
(66824, 147, 215, 320, '800.00', b'0', '2022-05-19 17:36:23', '2022-05-19 17:36:15', 0, '800.00', '2022-05-19', b'0', b'0'),
(66825, 147, 215, 315, '800.00', b'0', '2022-05-19 17:36:23', '2022-05-19 17:36:15', 0, '800.00', '2022-05-19', b'0', b'0'),
(66826, 147, 215, 313, '800.00', b'0', '2022-05-19 17:36:23', '2022-05-19 17:36:15', 0, '800.00', '2022-05-19', b'0', b'0'),
(66828, 147, 199, 323, '500.00', b'1', '2022-05-23 00:00:00', '2022-05-23 15:20:13', 0, '0.00', '2022-05-23', b'0', b'0'),
(66829, 147, 198, 323, '50.00', b'1', '2022-05-21 00:00:00', '2022-05-23 15:22:31', 0, '50.00', '2022-05-19', b'0', b'0'),
(66832, 147, 199, 325, '0.00', b'1', '2022-05-23 00:00:00', '2022-05-24 11:59:44', 0, '0.00', '2022-05-23', b'0', b'0'),
(66833, 147, 199, 320, '0.00', b'1', '2022-05-23 00:00:00', '2022-05-24 12:03:55', 0, '0.00', '2022-05-23', b'0', b'0'),
(66834, 147, 199, 315, '0.00', b'1', '2022-05-23 00:00:00', '2022-05-24 12:43:54', 0, '0.00', '2022-05-23', b'0', b'0'),
(66835, 147, 199, 326, '0.00', b'1', '2022-05-23 00:00:00', '2022-05-24 12:43:54', 0, '0.00', '2022-05-23', b'0', b'0'),
(66836, 147, 200, 313, '200.00', b'1', '2022-06-30 00:00:00', '2022-06-01 18:23:52', 0, '200.00', '2022-06-01', b'0', b'0'),
(66837, 147, 200, 314, '200.00', b'1', '2022-06-30 00:00:00', '2022-06-01 18:23:52', 0, '200.00', '2022-06-01', b'0', b'0'),
(66838, 147, 200, 315, '200.00', b'1', '2022-06-30 00:00:00', '2022-06-01 18:23:52', 0, '200.00', '2022-06-01', b'0', b'0'),
(66839, 147, 200, 324, '200.00', b'1', '2022-06-30 00:00:00', '2022-06-01 18:27:30', 0, '200.00', '2022-06-01', b'0', b'0'),
(66840, 139, 184, 330, '500.00', b'1', '2022-06-05 00:00:00', '2022-06-21 12:52:00', 0, '500.00', '2022-06-06', b'0', b'0'),
(66841, 139, 184, 331, '500.00', b'1', '2022-06-05 00:00:00', '2022-06-21 12:52:00', 0, '500.00', '2022-06-06', b'0', b'0'),
(66842, 139, 184, 286, '500.00', b'1', '2022-06-05 00:00:00', '2022-06-21 15:07:59', 0, '500.00', '2022-06-06', b'0', b'0'),
(66843, 139, 184, 288, '500.00', b'1', '2022-06-05 00:00:00', '2022-06-21 15:07:59', 0, '500.00', '2022-06-06', b'0', b'0'),
(66844, 139, 186, 283, '300.00', b'0', '2022-06-30 12:43:22', '2022-06-30 12:43:22', 0, '300.00', '2022-06-30', b'0', b'0'),
(66845, 139, 184, 283, '5000.00', b'0', '2022-07-01 09:58:57', '2022-07-01 09:58:57', 0, '5000.00', '2022-07-01', b'0', b'0'),
(66846, 139, 184, 286, '5000.00', b'0', '2022-07-01 09:58:57', '2022-07-01 09:58:57', 0, '5000.00', '2022-07-01', b'0', b'0'),
(66847, 139, 184, 288, '5000.00', b'0', '2022-07-01 09:58:57', '2022-07-01 09:58:57', 0, '5000.00', '2022-07-01', b'0', b'0'),
(66848, 139, 184, 330, '5000.00', b'0', '2022-07-01 09:58:57', '2022-07-01 09:58:57', 0, '5000.00', '2022-07-01', b'0', b'0'),
(66849, 139, 184, 331, '5000.00', b'0', '2022-07-01 09:58:57', '2022-07-01 09:58:57', 0, '5000.00', '2022-07-01', b'0', b'0'),
(66851, 139, 184, 334, '5000.00', b'0', '2022-07-01 09:58:57', '2022-07-04 11:03:46', 0, '5000.00', '2022-07-01', b'0', b'0'),
(66852, 133, 178, 307, '50.00', b'0', '2022-08-19 18:07:31', '2022-08-19 18:01:10', 0, '50.00', '2022-08-19', b'0', b'0'),
(66853, 133, 178, 305, '50.00', b'0', '2022-08-19 18:07:31', '2022-08-19 18:01:10', 0, '50.00', '2022-08-19', b'0', b'0'),
(66854, 133, 178, 304, '50.00', b'0', '2022-08-19 18:07:31', '2022-08-19 18:01:10', 0, '50.00', '2022-08-19', b'0', b'0'),
(66855, 133, 178, 282, '50.00', b'0', '2022-08-19 18:07:31', '2022-08-19 18:01:10', 0, '50.00', '2022-08-19', b'0', b'0'),
(66856, 133, 178, 277, '50.00', b'0', '2022-08-19 18:07:31', '2022-08-19 18:01:10', 0, '50.00', '2022-08-19', b'0', b'0'),
(66857, 133, 178, 307, '1500.00', b'0', '2023-03-28 13:49:18', '2023-03-28 13:49:18', 0, '1500.00', '2023-03-28', b'0', b'0'),
(66858, 133, 178, 305, '1500.00', b'0', '2023-03-28 13:49:18', '2023-03-28 13:49:18', 0, '1500.00', '2023-03-28', b'0', b'0'),
(66859, 133, 178, 304, '1500.00', b'0', '2023-03-28 13:49:18', '2023-03-28 13:49:18', 0, '1500.00', '2023-03-28', b'0', b'0'),
(66860, 133, 178, 282, '1500.00', b'0', '2023-03-28 13:49:18', '2023-03-28 13:49:18', 0, '1500.00', '2023-03-28', b'0', b'0'),
(66861, 133, 178, 277, '1500.00', b'0', '2023-03-28 13:49:18', '2023-03-28 13:49:18', 0, '1500.00', '2023-03-28', b'0', b'0'),
(66862, 132, 187, 413, '500.00', b'0', '2022-05-05 16:01:36', '2023-05-18 10:40:16', 0, '500.00', '2022-05-05', b'0', b'0'),
(66863, 166, 223, 414, '5000.00', b'1', '2023-05-18 00:00:00', '2023-05-18 16:30:27', 0, '5000.00', '2023-05-18', b'0', b'0'),
(66864, 133, 180, 307, '10000.00', b'0', '2023-05-29 12:37:45', '2023-05-29 12:37:45', 0, '10000.00', '2023-05-29', b'0', b'0'),
(66865, 133, 180, 305, '10000.00', b'0', '2023-05-29 12:37:45', '2023-05-29 12:37:45', 0, '10000.00', '2023-05-29', b'0', b'0'),
(66866, 133, 180, 303, '10000.00', b'0', '2023-05-29 12:37:45', '2023-05-29 12:37:45', 0, '10000.00', '2023-05-29', b'0', b'0'),
(66867, 133, 180, 282, '10000.00', b'0', '2023-05-29 12:37:45', '2023-05-29 12:37:45', 0, '10000.00', '2023-05-29', b'0', b'0');

-- --------------------------------------------------------

--
-- Table structure for table `tgatewayproduct`
--

CREATE TABLE IF NOT EXISTS `tgatewayproduct` (
  `Id` int(11) NOT NULL,
  `Title` varchar(100) DEFAULT NULL,
  `GatewayURL` varchar(1000) DEFAULT NULL,
  `LoginId` varchar(50) DEFAULT NULL,
  `LoginPassword` varchar(50) DEFAULT NULL,
  `BillDeskMerchantID` varchar(50) DEFAULT NULL,
  `BillDeskChecksumKey` varchar(50) DEFAULT NULL,
  `BillDeskSecurityID` varchar(50) DEFAULT NULL,
  `BillDeskUniqueIdentifier` varchar(50) DEFAULT NULL
) ENGINE=InnoDB AUTO_INCREMENT=2 DEFAULT CHARSET=utf8;

--
-- Dumping data for table `tgatewayproduct`
--

INSERT INTO `tgatewayproduct` (`Id`, `Title`, `GatewayURL`, `LoginId`, `LoginPassword`, `BillDeskMerchantID`, `BillDeskChecksumKey`, `BillDeskSecurityID`, `BillDeskUniqueIdentifier`) VALUES
(1, 'BDSKUATY-NEW', 'https://uat.billdesk.com/pgidsk/PGIMerchantPayment', NULL, 'MQF3Fenrs3IIDL8QiVsV6Q==', 'BDSKUATY', 'G3eAmyVkAzKp8jFq0fqPEqxF4agynvtJ', 'bdskuaty', NULL);

-- --------------------------------------------------------

--
-- Table structure for table `tgendermaster`
--

CREATE TABLE IF NOT EXISTS `tgendermaster` (
  `Id` int(11) NOT NULL,
  `Code` varchar(50) DEFAULT NULL,
  `Title` varchar(50) DEFAULT NULL,
  `IsObsolete` bit(1) DEFAULT NULL
) ENGINE=InnoDB AUTO_INCREMENT=4 DEFAULT CHARSET=utf8;

--
-- Dumping data for table `tgendermaster`
--

INSERT INTO `tgendermaster` (`Id`, `Code`, `Title`, `IsObsolete`) VALUES
(1, 'M', 'Male', b'0'),
(2, 'F', 'Female', b'0'),
(3, 'O', 'Other', b'0');

-- --------------------------------------------------------

--
-- Table structure for table `thomework`
--

CREATE TABLE IF NOT EXISTS `thomework` (
  `Id` int(11) NOT NULL,
  `StudentId` varchar(1000) NOT NULL,
  `TeacherId` int(11) NOT NULL,
  `Title` varchar(45) NOT NULL,
  `BatchId` int(11) NOT NULL,
  `Note` varchar(45) DEFAULT NULL,
  `HomeworkDateTime` datetime NOT NULL,
  `CreatedDateTime` datetime NOT NULL,
  `UpdatedDateTime` datetime NOT NULL,
  `IsSendNotificationHomeworkNotSubmit` bit(1) NOT NULL DEFAULT b'0',
  `IsSendSMSHomeworkNotSubmit` bit(1) NOT NULL DEFAULT b'0',
  `IsSentAlert` bit(1) NOT NULL DEFAULT b'0'
) ENGINE=InnoDB AUTO_INCREMENT=185 DEFAULT CHARSET=utf8;

--
-- Dumping data for table `thomework`
--

INSERT INTO `thomework` (`Id`, `StudentId`, `TeacherId`, `Title`, `BatchId`, `Note`, `HomeworkDateTime`, `CreatedDateTime`, `UpdatedDateTime`, `IsSendNotificationHomeworkNotSubmit`, `IsSendSMSHomeworkNotSubmit`, `IsSentAlert`) VALUES
(133, '283', 139, 'rhdhdbdb', 184, 'hehddbdb', '2022-04-26 09:20:00', '2022-04-25 17:20:55', '2022-04-25 17:20:55', b'0', b'0', b'0'),
(134, '283', 139, 'fduhjhgjhgu', 185, 'gfojijfib mnfjirwo okrogkiij', '2022-04-29 10:38:00', '2022-04-26 10:31:49', '2022-04-26 10:38:37', b'0', b'0', b'0'),
(136, '283', 139, 'test', 184, 'try and try you will gain success soon', '2022-04-30 06:46:00', '2022-04-28 15:48:45', '2022-04-28 15:48:45', b'0', b'0', b'0'),
(139, '283', 139, 'test', 184, 'hello testing !!!', '2022-05-06 07:25:00', '2022-05-03 15:09:37', '2022-05-03 15:09:37', b'0', b'0', b'0'),
(152, '307,305,304,282,277', 133, 'Algebra ', 178, 'This is homework', '2022-05-04 04:29:00', '2022-05-03 16:29:41', '2022-05-03 16:29:41', b'0', b'0', b'0'),
(154, '284', 132, 'GT h h g', 187, '', '2022-05-03 16:32:00', '2022-05-03 16:32:53', '2022-05-03 16:36:07', b'0', b'0', b'0'),
(155, '284,279', 132, 'fif8t', 187, '', '2022-05-03 16:37:00', '2022-05-03 16:37:57', '2022-05-03 16:47:16', b'0', b'0', b'0'),
(156, '311', 145, 'test', 194, 'Test', '2022-05-04 10:38:08', '2022-05-04 10:38:31', '2022-05-04 10:38:31', b'0', b'0', b'0'),
(157, '314,313', 147, 'test homework edited', 199, '', '2022-05-07 17:04:00', '2022-05-06 16:06:23', '2022-05-06 16:35:38', b'0', b'0', b'0'),
(158, '314,313', 147, 'new edited', 199, '', '2022-05-12 16:46:00', '2022-05-06 16:46:48', '2022-05-10 11:10:54', b'0', b'0', b'0'),
(159, '275', 131, 'Demo1', 177, 'Test1', '2022-05-07 10:12:22', '2022-05-06 17:03:03', '2022-05-06 17:11:42', b'0', b'0', b'0'),
(160, '313', 147, 'Test homework', 198, 'Test', '2022-05-11 03:39:41', '2022-05-11 15:40:02', '2022-05-11 15:41:22', b'0', b'0', b'0'),
(161, '307,305,303,282', 133, 'test', 181, '', '2022-05-13 23:26:00', '2022-05-13 23:27:03', '2022-05-13 23:27:03', b'0', b'0', b'0'),
(162, '313,314', 147, 'a', 199, 'A', '2022-05-25 15:06:48', '2022-05-23 15:06:57', '2022-05-23 15:06:57', b'0', b'0', b'0'),
(163, '313,314,315,320,323', 147, 'Test', 199, '', '2022-05-26 15:36:00', '2022-05-25 15:36:41', '2022-05-26 11:31:24', b'0', b'0', b'0'),
(164, '326,325,323,320,315,314,313', 147, 'vhby', 199, 'AAAAAAAAAA', '2022-05-30 16:09:28', '2022-05-25 16:28:15', '2022-05-30 16:14:12', b'0', b'0', b'0'),
(165, '313,314,315,320,323,325,326', 147, 'aaaaaaaaaaaa', 199, '1112223333', '2022-05-26 17:55:03', '2022-05-26 12:56:47', '2022-05-26 12:56:47', b'0', b'0', b'0'),
(166, '313,314,323,325', 147, '2332232232', 199, '232	23232323233', '2022-05-26 12:57:27', '2022-05-26 12:57:30', '2022-05-26 12:57:30', b'0', b'0', b'0'),
(167, '326,325,323,320,315,314,313', 147, 'gshgdhd', 199, '', '2022-05-30 11:36:00', '2022-05-30 11:42:18', '2022-05-30 11:42:18', b'0', b'0', b'0'),
(168, '313', 147, 'test', 198, '', '2022-05-31 12:05:00', '2022-05-30 12:05:53', '2022-06-01 18:39:28', b'0', b'0', b'0'),
(169, '313,314,315', 147, 'aaaaaaaa', 200, 'Aaaaaaaa', '2022-05-29 16:16:01', '2022-05-30 16:16:31', '2022-05-30 16:19:11', b'0', b'0', b'0'),
(170, '313,314,315', 147, 'ΩΩaΩΩa', 200, 'AaaaΩΩΩaaa', '2022-05-29 16:16:01', '2022-05-30 16:16:31', '2022-05-30 16:16:31', b'0', b'0', b'0'),
(171, '313,314,315', 147, 'ΩΩΩΩΩΩΩ', 200, 'ΩΩΩΩΩΩΩΩΩΩ', '2022-05-29 16:17:21', '2022-05-30 16:17:33', '2022-05-30 16:17:33', b'0', b'0', b'0'),
(172, '313,314,315,320,323,325,326', 147, 'aaaaaaaaaaaaaaaa', 199, 'Aaaaaaaaaaaaaaaaa', '2022-05-29 16:53:21', '2022-05-30 16:53:40', '2022-05-30 16:53:40', b'0', b'0', b'0'),
(173, '275', 131, 'Demo', 177, 'Test', '2021-12-20 10:12:22', '2022-05-30 17:01:46', '2022-05-30 17:01:46', b'0', b'0', b'0'),
(174, '275', 131, 'Demo', 177, 'Test', '2021-12-20 10:12:22', '2022-05-30 17:03:34', '2022-05-30 17:03:34', b'0', b'0', b'0'),
(175, '313,315,320', 147, 'aaaaaaaaaaaAAAAA', 215, 'Aaaaaaaaaaaaaaaaaaaaaaaaaaaaaa', '2022-05-30 17:06:38', '2022-05-30 17:08:13', '2022-05-30 17:08:13', b'0', b'0', b'0'),
(176, '313,315,320', 147, 'aaaaaaaaaaaa', 215, 'Aaaaaaaaaaaaaaaaaa', '2022-05-30 17:08:47', '2022-05-30 17:09:21', '2022-05-30 17:10:42', b'0', b'0', b'0'),
(177, '313,313,313', 147, 'Mmc', 213, '', '2022-05-30 17:51:00', '2022-05-30 17:52:18', '2022-05-30 17:53:33', b'0', b'0', b'0'),
(178, '313,315,320', 147, 'ferferwfeerer', 215, 'Ferferfferf', '2022-05-30 18:56:05', '2022-05-30 18:56:14', '2022-05-30 18:56:14', b'0', b'0', b'0'),
(179, '313', 147, 'wqwqsqws', 216, 'Qwsqwswsqwsqwsqw', '2022-05-30 18:57:46', '2022-05-30 18:57:45', '2022-05-30 18:57:45', b'0', b'0', b'0'),
(180, '314', 147, 'cfhg', 199, 'Fight', '2022-05-31 12:49:11', '2022-05-31 12:49:41', '2022-05-31 12:49:41', b'0', b'0', b'0'),
(181, '331,283', 139, 'test topic', 184, '', '2022-06-21 15:01:00', '2022-06-21 15:02:40', '2022-06-21 15:02:40', b'0', b'0', b'0'),
(182, '330,331', 139, 'test1', 184, '', '2022-06-21 15:02:00', '2022-06-21 15:04:48', '2022-06-21 15:04:48', b'0', b'0', b'0'),
(183, '407', 164, 'test1', 222, 'Test', '2023-03-18 15:16:33', '2023-03-17 15:16:39', '2023-03-17 15:16:39', b'0', b'0', b'0'),
(184, '352,351,350,349', 141, 'test', 218, '', '2023-06-05 22:30:00', '2023-06-02 10:45:34', '2023-06-02 10:45:34', b'0', b'0', b'0');

-- --------------------------------------------------------

--
-- Table structure for table `thomeworkassign`
--

CREATE TABLE IF NOT EXISTS `thomeworkassign` (
  `Id` int(11) NOT NULL,
  `HomeworkId` int(11) NOT NULL,
  `StudentId` int(11) NOT NULL,
  `StatusId` int(11) NOT NULL
) ENGINE=InnoDB AUTO_INCREMENT=580 DEFAULT CHARSET=utf8;

--
-- Dumping data for table `thomeworkassign`
--

INSERT INTO `thomeworkassign` (`Id`, `HomeworkId`, `StudentId`, `StatusId`) VALUES
(320, 133, 283, 2),
(322, 134, 283, 2),
(323, 135, 285, 2),
(324, 136, 283, 2),
(340, 139, 283, 1),
(374, 152, 307, 2),
(375, 152, 305, 2),
(376, 152, 304, 2),
(377, 152, 282, 2),
(378, 152, 277, 2),
(382, 154, 284, 1),
(387, 155, 284, 2),
(388, 155, 279, 2),
(389, 156, 311, 2),
(398, 157, 314, 1),
(399, 157, 313, 1),
(409, 159, 275, 2),
(420, 158, 314, 2),
(421, 158, 313, 2),
(423, 160, 313, 2),
(424, 161, 307, 2),
(425, 161, 305, 2),
(426, 161, 303, 2),
(427, 161, 282, 2),
(428, 162, 313, 2),
(429, 162, 314, 2),
(477, 165, 313, 2),
(478, 165, 314, 2),
(479, 165, 315, 2),
(480, 165, 320, 2),
(481, 165, 323, 2),
(482, 165, 325, 2),
(483, 165, 326, 2),
(484, 166, 313, 2),
(485, 166, 314, 2),
(486, 166, 323, 2),
(487, 166, 325, 2),
(488, 167, 326, 2),
(489, 167, 325, 2),
(490, 167, 323, 2),
(491, 167, 320, 2),
(492, 167, 315, 2),
(493, 167, 314, 2),
(494, 167, 313, 2),
(518, 164, 326, 2),
(519, 164, 325, 2),
(520, 164, 323, 2),
(521, 164, 320, 2),
(522, 164, 315, 2),
(523, 164, 314, 2),
(524, 164, 313, 2),
(528, 170, 313, 2),
(529, 170, 314, 2),
(530, 170, 315, 2),
(531, 171, 313, 2),
(532, 171, 314, 2),
(533, 171, 315, 2),
(534, 169, 313, 2),
(535, 169, 314, 2),
(536, 169, 315, 2),
(537, 172, 313, 2),
(538, 172, 314, 2),
(539, 172, 315, 2),
(540, 172, 320, 2),
(541, 172, 323, 2),
(542, 172, 325, 2),
(543, 172, 326, 2),
(544, 173, 275, 2),
(545, 174, 275, 2),
(546, 175, 313, 2),
(547, 175, 315, 2),
(548, 175, 320, 2),
(552, 176, 313, 2),
(553, 176, 315, 2),
(554, 176, 320, 2),
(557, 177, 313, 2),
(558, 177, 313, 2),
(559, 177, 313, 2),
(560, 178, 313, 2),
(561, 178, 315, 2),
(562, 178, 320, 2),
(563, 179, 313, 2),
(566, 180, 314, 2),
(570, 168, 313, 2),
(571, 181, 331, 2),
(572, 181, 283, 2),
(573, 182, 330, 2),
(574, 182, 331, 2),
(575, 183, 407, 2),
(576, 184, 352, 2),
(577, 184, 351, 2),
(578, 184, 350, 2),
(579, 184, 349, 2);

-- --------------------------------------------------------

--
-- Table structure for table `thomeworksubmittedanswer`
--

CREATE TABLE IF NOT EXISTS `thomeworksubmittedanswer` (
  `HomeworkId` int(11) NOT NULL,
  `StudentId` int(11) NOT NULL
) ENGINE=InnoDB DEFAULT CHARSET=latin1;

--
-- Dumping data for table `thomeworksubmittedanswer`
--

INSERT INTO `thomeworksubmittedanswer` (`HomeworkId`, `StudentId`) VALUES
(139, 283),
(158, 313),
(160, 313),
(163, 313);

-- --------------------------------------------------------

--
-- Table structure for table `tinstitute`
--

CREATE TABLE IF NOT EXISTS `tinstitute` (
  `Id` int(11) NOT NULL,
  `Code` varchar(20) NOT NULL,
  `Title` varchar(100) NOT NULL,
  `CreatedDateTime` datetime NOT NULL,
  `UpdatedDateTime` datetime DEFAULT NULL,
  `CreatedUserId` int(11) DEFAULT NULL,
  `UpdatedUserId` int(11) DEFAULT NULL
) ENGINE=InnoDB AUTO_INCREMENT=135 DEFAULT CHARSET=utf8;

--
-- Dumping data for table `tinstitute`
--

INSERT INTO `tinstitute` (`Id`, `Code`, `Title`, `CreatedDateTime`, `UpdatedDateTime`, `CreatedUserId`, `UpdatedUserId`) VALUES
(103, 'RJNFWL', 'meghatest137', '2022-04-21 15:27:40', NULL, 303, NULL),
(104, 'JTXWPQ', 'RK IT Institute of Technology', '2022-04-21 16:40:22', '2022-07-20 17:01:21', 306, NULL),
(105, 'PBDCKG', 'RK Management School', '2022-04-21 18:30:24', NULL, 306, NULL),
(106, 'KCPXUI', 'RK Automobile Course', '2022-04-21 18:31:23', NULL, 306, NULL),
(107, 'HABBRH', 'RK Hotel Management', '2022-04-21 18:32:19', NULL, 306, NULL),
(108, 'IQWCLY', 'new institute', '2022-04-25 10:21:30', '2022-04-29 23:15:33', 304, NULL),
(109, 'VWMHXV', 'Ronak Institute ', '2022-04-25 15:25:58', NULL, 311, NULL),
(110, 'LJNOPH', 'HILONI', '2022-04-25 15:35:41', NULL, 310, NULL),
(111, 'FDRVLW', 'RONAK INSTITUTE', '2022-04-25 15:57:12', NULL, 316, NULL),
(112, 'CRUNVW', 'teacher institute', '2022-04-28 17:17:52', NULL, 304, NULL),
(113, 'FZARXB', 'test', '2022-05-02 10:37:25', NULL, 332, NULL),
(114, 'HYBTDP', 'sapphire', '2022-05-03 16:28:06', NULL, 345, NULL),
(115, 'DTTOKM', 'new institutions', '2022-05-04 11:28:28', NULL, 349, NULL),
(116, 'JHKKUQ', 'Krupal Testing Institute', '2022-05-05 11:34:45', '2022-05-05 11:46:19', 351, NULL),
(117, 'JCVGFS', 'new testing institute', '2022-05-05 12:40:42', NULL, 351, NULL),
(119, 'ZOTDVV', 'mb13demo', '2022-05-05 17:14:14', NULL, 303, NULL),
(120, 'TBTSFW', 'teacher data testing institute', '2022-05-05 17:26:24', NULL, 351, NULL),
(121, 'GZTBZU', 'પરીક્ષણ1', '2022-05-06 14:53:26', NULL, 303, NULL),
(122, 'YVIZIC', 'પરીક્ષણ', '2022-05-06 15:33:50', NULL, 303, NULL),
(123, 'FBXRPB', 'પરીક્1', '2022-05-06 15:35:44', NULL, 303, NULL),
(124, 'IVMZMH', 'પરીક્1', '2022-05-06 16:09:03', NULL, 304, NULL),
(126, 'RJWAFU', 'ZWorld', '2022-05-12 12:11:15', NULL, 360, NULL),
(127, 'WGVQFB', 'RK Higher Secondary School', '2022-05-31 15:19:27', '2022-05-31 15:46:20', 373, NULL),
(128, 'ILFCZA', 'RK Chattered Account Centre ', '2022-08-22 11:48:56', NULL, 306, NULL),
(129, 'BWFNZY', 'Rk 10th Academy', '2022-08-25 17:22:49', NULL, 306, NULL),
(130, 'XHGOCS', 'mew1', '2023-03-14 16:48:59', NULL, 442, NULL),
(131, 'YIHWHT', 'Test', '2023-03-17 15:14:23', NULL, 444, NULL),
(132, 'BGODBE', 'Ganesh institution ', '2023-05-18 16:20:49', NULL, 448, NULL),
(133, 'INWVMD', 'Test 121', '2023-06-02 15:08:53', NULL, 453, NULL),
(134, 'PAWLQS', 'Pratik1', '2023-06-02 15:14:24', NULL, 454, NULL);

-- --------------------------------------------------------

--
-- Table structure for table `tnoticeboard`
--

CREATE TABLE IF NOT EXISTS `tnoticeboard` (
  `Id` int(11) NOT NULL,
  `BatchId` int(11) NOT NULL,
  `Remark` varchar(500) DEFAULT NULL,
  `CreatedDateTime` datetime DEFAULT NULL,
  `UpdatedDateTime` datetime DEFAULT NULL
) ENGINE=InnoDB AUTO_INCREMENT=196 DEFAULT CHARSET=utf8;

--
-- Dumping data for table `tnoticeboard`
--

INSERT INTO `tnoticeboard` (`Id`, `BatchId`, `Remark`, `CreatedDateTime`, `UpdatedDateTime`) VALUES
(167, 184, 'dfjhdbfe', '2022-04-25 19:07:41', '2022-04-25 19:07:41'),
(168, 184, 'hgn m syrngbn5upirhfhdh', '2022-04-25 19:08:22', '2022-04-28 11:00:00'),
(169, 185, 'jbhjbhhbhbjik shdygyusghgj', '2022-04-26 10:17:51', '2022-04-26 10:26:21'),
(172, 187, 'turylry fgfdgdfg', '2022-05-02 14:51:47', '2022-05-03 17:37:45'),
(173, 178, 'This is fee notice', '2022-05-03 16:28:50', '2022-05-03 16:28:50'),
(174, 187, ' zbzbd', '2022-05-04 12:10:08', '2022-05-04 12:10:08'),
(175, 187, 'ububyb', '2022-05-04 15:03:11', '2022-05-04 15:03:11'),
(176, 194, 'New notice board', '2022-05-05 18:11:30', '2022-05-05 18:11:30'),
(181, 198, 'Test notification', '2022-05-11 15:38:50', '2022-05-11 15:38:50'),
(182, 198, 'Test Noticeboard', '2022-05-11 15:39:14', '2022-05-27 10:51:01'),
(186, 191, 'Aåååååååååååååå', '2022-05-23 18:12:36', '2022-05-23 18:12:36'),
(189, 198, 'AAAAAAAaaaAAAAAAA', '2022-05-30 11:07:37', '2022-05-30 11:08:31'),
(191, 199, 'Aaaaaaaa', '2022-05-30 11:14:32', '2022-05-30 11:14:32'),
(192, 199, 'Aaaaaaa aaaaaa aaaaaaaaaa', '2022-05-30 18:30:57', '2022-05-30 18:30:57'),
(193, 199, '11311313', '2022-05-30 18:44:19', '2022-05-30 18:44:19'),
(194, 224, 'first', '2023-05-29 12:42:15', '2023-05-29 12:42:15'),
(195, 218, 'Submit your Homework by Monday 10.30 PM', '2023-06-02 10:46:20', '2023-06-02 10:46:20');

-- --------------------------------------------------------

--
-- Table structure for table `tnotification`
--

CREATE TABLE IF NOT EXISTS `tnotification` (
  `Id` int(11) NOT NULL,
  `TeacherId` int(11) NOT NULL,
  `BatchId` varchar(100) DEFAULT NULL,
  `Title` varchar(45) DEFAULT NULL,
  `NotificationText` varchar(1000) DEFAULT NULL,
  `NotificationDate` datetime DEFAULT NULL,
  `CreatedDateTime` datetime NOT NULL,
  `UpdatedDateTime` datetime DEFAULT NULL
) ENGINE=InnoDB AUTO_INCREMENT=101 DEFAULT CHARSET=utf8;

--
-- Dumping data for table `tnotification`
--

INSERT INTO `tnotification` (`Id`, `TeacherId`, `BatchId`, `Title`, `NotificationText`, `NotificationDate`, `CreatedDateTime`, `UpdatedDateTime`) VALUES
(44, 132, '189,182,', 'newww', 'btv5v5v5v', '2022-04-29 10:18:04', '2022-04-29 10:18:14', '2022-04-29 10:18:14'),
(45, 133, '181,', 'Test', 'test', '2022-05-04 13:56:44', '2022-05-04 13:56:43', '2022-05-04 13:56:43'),
(46, 139, '186,185,184,', 'TEsT ', 'TesT', '2022-05-05 14:45:30', '2022-05-05 14:45:29', '2022-05-05 14:45:29'),
(51, 147, '199,198,', 'camera image testing', 'test', '2022-05-05 18:23:33', '2022-05-05 18:23:32', '2022-05-05 18:23:32'),
(52, 147, '199,', 'gallery image testing', 'test', '2022-05-05 18:23:55', '2022-05-05 18:23:53', '2022-05-05 18:23:53'),
(53, 139, '184,185,186', 'cvdfvdfvfdvfbfasdvf', '1234rtgvfdewefvb Vfdvd', '2022-05-06 11:19:36', '2022-05-06 11:19:34', '2022-05-06 11:19:34'),
(54, 139, '184,185,186', 'vfvfv', 'Fvfdvfdv', '2022-05-06 11:30:40', '2022-05-06 11:30:37', '2022-05-06 11:30:37'),
(56, 133, '181,180,178,', 'testing', 'testing', '2022-05-13 23:19:13', '2022-05-13 23:19:13', '2022-05-13 23:19:13'),
(57, 147, '198,200,213,215', 'jingle Ben', 'Tapper\n', '2022-05-27 03:52:38', '2022-05-27 15:52:35', '2022-05-27 15:52:35'),
(59, 139, '184,', 'test', 'test 1', '2022-06-21 12:46:02', '2022-06-21 12:46:10', '2022-06-21 12:46:10'),
(60, 133, '178,', 'testing', 'testing', '2023-06-01 18:28:47', '2023-06-01 18:28:45', '2023-06-01 18:28:45'),
(61, 141, '220,', 'test', 'test', '2023-06-02 10:56:55', '2023-06-02 10:56:52', '2023-06-02 10:56:52'),
(62, 141, '220,', 'ttest 1', 'ttest 1', '2023-06-02 11:14:11', '2023-06-02 11:14:08', '2023-06-02 11:14:08'),
(63, 141, '220,', 'ttest 2', 'ttest 2', '2023-06-02 11:19:46', '2023-06-02 11:19:43', '2023-06-02 11:19:43'),
(64, 141, '220,', 'test12', 'test12', '2023-06-02 12:19:49', '2023-06-02 12:19:46', '2023-06-02 12:19:46'),
(65, 141, ' 220', ' test12', ' test12', '2023-06-02 12:19:49', '2023-06-02 13:30:36', '2023-06-02 13:30:36'),
(66, 141, ' 220', ' test12', ' test12', '2023-06-02 12:19:49', '2023-06-02 13:37:56', '2023-06-02 13:37:56'),
(67, 141, '220,', 'Test121', 'Test121', '2023-06-02 13:43:27', '2023-06-02 13:43:24', '2023-06-02 13:43:24'),
(68, 141, '220,', 'Teest121', 'Teest121', '2023-06-02 13:47:19', '2023-06-02 13:47:16', '2023-06-02 13:47:16'),
(69, 141, ' 220', ' test12', ' test12', '2023-06-02 12:19:49', '2023-06-02 13:49:44', '2023-06-02 13:49:44'),
(70, 170, '225,', 'test', 'test', '2023-06-02 15:25:10', '2023-06-02 15:25:08', '2023-06-02 15:25:08'),
(71, 170, '225,', 'Notification Test', 'test', '2023-06-02 15:38:23', '2023-06-02 15:38:21', '2023-06-02 15:38:21'),
(72, 170, '225,', 'Tesst', 'Teest', '2023-06-02 15:39:09', '2023-06-02 15:39:07', '2023-06-02 15:39:07'),
(73, 170, '225,', 'tetest', 'tetest', '2023-06-02 16:03:07', '2023-06-02 16:03:05', '2023-06-02 16:03:05'),
(74, 170, '225,', 'NO', 'No', '2023-06-02 16:06:23', '2023-06-02 16:06:21', '2023-06-02 16:06:21'),
(75, 170, '225,', 'tetest1', 'tetest1', '2023-06-02 16:09:42', '2023-06-02 16:09:40', '2023-06-02 16:09:40'),
(76, 170, '225,', 'tesst', 'ttesst', '2023-06-02 16:29:43', '2023-06-02 16:29:41', '2023-06-02 16:29:41'),
(77, 170, '225', 'ttest', 'ttest', '2023-06-02 16:29:43', '2023-06-02 16:41:29', '2023-06-02 16:41:29'),
(78, 170, '225', 'ttest', 'ttest', '2023-06-02 16:29:43', '2023-06-02 17:17:36', '2023-06-02 17:17:36'),
(79, 170, '225,', 'Hemali', 'madam', '2023-06-02 17:29:56', '2023-06-02 17:29:53', '2023-06-02 17:29:53'),
(80, 170, '225,', 'sgvs', 'dvgr', '2023-06-02 17:30:29', '2023-06-02 17:30:26', '2023-06-02 17:30:26'),
(81, 170, '225,', 'test', 'gest', '2023-06-02 17:35:14', '2023-06-02 17:35:11', '2023-06-02 17:35:11'),
(82, 170, '226,', 'fccc', 'fgggy', '2023-06-02 17:36:10', '2023-06-02 17:36:07', '2023-06-02 17:36:07'),
(83, 170, '226,225,', 'gsbsb', 'hsbsbs', '2023-06-02 17:38:12', '2023-06-02 17:38:09', '2023-06-02 17:38:09'),
(84, 170, '225,', 'HCG', 'dog', '2023-06-02 17:39:21', '2023-06-02 17:39:18', '2023-06-02 17:39:18'),
(85, 170, '225,', 'tsst', 'gshed', '2023-06-02 17:39:48', '2023-06-02 17:39:45', '2023-06-02 17:39:45'),
(86, 170, '225,', 'hsbsbsb', 'test', '2023-06-02 17:41:18', '2023-06-02 17:41:15', '2023-06-02 17:41:15'),
(87, 170, '225,', 'test', 'gwsy', '2023-06-02 17:43:46', '2023-06-02 17:43:44', '2023-06-02 17:43:44'),
(88, 170, '225,', 'fc', 'fccfg', '2023-06-02 17:45:08', '2023-06-02 17:45:05', '2023-06-02 17:45:05'),
(89, 170, '225,', 'gsvs', 'gsvsvz', '2023-06-02 17:47:55', '2023-06-02 17:47:52', '2023-06-02 17:47:52'),
(90, 170, '225,', 'fc', 'fc', '2023-06-02 17:52:54', '2023-06-02 17:52:51', '2023-06-02 17:52:51'),
(91, 170, '225,', 'rj', 'ydyd', '2023-06-02 17:56:35', '2023-06-02 17:56:32', '2023-06-02 17:56:32'),
(92, 170, '225,', 'hx', 'ysydys', '2023-06-02 17:58:15', '2023-06-02 17:58:12', '2023-06-02 17:58:12'),
(93, 170, '225,', 'sdf', 'fds', '2023-06-02 18:00:06', '2023-06-02 18:00:03', '2023-06-02 18:00:03'),
(94, 170, '225,', 'gffgf', 'fgfgf', '2023-06-02 18:00:49', '2023-06-02 18:00:46', '2023-06-02 18:00:46'),
(95, 170, '225,', 'b b', 'bggg g', '2023-06-02 18:05:05', '2023-06-02 18:05:03', '2023-06-02 18:05:03'),
(96, 170, '225,', ' vv v', 'gvg', '2023-06-02 18:06:57', '2023-06-02 18:06:56', '2023-06-02 18:06:56'),
(97, 170, '225,', 'vb', 'cch', '2023-06-02 18:10:00', '2023-06-02 18:09:58', '2023-06-02 18:09:58'),
(98, 170, '225,', 'cx', 'ddd', '2023-06-02 18:10:39', '2023-06-02 18:10:38', '2023-06-02 18:10:38'),
(99, 170, '225,', 'YCG', 'YCG', '2023-06-02 18:12:07', '2023-06-02 18:12:06', '2023-06-02 18:12:06'),
(100, 170, '225,', 'ronak', 'ronak', '2023-06-02 18:13:25', '2023-06-02 18:13:23', '2023-06-02 18:13:23');

-- --------------------------------------------------------

--
-- Table structure for table `tonlinelearningstudentattendance`
--

CREATE TABLE IF NOT EXISTS `tonlinelearningstudentattendance` (
  `OnlineLectureId` int(11) NOT NULL,
  `StudentId` int(11) NOT NULL,
  `FirstInDateTime` datetime DEFAULT NULL,
  `LastOutDateTime` datetime DEFAULT NULL,
  `IsPresent` tinyint(1) NOT NULL,
  `CreatedDateTime` datetime DEFAULT NULL,
  `CreatedUserId` int(11) DEFAULT NULL,
  `UpdatedUserId` int(11) DEFAULT NULL,
  `UpdatedDateTime` datetime DEFAULT NULL,
  `AttendanceDate` date DEFAULT NULL,
  `TimeTableId` int(11) DEFAULT NULL
) ENGINE=InnoDB DEFAULT CHARSET=latin1;

-- --------------------------------------------------------

--
-- Table structure for table `tonlinelecture`
--

CREATE TABLE IF NOT EXISTS `tonlinelecture` (
  `Id` int(11) NOT NULL,
  `Date` date NOT NULL,
  `FromTime` time NOT NULL,
  `ToTime` time NOT NULL,
  `MeetingId` longtext NOT NULL,
  `TeacherId` int(11) NOT NULL,
  `TimeTableId` int(11) DEFAULT NULL,
  `BatchId` int(11) NOT NULL,
  `IsMeetingStarted` tinyint(1) DEFAULT NULL,
  `MettingAccountId` int(11) DEFAULT NULL,
  `CreatedDateTime` datetime DEFAULT NULL,
  `CreatedUserId` int(17) DEFAULT NULL,
  `MeetingPassword` longtext,
  `UpdatedDateTime` datetime DEFAULT NULL,
  `UpdatedUserId` int(11) DEFAULT NULL
) ENGINE=InnoDB AUTO_INCREMENT=72 DEFAULT CHARSET=utf8;

--
-- Dumping data for table `tonlinelecture`
--

INSERT INTO `tonlinelecture` (`Id`, `Date`, `FromTime`, `ToTime`, `MeetingId`, `TeacherId`, `TimeTableId`, `BatchId`, `IsMeetingStarted`, `MettingAccountId`, `CreatedDateTime`, `CreatedUserId`, `MeetingPassword`, `UpdatedDateTime`, `UpdatedUserId`) VALUES
(1, '2022-05-11', '17:00:00', '18:00:00', '89030944227', 131, 549, 177, 0, 0, '2022-05-11 17:17:19', 103, 'QY4NdZ', NULL, NULL),
(2, '2022-10-05', '18:30:00', '20:30:00', '84890264587', 131, 551, 210, 0, 0, '2022-05-11 18:51:37', 303, 'KkXYH9', NULL, NULL),
(3, '2022-10-05', '18:30:00', '20:30:00', '89983003244', 131, 551, 210, 0, 0, '2022-05-11 18:58:50', 303, '9v6BqT', NULL, NULL),
(4, '2022-05-12', '11:30:00', '12:30:00', '88022305157', 131, 553, 177, 0, 0, '2022-05-12 11:25:47', 303, '9vz6sH', NULL, NULL),
(5, '2022-05-12', '13:09:00', '14:09:00', '84108694285', 147, 555, 199, 1, 0, '2022-05-12 13:11:28', 351, 'kAxZQ3', NULL, NULL),
(6, '2022-05-12', '13:09:00', '14:09:00', '85051943356', 147, 555, 199, 1, 0, '2022-05-12 13:12:25', 351, 'Ns6v1i', NULL, NULL),
(7, '2022-05-12', '13:09:00', '14:09:00', '86971512012', 147, 555, 199, 1, 0, '2022-05-12 13:12:54', 351, 'yiKv7c', NULL, NULL),
(8, '2022-05-12', '13:09:00', '14:09:00', '83390157076', 147, 555, 199, 1, 0, '2022-05-12 13:14:24', 351, 'v3mTUM', NULL, NULL),
(9, '2022-05-12', '13:09:00', '14:09:00', '84225015030', 147, 555, 199, 1, 0, '2022-05-12 13:24:05', 351, '099a4y', NULL, NULL),
(10, '2022-05-12', '13:09:00', '14:09:00', '84003016032', 147, 555, 199, 1, 0, '2022-05-12 13:26:30', 351, '53sKwr', NULL, NULL),
(11, '2022-05-12', '13:09:00', '14:09:00', '88565312708', 147, 555, 199, 1, 0, '2022-05-12 13:26:48', 351, 'Zuz2qF', NULL, NULL),
(12, '2022-05-12', '13:09:00', '14:09:00', '88461380689', 147, 555, 199, 1, 0, '2022-05-12 13:30:27', 351, '0mF3n7', NULL, NULL),
(13, '2022-05-12', '13:09:00', '14:09:00', '84907557902', 147, 555, 199, 1, 0, '2022-05-12 13:31:29', 351, 'qB6Yf8', NULL, NULL),
(14, '2022-05-12', '15:07:00', '22:07:00', '89401545573', 147, 556, 199, 1, 0, '2022-05-12 15:08:10', 351, 'S9wvwi', NULL, NULL),
(15, '2022-05-12', '15:07:00', '22:07:00', '83260564497', 147, 556, 199, 1, 0, '2022-05-12 15:35:48', 351, 'Qw9aEA', NULL, NULL),
(16, '2022-05-12', '15:07:00', '22:07:00', '89956443548', 147, 556, 199, 1, 0, '2022-05-12 15:53:15', 351, 'KJR1GV', NULL, NULL),
(17, '2022-05-12', '15:07:00', '22:07:00', '83952401736', 147, 556, 199, 1, 0, '2022-05-12 17:56:40', 351, '4ZWwHG', NULL, NULL),
(18, '2022-05-12', '15:07:00', '22:07:00', '89413830682', 147, 556, 199, 1, 0, '2022-05-12 18:03:44', 351, 'Wr9vPL', NULL, NULL),
(19, '2022-05-12', '15:07:00', '22:07:00', '87106145941', 147, 556, 199, 1, 0, '2022-05-12 18:07:35', 351, 'Y11TWG', NULL, NULL),
(20, '2022-05-12', '15:07:00', '22:07:00', '84441042786', 147, 556, 199, 1, 0, '2022-05-12 18:08:08', 351, 'uLXwP5', NULL, NULL),
(21, '2022-05-12', '15:07:00', '22:07:00', '81672099374', 147, 556, 199, 1, 0, '2022-05-12 18:08:26', 351, 'Nq5EAk', NULL, NULL),
(22, '2022-05-12', '15:07:00', '22:07:00', '82346455815', 147, 556, 199, 1, 0, '2022-05-12 18:08:58', 351, 'Q4xrBD', NULL, NULL),
(23, '2022-05-12', '15:07:00', '22:07:00', '87545533485', 147, 556, 199, 1, 0, '2022-05-12 18:09:08', 351, 'DgAd0s', NULL, NULL),
(24, '2022-05-12', '15:07:00', '22:07:00', '85806741224', 147, 556, 199, 1, 0, '2022-05-12 18:09:25', 351, 'RYA3wF', NULL, NULL),
(25, '2022-05-12', '15:07:00', '22:07:00', '87565081729', 147, 556, 199, 1, 0, '2022-05-12 18:15:44', 351, '7NA9MV', NULL, NULL),
(26, '2022-05-12', '15:07:00', '22:07:00', '87660049986', 147, 556, 199, 1, 0, '2022-05-12 18:18:15', 351, '49eAZA', NULL, NULL),
(27, '2022-05-12', '15:07:00', '22:07:00', '85349113866', 147, 556, 199, 1, 0, '2022-05-12 18:21:17', 351, 'A04FqJ', NULL, NULL),
(28, '2022-05-12', '15:07:00', '22:07:00', '82753245552', 147, 556, 199, 1, 0, '2022-05-12 18:24:54', 351, 'L7gLe6', NULL, NULL),
(29, '2022-05-12', '15:07:00', '22:07:00', '86779272320', 147, 556, 199, 1, 0, '2022-05-12 18:25:47', 351, '6pg38w', NULL, NULL),
(30, '2022-05-13', '14:57:00', '23:57:00', '84864620632', 147, 559, 199, 1, 0, '2022-05-13 14:57:45', 351, '9xMZYh', NULL, NULL),
(31, '2022-05-13', '14:57:00', '23:57:00', '88663303925', 147, 559, 199, 1, 0, '2022-05-13 15:00:29', 351, '4z9vkq', NULL, NULL),
(32, '2022-05-13', '14:57:00', '23:57:00', '82574867589', 147, 559, 199, 1, 0, '2022-05-13 15:01:30', 351, '0a2gGt', NULL, NULL),
(33, '2022-05-13', '14:57:00', '23:57:00', '86461407868', 147, 559, 199, 1, 0, '2022-05-13 15:17:10', 351, 'BeEy2F', NULL, NULL),
(34, '2022-05-13', '14:57:00', '23:57:00', '89781732271', 147, 559, 199, 1, 0, '2022-05-13 15:17:27', 351, 'Fr0VV1', NULL, NULL),
(35, '2022-05-13', '14:57:00', '23:57:00', '81523655352', 147, 559, 199, 1, 0, '2022-05-13 15:19:57', 351, 'm443D0', NULL, NULL),
(36, '2022-05-13', '14:57:00', '23:57:00', '81957197808', 147, 559, 199, 1, 0, '2022-05-13 15:22:29', 351, '6Px7pH', NULL, NULL),
(37, '2022-05-13', '14:57:00', '23:57:00', '86231543407', 147, 559, 199, 1, 0, '2022-05-13 15:44:22', 351, 'jDd2cj', NULL, NULL),
(38, '2022-05-13', '14:57:00', '23:57:00', '86747796426', 147, 559, 199, 1, 0, '2022-05-13 15:50:11', 351, '1BScbb', NULL, NULL),
(39, '2022-05-13', '14:57:00', '23:57:00', '87486432055', 147, 559, 199, 1, 0, '2022-05-13 15:52:40', 351, 'Kkm6x0', NULL, NULL),
(40, '2022-05-13', '14:57:00', '23:57:00', '88435576947', 147, 559, 199, 1, 0, '2022-05-13 16:01:31', 351, 'QS8q3x', NULL, NULL),
(41, '2022-05-13', '14:57:00', '23:57:00', '86266565401', 147, 559, 199, 1, 0, '2022-05-13 16:17:06', 351, '47uvr2', NULL, NULL),
(42, '2022-05-13', '14:57:00', '23:57:00', '83967693727', 147, 559, 199, 1, 0, '2022-05-13 16:22:30', 351, 'ZWPr4c', NULL, NULL),
(43, '2022-05-13', '14:57:00', '23:57:00', '82571225799', 147, 559, 199, 1, 0, '2022-05-13 16:23:20', 351, '4J7pB8', NULL, NULL),
(44, '2022-05-13', '14:57:00', '23:57:00', '86948719088', 147, 559, 199, 1, 0, '2022-05-13 17:15:49', 351, 'wSR7hw', NULL, NULL),
(45, '2022-05-13', '14:57:00', '23:57:00', '87581202454', 147, 559, 199, 1, 0, '2022-05-13 17:16:59', 351, 'L2Czgg', NULL, NULL),
(46, '2022-05-13', '14:57:00', '23:57:00', '83496753528', 147, 559, 199, 1, 0, '2022-05-13 17:18:32', 351, 'ytdM42', NULL, NULL),
(47, '2022-05-13', '14:57:00', '23:57:00', '87420959088', 147, 559, 199, 1, 0, '2022-05-13 17:20:29', 351, 'aJhre0', NULL, NULL),
(48, '2022-05-13', '14:57:00', '23:57:00', '89095149791', 147, 559, 199, 1, 0, '2022-05-13 17:22:34', 351, 'Kbp7H3', NULL, NULL),
(49, '2022-05-13', '14:57:00', '23:57:00', '85186660617', 147, 559, 199, 1, 0, '2022-05-13 17:27:29', 351, 'HeZ5B7', NULL, NULL),
(50, '2022-05-13', '14:57:00', '23:57:00', '84071149917', 147, 559, 199, 1, 0, '2022-05-13 17:28:28', 351, 'D5P8ss', NULL, NULL),
(51, '2022-05-13', '14:57:00', '23:57:00', '89184287068', 147, 559, 199, 1, 0, '2022-05-13 17:44:02', 351, '34PPRr', NULL, NULL),
(52, '2022-05-13', '14:57:00', '23:57:00', '85263415904', 147, 559, 199, 1, 0, '2022-05-13 17:44:25', 351, 'KR8njB', NULL, NULL),
(53, '2022-05-13', '14:57:00', '23:57:00', '84089893529', 147, 559, 199, 1, 0, '2022-05-13 18:52:41', 351, '7BinQH', NULL, NULL),
(54, '2022-05-16', '10:06:00', '11:06:00', '83887590822', 147, 563, 199, 1, 0, '2022-05-16 10:06:59', 351, '3h0s2w', NULL, NULL),
(55, '2022-05-16', '15:40:00', '23:40:00', '89510030603', 147, 564, 199, 1, 0, '2022-05-16 15:40:51', 351, 'Qj6Pkh', NULL, NULL),
(56, '2022-05-16', '15:40:00', '23:40:00', '87964208179', 147, 564, 199, 1, 0, '2022-05-16 15:46:11', 351, 'dcKn54', NULL, NULL),
(57, '2022-05-16', '15:40:00', '23:40:00', '82193488170', 147, 564, 199, 1, 0, '2022-05-16 15:48:06', 351, '4wCMD0', NULL, NULL),
(58, '2022-05-16', '15:40:00', '23:40:00', '81301779944', 147, 564, 199, 1, 0, '2022-05-16 15:53:29', 351, 'SMa7v7', NULL, NULL),
(59, '2022-05-16', '15:40:00', '23:40:00', '89224113841', 147, 564, 199, 1, 0, '2022-05-16 15:53:57', 351, '7ctW7s', NULL, NULL),
(60, '2022-05-16', '15:40:00', '23:40:00', '83817806993', 147, 564, 199, 1, 0, '2022-05-16 15:54:17', 351, 'P2e1G6', NULL, NULL),
(61, '2022-05-16', '15:40:00', '23:40:00', '83007415625', 147, 564, 199, 1, 0, '2022-05-16 16:15:12', 351, 'i4W1g3', NULL, NULL),
(62, '2022-05-16', '15:40:00', '23:40:00', '87841348286', 147, 564, 199, 1, 0, '2022-05-16 16:20:11', 351, 'vQ5ng2', NULL, NULL),
(63, '2022-05-16', '15:40:00', '23:40:00', '81012760362', 147, 564, 199, 1, 0, '2022-05-16 16:21:54', 351, 'n4BDM2', NULL, NULL),
(64, '2022-05-16', '15:40:00', '23:40:00', '83626679902', 147, 564, 199, 1, 0, '2022-05-16 16:22:34', 351, 'UX402F', NULL, NULL),
(65, '2022-05-24', '16:35:00', '17:30:00', '85379258470', 131, 571, 177, 0, 0, '2022-05-24 16:19:08', 303, 'jix2Km', NULL, NULL),
(66, '2022-05-25', '16:25:00', '17:25:00', '84931471768', 139, 573, 184, 1, 0, '2022-05-25 16:25:19', 316, 'Ri686j', NULL, NULL),
(67, '2022-05-25', '16:25:00', '17:25:00', '88132388111', 139, 573, 184, 1, 0, '2022-05-25 16:25:50', 316, 'v8xGMQ', NULL, NULL),
(68, '2022-05-25', '16:25:00', '17:25:00', '83474387464', 139, 573, 184, 1, 0, '2022-05-25 16:26:35', 316, 'AdwP2G', NULL, NULL),
(69, '2022-05-25', '16:25:00', '17:25:00', '86345136111', 139, 573, 184, 1, 0, '2022-05-25 16:27:26', 316, 'Y9QUk9', NULL, NULL),
(70, '2022-05-25', '16:25:00', '17:25:00', '88514714423', 139, 573, 184, 1, 0, '2022-05-25 16:29:43', 316, '41KegB', NULL, NULL),
(71, '2022-05-25', '16:25:00', '17:25:00', '81908634325', 139, 573, 184, 1, 0, '2022-05-25 16:35:00', 316, 'EszAP6', NULL, NULL);

-- --------------------------------------------------------

--
-- Table structure for table `tonlinelecturemeetingaccount`
--

CREATE TABLE IF NOT EXISTS `tonlinelecturemeetingaccount` (
  `Id` int(11) NOT NULL,
  `TeacherId` int(11) DEFAULT NULL,
  `BatchId` int(11) DEFAULT NULL,
  `AccountName` varchar(200) DEFAULT NULL,
  `AccountEmailId` varchar(200) DEFAULT NULL,
  `AccountPassword` varchar(200) DEFAULT NULL,
  `APIKey` longtext,
  `APISecret` longtext,
  `WebApiKey` longtext,
  `WebApiSecret` longtext,
  `JWTToken` varchar(500) DEFAULT NULL,
  `CreatedUserId` int(11) NOT NULL,
  `CreatedDateTime` datetime NOT NULL,
  `UpdatedUserId` int(11) DEFAULT NULL,
  `UpdatedDateTime` datetime DEFAULT NULL
) ENGINE=InnoDB AUTO_INCREMENT=12 DEFAULT CHARSET=utf8;

--
-- Dumping data for table `tonlinelecturemeetingaccount`
--

INSERT INTO `tonlinelecturemeetingaccount` (`Id`, `TeacherId`, `BatchId`, `AccountName`, `AccountEmailId`, `AccountPassword`, `APIKey`, `APISecret`, `WebApiKey`, `WebApiSecret`, `JWTToken`, `CreatedUserId`, `CreatedDateTime`, `UpdatedUserId`, `UpdatedDateTime`) VALUES
(7, 147, 200, 'Hitarth Joshi', 'hitarth.joshi@occucare.co.in', 'Abcd123@', 'lEbfW6ckGsHpzNuFCSOLt3AqTIcplvfnw01n', 'e10sJzzULVXz1HiALUybDyOPApPVe2AfPd17', 'LQydYcchSKmgKSQvtigwgw', 'T65Mym2wTz8dhtly9GoCslkiEcAevOeQXhGD', 'eyJhbGciOiJIUzI1NiJ9.eyJhdWQiOm51bGwsImlzcyI6IkxReWRZY2NoU0ttZ0tTUXZ0aWd3Z3ciLCJleHAiOjE3NDYxODU4MjAsImlhdCI6MTY1MTQ4NjA4NX0.u4KRz3rHKVM-Lyn32n4lgiegspmYEcIMK0Gu9kN_AxU', 0, '2022-05-06 17:55:43', 0, '2022-05-06 18:02:38'),
(8, 131, 177, 'Rk Zoom', 'rakesh.patra@vidyalayaschoolsoftware.com', 'Rakesh@1995', 'O1D-ZKuTTDmub74NQW-XIg', 'xemhe6thIur2qUFPueVu5kpNtp8R1m4TBSsG', 'O1D-ZKuTTDmub74NQW-XIg ', 'xemhe6thIur2qUFPueVu5kpNtp8R1m4TBSsG', 'eyJhbGciOiJIUzI1NiJ9.eyJhdWQiOm51bGwsImlzcyI6Ik8xRC1aS3VUVERtdWI3NE5RVy1YSWciLCJleHAiOjE2NzI1MDc4MDAsImlhdCI6MTY1MzM4OTMxOX0.d__0pGsgoYhFYMJF-wy7p4G46x7by5CCCMQpecf8AeA', 0, '2022-05-10 17:47:18', NULL, NULL),
(9, 131, 210, 'Rk Zoom', 'rakesh.patra@vidyalayaschoolsoftware.com', 'Rakesh@1995', 'O1D-ZKuTTDmub74NQW-XIg', 'xemhe6thIur2qUFPueVu5kpNtp8R1m4TBSsG', 'O1D-ZKuTTDmub74NQW-XIg', 'xemhe6thIur2qUFPueVu5kpNtp8R1m4TBSsG', 'eyJhbGciOiJIUzI1NiJ9.eyJhdWQiOm51bGwsImlzcyI6Ik8xRC1aS3VUVERtdWI3NE5RVy1YSWciLCJleHAiOjE2NTI3OTM0MzEsImlhdCI6MTY1MjE4ODYzMn0.Zd8uheURKA-dOHjsSpr8HxGCAeBXK4wukJevKt49Mz0', 0, '2022-05-11 18:42:01', NULL, NULL),
(10, 147, 199, 'Rk Zoom', 'rakesh.patra@vidyalayaschoolsoftware.com', 'Rakesh@1995', 'O1D-ZKuTTDmub74NQW-XIg', 'xemhe6thIur2qUFPueVu5kpNtp8R1m4TBSsG', 'O1D-ZKuTTDmub74NQW-XIg', 'xemhe6thIur2qUFPueVu5kpNtp8R1m4TBSsG', 'eyJhbGciOiJIUzI1NiJ9.eyJhdWQiOm51bGwsImlzcyI6Ik8xRC1aS3VUVERtdWI3NE5RVy1YSWciLCJleHAiOjE2NTI3MDEzNDEsImlhdCI6MTY1MjY5NTk0MX0.Bk8LPJvc_xEnHC24qrCWrsJU2bZfVs1W2HoTk-92AGg', 0, '2022-05-12 13:07:08', 0, '2022-05-16 15:53:06'),
(11, 139, 184, 'Rk zoom', 'rakesh.patra@vidyalayaschoolsoftware.com', 'Rakesh@1995', 'O1D-ZKuTTDmub74NQW-XIg', 'xemhe6thIur2qUFPueVu5kpNtp8R1m4TBSsG', 'O1D-ZKuTTDmub74NQW-XIg', 'xemhe6thIur2qUFPueVu5kpNtp8R1m4TBSsG', 'eyJhbGciOiJIUzI1NiJ9.eyJhdWQiOm51bGwsImlzcyI6Ik8xRC1aS3VUVERtdWI3NE5RVy1YSWciLCJleHAiOjE2NzI1MDc4MDAsImlhdCI6MTY1MzM4OTMxOX0.d__0pGsgoYhFYMJF-wy7p4G46x7by5CCCMQpecf8AeA', 0, '2022-05-24 16:03:14', 0, '2022-07-06 18:30:28');

-- --------------------------------------------------------

--
-- Table structure for table `tonlinelecturemeetingsettings`
--

CREATE TABLE IF NOT EXISTS `tonlinelecturemeetingsettings` (
  `Id` int(11) NOT NULL,
  `IsOnParticipantVideo` tinyint(1) DEFAULT NULL,
  `IsOnParticipantAudio` tinyint(1) DEFAULT NULL,
  `IsOnHostVideo` tinyint(1) DEFAULT NULL,
  `IsOnHostAudio` tinyint(1) DEFAULT NULL,
  `IsOnParticipantScreenShare` tinyint(1) DEFAULT NULL,
  `IsOnHostscreenShare` tinyint(1) DEFAULT NULL,
  `BatchId` int(11) NOT NULL,
  `MeetingAccountId` int(11) NOT NULL
) ENGINE=InnoDB AUTO_INCREMENT=8 DEFAULT CHARSET=utf8;

--
-- Dumping data for table `tonlinelecturemeetingsettings`
--

INSERT INTO `tonlinelecturemeetingsettings` (`Id`, `IsOnParticipantVideo`, `IsOnParticipantAudio`, `IsOnHostVideo`, `IsOnHostAudio`, `IsOnParticipantScreenShare`, `IsOnHostscreenShare`, `BatchId`, `MeetingAccountId`) VALUES
(2, 1, 1, 1, 1, 0, 0, 186, 0),
(3, 1, 1, 1, 0, 1, 1, 200, 0),
(4, 1, 1, 1, 1, 1, 1, 177, 0),
(5, 1, 1, 1, 1, 1, 1, 210, 0),
(6, 1, 1, 1, 1, 1, 1, 199, 0),
(7, 1, 1, 1, 1, 1, 1, 184, 0);

-- --------------------------------------------------------

--
-- Table structure for table `tparaquestions`
--

CREATE TABLE IF NOT EXISTS `tparaquestions` (
  `Id` int(11) NOT NULL,
  `TestId` int(11) NOT NULL,
  `Title` longtext NOT NULL,
  `Code` varchar(45) DEFAULT NULL,
  `OrderIndex` int(11) DEFAULT NULL
) ENGINE=InnoDB AUTO_INCREMENT=75 DEFAULT CHARSET=utf8;

--
-- Dumping data for table `tparaquestions`
--

INSERT INTO `tparaquestions` (`Id`, `TestId`, `Title`, `Code`, `OrderIndex`) VALUES
(71, 1082, 'judu7e8e8', 'hejehuduueu', 1),
(72, 1085, 'nfbffhdhdn', 'hdhdfhfhfb', 1),
(73, 1105, 'hehheje', 'yyehs', 1),
(74, 1180, 'test11 ', 'test', 1);

-- --------------------------------------------------------

--
-- Table structure for table `tpaymenttransaction`
--

CREATE TABLE IF NOT EXISTS `tpaymenttransaction` (
  `Id` int(11) NOT NULL,
  `StudentId` int(11) NOT NULL,
  `PayDateTime` datetime NOT NULL,
  `PayAmount` decimal(12,2) NOT NULL,
  `TransactionStatusId` int(11) NOT NULL,
  `MerchantTransactionId` bigint(20) DEFAULT NULL,
  `BankTransactionId` bigint(20) DEFAULT NULL,
  `BankName` varchar(100) DEFAULT NULL,
  `PaymentType` varchar(50) DEFAULT NULL,
  `CardNumber` varchar(100) DEFAULT NULL,
  `TransactionRequest` varchar(1000) DEFAULT NULL,
  `TransactionResponse` varchar(1000) DEFAULT NULL,
  `OSTypeId` smallint(6) DEFAULT NULL,
  `PaymentRemark` varchar(500) DEFAULT NULL,
  `FeeSetupId` int(11) NOT NULL,
  `DateOfFeeCollection` date DEFAULT NULL
) ENGINE=InnoDB AUTO_INCREMENT=114 DEFAULT CHARSET=utf8;

--
-- Dumping data for table `tpaymenttransaction`
--

INSERT INTO `tpaymenttransaction` (`Id`, `StudentId`, `PayDateTime`, `PayAmount`, `TransactionStatusId`, `MerchantTransactionId`, `BankTransactionId`, `BankName`, `PaymentType`, `CardNumber`, `TransactionRequest`, `TransactionResponse`, `OSTypeId`, `PaymentRemark`, `FeeSetupId`, `DateOfFeeCollection`) VALUES
(67, 284, '2022-04-29 15:52:23', '5000.00', 6, NULL, NULL, NULL, 'Cash', NULL, NULL, NULL, NULL, '', 66786, '2022-04-29'),
(68, 279, '2022-05-04 11:53:08', '500.00', 6, NULL, NULL, NULL, 'Cash', NULL, NULL, NULL, NULL, '', 66792, '2022-05-04'),
(69, 284, '2022-05-04 01:21:12', '5000.00', 0, NULL, NULL, NULL, 'Cash', NULL, NULL, NULL, NULL, '', 66797, '2022-05-04'),
(70, 295, '2022-05-05 04:01:38', '500.00', 6, NULL, NULL, NULL, 'Cash', NULL, NULL, NULL, NULL, '', 66798, '2022-05-05'),
(71, 284, '2022-05-05 04:01:38', '500.00', 6, NULL, NULL, NULL, 'Cash', NULL, NULL, NULL, NULL, '', 66790, '2022-05-05'),
(72, 313, '2022-05-06 02:41:15', '500.00', 0, NULL, NULL, NULL, 'Cash', NULL, NULL, NULL, NULL, '', 66801, '2022-05-06'),
(73, 283, '2022-05-07 11:50:37', '500.00', 0, NULL, NULL, NULL, NULL, NULL, '1-MID=BDSKUATY&SECURITYID=bdskuaty&MOBILE_NO=1111111111&CUST_ID=73&TXN_AMOUNT=500&CALLBACK_URL=https://lms.onlinevidyalaya.net/api/v1.0/Integration/BillDesk/PaymentStatus.aspx', NULL, NULL, '', 66813, '2022-05-05'),
(74, 313, '2022-05-09 12:05:36', '500.00', 0, NULL, NULL, NULL, 'Cash', NULL, NULL, NULL, NULL, '', 66815, '2022-05-06'),
(75, 313, '2022-05-11 15:57:10', '500.00', 0, NULL, NULL, NULL, NULL, NULL, NULL, NULL, NULL, NULL, 66815, '2022-05-11'),
(76, 313, '2022-05-11 15:57:11', '500.00', 0, NULL, NULL, NULL, NULL, NULL, NULL, NULL, NULL, NULL, 66815, '2022-05-11'),
(77, 313, '2022-05-11 15:59:01', '500.00', 0, NULL, NULL, NULL, NULL, NULL, NULL, NULL, NULL, NULL, 66815, '2022-05-11'),
(78, 313, '2022-05-11 16:23:47', '5000.00', 0, NULL, NULL, NULL, NULL, NULL, NULL, NULL, NULL, NULL, 66814, '2022-05-11'),
(79, 283, '2022-05-17 10:02:05', '500.00', 0, NULL, NULL, NULL, NULL, NULL, NULL, NULL, NULL, NULL, 66813, '2022-05-17'),
(80, 283, '2022-05-17 10:02:06', '500.00', 0, NULL, NULL, NULL, NULL, NULL, NULL, NULL, NULL, NULL, 66813, '2022-05-17'),
(81, 283, '2022-05-17 10:25:00', '500.00', 0, NULL, NULL, NULL, NULL, NULL, NULL, NULL, NULL, NULL, 66813, '2022-05-17'),
(82, 283, '2022-05-17 10:25:02', '500.00', 0, NULL, NULL, NULL, NULL, NULL, NULL, NULL, NULL, NULL, 66813, '2022-05-17'),
(83, 283, '2022-05-17 11:26:52', '500.00', 0, NULL, NULL, NULL, NULL, NULL, '1-MID=BDSKUATY&SECURITYID=bdskuaty&MOBILE_NO=1111111111&CUST_ID=83&TXN_AMOUNT=500&CALLBACK_URL=https://lms.onlinevidyalaya.net/api/v1.0Integration/BillDesk/PaymentStatus.aspx', NULL, NULL, NULL, 66813, '2022-05-17'),
(84, 283, '2022-05-17 11:27:48', '500.00', 0, NULL, NULL, NULL, NULL, NULL, '1-MID=BDSKUATY&SECURITYID=bdskuaty&MOBILE_NO=1111111111&CUST_ID=84&TXN_AMOUNT=500&CALLBACK_URL=https://lms.onlinevidyalaya.net/api/v1.0Integration/BillDesk/PaymentStatus.aspx', NULL, NULL, NULL, 66813, '2022-05-17'),
(85, 283, '2022-05-17 11:28:59', '500.00', 0, NULL, NULL, NULL, NULL, NULL, '1-MID=BDSKUATY&SECURITYID=bdskuaty&MOBILE_NO=1111111111&CUST_ID=85&TXN_AMOUNT=500&CALLBACK_URL=https://lms.onlinevidyalaya.net/api/v1.0Integration/BillDesk/PaymentStatus.aspx', NULL, NULL, NULL, 66813, '2022-05-17'),
(86, 283, '2022-05-17 11:29:14', '500.00', 0, NULL, NULL, NULL, NULL, NULL, '1-MID=BDSKUATY&SECURITYID=bdskuaty&MOBILE_NO=1111111111&CUST_ID=86&TXN_AMOUNT=500&CALLBACK_URL=https://lms.onlinevidyalaya.net/api/v1.0Integration/BillDesk/PaymentStatus.aspx', NULL, NULL, NULL, 66813, '2022-05-17'),
(87, 283, '2022-05-17 11:31:37', '500.00', 0, NULL, NULL, NULL, NULL, NULL, '1-MID=BDSKUATY&SECURITYID=bdskuaty&MOBILE_NO=1111111111&CUST_ID=87&TXN_AMOUNT=500&CALLBACK_URL=https://lms.onlinevidyalaya.net/api/v1.0Integration/BillDesk/PaymentStatus.aspx', NULL, NULL, NULL, 66813, '2022-05-17'),
(88, 283, '2022-05-17 11:32:34', '500.00', 0, NULL, NULL, NULL, NULL, NULL, NULL, NULL, NULL, NULL, 66813, '2022-05-17'),
(89, 283, '2022-05-17 11:35:40', '500.00', 0, NULL, NULL, NULL, NULL, NULL, '1-MID=BDSKUATY&SECURITYID=bdskuaty&MOBILE_NO=1111111111&CUST_ID=89&TXN_AMOUNT=500&CALLBACK_URL=https://lms.onlinevidyalaya.net/api/v1.0Integration/BillDesk/PaymentStatus.aspx', NULL, NULL, NULL, 66813, '2022-05-17'),
(90, 283, '2022-05-17 12:19:03', '500.00', 0, NULL, NULL, NULL, NULL, NULL, '1-MID=BDSKUATY&SECURITYID=bdskuaty&MOBILE_NO=1111111111&CUST_ID=90&TXN_AMOUNT=500&CALLBACK_URL=https://lms.onlinevidyalaya.net/api/v1.0Integration/BillDesk/PaymentStatus.aspx', NULL, NULL, NULL, 66813, '2022-05-17'),
(91, 283, '2022-05-17 12:21:10', '500.00', 0, NULL, NULL, NULL, NULL, NULL, '1-MID=BDSKUATY&SECURITYID=bdskuaty&MOBILE_NO=1111111111&CUST_ID=91&TXN_AMOUNT=500&CALLBACK_URL=https://lms.onlinevidyalaya.net/api/v1.0Integration/BillDesk/PaymentStatus.aspx', NULL, NULL, NULL, 66813, '2022-05-17'),
(92, 283, '2022-05-17 14:54:36', '500.00', 0, NULL, NULL, NULL, NULL, NULL, '1-MID=BDSKUATY&SECURITYID=bdskuaty&MOBILE_NO=1111111111&CUST_ID=92&TXN_AMOUNT=500&CALLBACK_URL=https://lms.onlinevidyalaya.net/api/v1.0Integration/BillDesk/PaymentStatus.aspx', NULL, NULL, NULL, 66813, '2022-05-17'),
(93, 283, '2022-05-17 14:56:59', '500.00', 0, NULL, NULL, NULL, NULL, NULL, '1-MID=BDSKUATY&SECURITYID=bdskuaty&MOBILE_NO=1111111111&CUST_ID=93&TXN_AMOUNT=500&CALLBACK_URL=https://lms.onlinevidyalaya.net/api/v1.0Integration/BillDesk/PaymentStatus.aspx', NULL, NULL, NULL, 66813, '2022-05-17'),
(94, 313, '2022-05-17 18:50:17', '500.00', 0, NULL, NULL, NULL, NULL, NULL, '1-MID=BDSKUATY&SECURITYID=bdskuaty&MOBILE_NO=3333333333&CUST_ID=94&TXN_AMOUNT=500&CALLBACK_URL=https://lms.onlinevidyalaya.net/api/v1.0Integration/BillDesk/PaymentStatus.aspx', NULL, NULL, NULL, 66815, '2022-05-17'),
(95, 313, '2022-05-19 05:18:34', '50.00', 0, NULL, NULL, NULL, 'Cash', NULL, NULL, NULL, NULL, '', 66817, '2022-05-21'),
(96, 318, '2022-05-19 05:34:06', '500.00', 6, NULL, NULL, NULL, 'Cash', NULL, NULL, NULL, NULL, '', 66820, '2022-05-19'),
(97, 320, '2022-05-19 05:36:24', '800.00', 6, NULL, NULL, NULL, 'Cash', NULL, NULL, NULL, NULL, '', 66824, '2022-05-19'),
(98, 283, '2022-05-23 20:04:11', '500.00', 0, NULL, NULL, NULL, NULL, NULL, '1-MID=BDSKUATY&SECURITYID=bdskuaty&MOBILE_NO=1111111111&CUST_ID=98&TXN_AMOUNT=500&CALLBACK_URL=https://lms.onlinevidyalaya.net/api/v1.0Integration/BillDesk/PaymentStatus.aspx', NULL, NULL, NULL, 66813, '2022-05-23'),
(99, 313, '2022-05-25 11:03:38', '500.00', 6, NULL, NULL, NULL, NULL, NULL, '1-MID=BDSKUATY&SECURITYID=bdskuaty&MOBILE_NO=3333333333&CUST_ID=99&TXN_AMOUNT=500&CALLBACK_URL=https://lms.onlinevidyalaya.net/api/v1.0Integration/BillDesk/PaymentStatus.aspx', NULL, NULL, '', 66815, '2022-05-25'),
(100, 283, '2022-06-21 15:20:48', '500.00', 0, NULL, NULL, NULL, NULL, NULL, '1-MID=BDSKUATY&SECURITYID=bdskuaty&MOBILE_NO=1111111111&CUST_ID=100&TXN_AMOUNT=500&CALLBACK_URL=https://lms.onlinevidyalaya.net/api/v1.0/Integration/BillDesk/PaymentStatus.aspx', NULL, NULL, '', 66816, '2022-06-05'),
(101, 283, '2022-06-21 15:20:49', '500.00', 0, NULL, NULL, NULL, NULL, NULL, NULL, NULL, NULL, '', 66816, '2022-06-05'),
(102, 283, '2022-06-21 15:20:50', '500.00', 0, NULL, NULL, NULL, NULL, NULL, NULL, NULL, NULL, '', 66816, '2022-06-05'),
(103, 283, '2022-06-21 15:20:55', '500.00', 0, NULL, NULL, NULL, NULL, NULL, '1-MID=BDSKUATY&SECURITYID=bdskuaty&MOBILE_NO=1111111111&CUST_ID=103&TXN_AMOUNT=500&CALLBACK_URL=https://lms.onlinevidyalaya.net/api/v1.0/Integration/BillDesk/PaymentStatus.aspx', NULL, NULL, '', 66816, '2022-06-05'),
(104, 283, '2022-06-21 15:20:55', '500.00', 0, NULL, NULL, NULL, NULL, NULL, '1-MID=BDSKUATY&SECURITYID=bdskuaty&MOBILE_NO=1111111111&CUST_ID=104&TXN_AMOUNT=500&CALLBACK_URL=https://lms.onlinevidyalaya.net/api/v1.0/Integration/BillDesk/PaymentStatus.aspx', NULL, NULL, '', 66816, '2022-06-05'),
(105, 283, '2022-06-21 15:20:56', '500.00', 0, NULL, NULL, NULL, NULL, NULL, '1-MID=BDSKUATY&SECURITYID=bdskuaty&MOBILE_NO=1111111111&CUST_ID=105&TXN_AMOUNT=500&CALLBACK_URL=https://lms.onlinevidyalaya.net/api/v1.0/Integration/BillDesk/PaymentStatus.aspx', NULL, NULL, '', 66816, '2022-06-05'),
(106, 283, '2022-06-21 15:20:56', '500.00', 0, NULL, NULL, NULL, NULL, NULL, '1-MID=BDSKUATY&SECURITYID=bdskuaty&MOBILE_NO=1111111111&CUST_ID=106&TXN_AMOUNT=500&CALLBACK_URL=https://lms.onlinevidyalaya.net/api/v1.0/Integration/BillDesk/PaymentStatus.aspx', NULL, NULL, '', 66816, '2022-06-05'),
(107, 283, '2022-07-04 13:20:21', '500.00', 0, NULL, NULL, NULL, NULL, NULL, '1-MID=BDSKUATY&SECURITYID=bdskuaty&MOBILE_NO=1111111111&CUST_ID=107&TXN_AMOUNT=500&CALLBACK_URL=https://lms.onlinevidyalaya.net/api/v1.0/Integration/BillDesk/PaymentStatus.aspx', NULL, NULL, '', 66813, '2022-05-05'),
(108, 283, '2022-07-04 13:20:44', '5000.00', 0, NULL, NULL, NULL, NULL, NULL, '1-MID=BDSKUATY&SECURITYID=bdskuaty&MOBILE_NO=1111111111&CUST_ID=108&TXN_AMOUNT=5000&CALLBACK_URL=https://lms.onlinevidyalaya.net/api/v1.0Integration/BillDesk/PaymentStatus.aspx', NULL, NULL, NULL, 66845, '2022-07-04'),
(109, 283, '2022-07-04 13:21:24', '5000.00', 0, NULL, NULL, NULL, NULL, NULL, '1-MID=BDSKUATY&SECURITYID=bdskuaty&MOBILE_NO=1111111111&CUST_ID=109&TXN_AMOUNT=5000&CALLBACK_URL=https://lms.onlinevidyalaya.net/api/v1.0Integration/BillDesk/PaymentStatus.aspx', NULL, NULL, NULL, 66845, '2022-07-04'),
(110, 283, '2022-07-04 13:21:28', '5000.00', 0, NULL, NULL, NULL, NULL, NULL, '1-MID=BDSKUATY&SECURITYID=bdskuaty&MOBILE_NO=1111111111&CUST_ID=110&TXN_AMOUNT=5000&CALLBACK_URL=https://lms.onlinevidyalaya.net/api/v1.0Integration/BillDesk/PaymentStatus.aspx', NULL, NULL, NULL, 66845, '2022-07-04'),
(111, 283, '2022-07-04 14:56:10', '5000.00', 0, NULL, NULL, NULL, NULL, NULL, '1-MID=BDSKUATY&SECURITYID=bdskuaty&MOBILE_NO=1111111111&CUST_ID=111&TXN_AMOUNT=5000&CALLBACK_URL=https://lms.onlinevidyalaya.net/api/v1.0Integration/BillDesk/PaymentStatus.aspx', NULL, NULL, NULL, 66845, '2022-07-04'),
(112, 283, '2022-07-04 17:50:50', '5000.00', 0, NULL, NULL, NULL, NULL, NULL, '1-MID=BDSKUATY&SECURITYID=bdskuaty&MOBILE_NO=1111111111&CUST_ID=112&TXN_AMOUNT=5000&CALLBACK_URL=https://lms.onlinevidyalaya.net/api/v1.0Integration/BillDesk/PaymentStatus.aspx', NULL, NULL, NULL, 66845, '2022-07-04'),
(113, 307, '2023-03-28 03:07:09', '1500.00', 6, NULL, NULL, NULL, 'Cash', NULL, NULL, NULL, NULL, '', 66857, '2023-03-28');

-- --------------------------------------------------------

--
-- Table structure for table `tpaytypemaster`
--

CREATE TABLE IF NOT EXISTS `tpaytypemaster` (
  `Id` int(11) NOT NULL,
  `Code` varchar(20) DEFAULT NULL,
  `Title` varchar(45) DEFAULT NULL,
  `IsObsolete` bit(1) DEFAULT NULL
) ENGINE=InnoDB DEFAULT CHARSET=utf8;

--
-- Dumping data for table `tpaytypemaster`
--

INSERT INTO `tpaytypemaster` (`Id`, `Code`, `Title`, `IsObsolete`) VALUES
(1, 'NB', 'Net Banking', NULL),
(2, 'CC', 'Credit Card', NULL),
(3, 'DC', 'Debit Card', NULL),
(4, 'IMPS', 'IMPS', NULL),
(5, 'AEC', 'American Express Card', NULL);

-- --------------------------------------------------------

--
-- Table structure for table `tquestiontype`
--

CREATE TABLE IF NOT EXISTS `tquestiontype` (
  `Id` int(11) NOT NULL,
  `Title` varchar(45) DEFAULT NULL
) ENGINE=InnoDB AUTO_INCREMENT=4 DEFAULT CHARSET=utf8;

--
-- Dumping data for table `tquestiontype`
--

INSERT INTO `tquestiontype` (`Id`, `Title`) VALUES
(1, 'MCQ'),
(2, 'Integer'),
(3, 'Para');

-- --------------------------------------------------------

--
-- Table structure for table `tregisteredusers`
--

CREATE TABLE IF NOT EXISTS `tregisteredusers` (
  `UserId` int(11) DEFAULT NULL,
  `SourceId` int(11) DEFAULT NULL COMMENT 'StudentId or TeacherId',
  `RoleTypeId` smallint(6) DEFAULT NULL,
  `DeviceToken` varchar(200) CHARACTER SET utf8 DEFAULT NULL,
  `OSTypeId` smallint(6) DEFAULT NULL,
  `AppVersion` varchar(20) CHARACTER SET utf8 DEFAULT NULL,
  `AppName` varchar(100) CHARACTER SET utf8 DEFAULT NULL,
  `CreatedDateTime` datetime NOT NULL
) ENGINE=InnoDB DEFAULT CHARSET=latin1;

--
-- Dumping data for table `tregisteredusers`
--

INSERT INTO `tregisteredusers` (`UserId`, `SourceId`, `RoleTypeId`, `DeviceToken`, `OSTypeId`, `AppVersion`, `AppName`, `CreatedDateTime`) VALUES
(303, 131, 2, '1demo', 101, NULL, NULL, '2022-04-21 15:30:13'),
(306, 134, 2, 'fRU8WyoSRjCfneh0sMDVU_:APA91bHYK7rvgy0WCrx58KoybMfQtENTTHo72a83yYAE4GLpOQTlgSa-rxzgPxBfAVqrEH_F2QpXlDJ3k32JVZ2h79VaqpcrpTMEZT-hfhbfRyhWDa30YWq9_OkStZzk8wmyIGrOVFvc', 1, NULL, NULL, '2022-04-21 22:01:27'),
(310, 137, 2, 'd-4EzsWIRVinAKOHUVI2Ne:APA91bH3nsJQDrtIFiLpW--3O2w9fbbYXzWJz9zMP8VP-BBa01ZriHtT-OeH28UlWRMzvVVkoI56vZDoH6_qKcLgGFG0S7gTdqTZwQ09wDDFkFMKCXTxUY_h-Q9Hc1A-EHmHwj4CRre_', 1, NULL, NULL, '2022-04-25 15:35:45'),
(314, 283, 1, 'eVPhk47ETyCiN9Q602r_-M:APA91bHP7IPIPGJ_9CRod_09ATboH6rAhYB61BlQWPAAE2FyZfO5DnpkGSuFTrmSUQ077M-nnBkVZL6hum4W3q-N7KC6XYJvzyw7xn1vdPREcs2YYrj4yporjwr39qYNmskTCjZt9nPY', 1, NULL, NULL, '2022-04-25 16:13:05'),
(315, 285, 1, 'ckp3yu-2RsSZNWzyUUnAx4:APA91bGtxvFM3AGsKvCsUds2IzmGqU2UQ1kDsS5JICL5KguP4pWbbWCYOlsPRS9bFViAKvdm1f2nAlGRszQnjc_ibuF-YpUrO0s3040GdgYRXEGNdvmbuTJTVR9QYtN1W2AuIgKqrOjA', 1, NULL, NULL, '2022-04-26 11:59:29'),
(326, 294, 1, 'd8PlDwYDS46NIRkcAT0y_H:APA91bHfUjwuCM5NnCOeDn_XrzzTMCVV5RpJvrDiEzlbtt2ikqZfP06_WHGYSirWEaoMLiU3yze3G0i1qQW_EnLh0KL5ZzC7KSVxCUnClTr5VkGP773hOndhiuow3oUHbDbc1T-GvHtN', 1, NULL, NULL, '2022-04-26 16:15:46'),
(328, 295, 1, 'f1Q_OT68TmSuTu3Nvm9C3L:APA91bEZKyDpkIbvR0G8AfSIZZuNbyodsaHCo47PnTXymGEAQlhTf2ON0prrHQjaE-uwuW9HDOWhZQ-cLGXRvJy39_kRwq1-83QYvFm_mvCwobgwhinE5suyeUqmKR0RIFfTDGMbwvCV', 1, NULL, NULL, '2022-04-26 18:08:09'),
(308, 277, 1, 'cHqrWyzTTAWettzWK219UQ:APA91bFR0HkoBIxld6yHUZUdO32QkLmBom9ObKyJL2dlt7SVDNfqqITZqKcgDd6srpn0qN2JzJhASQt3wOnR4p3NcN4IUXFXnja8ayPB5S2gLO5U0LzHnez7bgxbbG9j9afMJUx1SfpC', 1, NULL, NULL, '2022-04-27 16:08:37'),
(332, 143, 2, 'eKpyjR2g_Ernnf2Irf-KPr:APA91bGi8ZpGMREc4ZqOzc8Z-gd0toz7dbAxgmgd5iN_7Bn_kSBqIHmVNankqyRYDnBuyxN0lRmp3gj-ZeC4lsjFkoCHw6sL9GwRpDrBBMVyP3QbXnqdsqxZDjbvFux9w8oI7gYbgFry', 1, NULL, NULL, '2022-05-02 10:37:28'),
(312, 279, 1, 'eEKVHnzPRBa_awqh-703ss:APA91bHkA7kk3YADj1WEpiCYi85dsNzWE8dCKNteW-M5d16OTdiVj14wYkZl2-tpAErMW22NWQGcV_k4r9GzHn1Wm5Omu94FcVNqAseHhXZOLHC3HpRmJPSyDTpx78eAKnZpp0F5DhUb', 1, NULL, NULL, '2022-05-02 10:43:15'),
(337, 301, 1, 'd0LsIod_SUm_bP4wkcJZz2:APA91bHxyPgkgS98obbxiwG2L0Bq8OdOaeYjFOOAFljKJXYQigtLJvy3FR87r1-SoGSs-bcWHlEkI-4J7Mt8oCZdupKj8MTtiFyX2RsrRy1w2KhaHFQqnfqFRpB2HB2iOB2vGakcFUwN', 1, NULL, NULL, '2022-05-02 18:34:14'),
(338, 302, 1, 'd0LsIod_SUm_bP4wkcJZz2:APA91bHxyPgkgS98obbxiwG2L0Bq8OdOaeYjFOOAFljKJXYQigtLJvy3FR87r1-SoGSs-bcWHlEkI-4J7Mt8oCZdupKj8MTtiFyX2RsrRy1w2KhaHFQqnfqFRpB2HB2iOB2vGakcFUwN', 1, NULL, NULL, '2022-05-02 18:37:04'),
(339, 303, 1, 'd0LsIod_SUm_bP4wkcJZz2:APA91bHxyPgkgS98obbxiwG2L0Bq8OdOaeYjFOOAFljKJXYQigtLJvy3FR87r1-SoGSs-bcWHlEkI-4J7Mt8oCZdupKj8MTtiFyX2RsrRy1w2KhaHFQqnfqFRpB2HB2iOB2vGakcFUwN', 1, NULL, NULL, '2022-05-02 18:39:25'),
(315, 282, 1, 'ckp3yu-2RsSZNWzyUUnAx4:APA91bGtxvFM3AGsKvCsUds2IzmGqU2UQ1kDsS5JICL5KguP4pWbbWCYOlsPRS9bFViAKvdm1f2nAlGRszQnjc_ibuF-YpUrO0s3040GdgYRXEGNdvmbuTJTVR9QYtN1W2AuIgKqrOjA', 1, NULL, NULL, '2022-05-02 18:41:21'),
(340, 304, 1, 'd0LsIod_SUm_bP4wkcJZz2:APA91bHxyPgkgS98obbxiwG2L0Bq8OdOaeYjFOOAFljKJXYQigtLJvy3FR87r1-SoGSs-bcWHlEkI-4J7Mt8oCZdupKj8MTtiFyX2RsrRy1w2KhaHFQqnfqFRpB2HB2iOB2vGakcFUwN', 1, NULL, NULL, '2022-05-02 18:43:29'),
(341, 305, 1, 'd0LsIod_SUm_bP4wkcJZz2:APA91bHxyPgkgS98obbxiwG2L0Bq8OdOaeYjFOOAFljKJXYQigtLJvy3FR87r1-SoGSs-bcWHlEkI-4J7Mt8oCZdupKj8MTtiFyX2RsrRy1w2KhaHFQqnfqFRpB2HB2iOB2vGakcFUwN', 1, NULL, NULL, '2022-05-02 18:53:47'),
(344, 307, 1, 'fPHLYY6dREKrxK8gQyLkN0:APA91bGwjpXguT05TfQzZpYc_hbPJIDej_-nHDuC_2Zs9fe3AKzW1sR9YisFMH5vPTPtX3V93YIOpIJBrsYgvk8sv-X7YfLECoTLa13AFcEDE33yINsZ-U3G0VBqsWYMFqkPWR24jrAj', 1, NULL, NULL, '2022-05-03 16:13:48'),
(345, 145, 2, '', 2, NULL, NULL, '2022-05-03 16:28:09'),
(302, 310, 1, 'd5TWz1tVQfCWh2od3PwRCR:APA91bE_aRdu7EBy0iWYnS1iPVQV1apesKT1VDKHqPOLdcHSWwPaSyErQxI5zYeEq1GuLH25YjoLxBy-bq5vBRx4FBz44CDVePwnCRv_pSsNiCyTTTzkcZQjZpvV92zq0AU5ibG-x4BD', 1, NULL, NULL, '2022-05-04 09:50:36'),
(349, 146, 2, 'd_DT8WUnSNG8kJL5zgPk-V:APA91bEjIg5BuESJ01xyXCrS3LWCiA8KaQu7xnvsP47o6yCacAnh6JuMlz02q0YLnRJECc8gr1FcF7neXAN39PFTOjKvyzv_2N41Stp_QKmxanoAu6u-5bhINLEk3t8i-Bju1tE11LyG', 1, NULL, NULL, '2022-05-04 11:28:38'),
(350, 312, 1, 'd_DT8WUnSNG8kJL5zgPk-V:APA91bEjIg5BuESJ01xyXCrS3LWCiA8KaQu7xnvsP47o6yCacAnh6JuMlz02q0YLnRJECc8gr1FcF7neXAN39PFTOjKvyzv_2N41Stp_QKmxanoAu6u-5bhINLEk3t8i-Bju1tE11LyG', 1, NULL, NULL, '2022-05-04 11:33:30'),
(351, 147, 2, 'cuPxd_NOS3G5DIgBPI8HBA:APA91bGrIxwlMtepaouqWICFtvcEmtje5C7Bk-auu9EJleBOYqFtWT1E0cONpKHIT52QVFrtVwkQC9rWzKTBZAmLYyqmhx_UL0mo7HCc47PYoGczu6eAuyHYg-W2grUwnTfUEbn3hh7x', 1, NULL, NULL, '2022-05-05 11:34:54'),
(352, 313, 1, '', 1, NULL, NULL, '2022-05-05 11:40:51'),
(351, 148, 2, 'cuPxd_NOS3G5DIgBPI8HBA:APA91bGrIxwlMtepaouqWICFtvcEmtje5C7Bk-auu9EJleBOYqFtWT1E0cONpKHIT52QVFrtVwkQC9rWzKTBZAmLYyqmhx_UL0mo7HCc47PYoGczu6eAuyHYg-W2grUwnTfUEbn3hh7x', 1, NULL, NULL, '2022-05-05 12:40:48'),
(353, 149, 2, 'c8Goz0CRQoOnTCoPqB_nLn:APA91bFCAUw9wfO8hgXF5CvawTnhT-qQhCi_5uDv_vDcG1EdsJiQckzP4UWuTfWT7P7LMGT6AyZCPhHp8roq9UrcT2ncMz6oC6c-RuZdD65DK5bZEUzEM3LdlgX5d0JRQygtW4-pIIVw', 1, NULL, NULL, '2022-05-05 13:03:29'),
(351, 152, 2, 'cuPxd_NOS3G5DIgBPI8HBA:APA91bGrIxwlMtepaouqWICFtvcEmtje5C7Bk-auu9EJleBOYqFtWT1E0cONpKHIT52QVFrtVwkQC9rWzKTBZAmLYyqmhx_UL0mo7HCc47PYoGczu6eAuyHYg-W2grUwnTfUEbn3hh7x', 1, NULL, NULL, '2022-05-05 17:26:26'),
(357, 156, 2, 'cjB-aQv_QJW9hHh5QnfYyN:APA91bF3Y4fhsoGbCp4umNgasXacD4ZSBAchEAJbI65gMoSd71TDKcitYp1Rx3utwyYenjiUktnIag94lb_6sLu5uOjqNGD-0sHRXOexUR6MtCAhlqRX2-EQtXgdxY9a0qzZ_nwijps8', 1, NULL, NULL, '2022-05-06 19:02:01'),
(360, 157, 2, 'd5TWz1tVQfCWh2od3PwRCR:APA91bE_aRdu7EBy0iWYnS1iPVQV1apesKT1VDKHqPOLdcHSWwPaSyErQxI5zYeEq1GuLH25YjoLxBy-bq5vBRx4FBz44CDVePwnCRv_pSsNiCyTTTzkcZQjZpvV92zq0AU5ibG-x4BD', 1, NULL, NULL, '2022-05-12 12:14:35'),
(361, 318, 1, 'eWrAStK7S2uHlEC3FDDtqf:APA91bED2vdlD8ed1FKKp6cxOlYPIehAKaAdCJoJyjDqZ8lwi1eTEfn1WknjSkvMtHAzx5C_knxUWI8L2FBtBTTkiXAlRQhkwwlgt4s1JHCryd53RIAjeRx7MQmNs3BrJvhB7QwmXgOf', 1, NULL, NULL, '2022-05-16 18:39:17'),
(365, 321, 1, '', 1, NULL, NULL, '2022-05-23 15:15:32'),
(366, 323, 1, '', 1, NULL, NULL, '2022-05-23 15:21:55'),
(373, 159, 2, 'ekwrKO32TCO9aGgHaRVMVX:APA91bH0D3b9dlFFYaBwppmM3PW2eBCUqLOhyvPC67vOdUJajjMdRp-_MrHXdJ_yUsrdi45y37LqasDtxMvsxEBvSSw6MEMKcwk6JIS07lfNtwT0LBelSR5J_L_PFVV2auLnZ2Krm3th', 1, NULL, NULL, '2022-05-31 15:19:31'),
(376, 332, 1, 'd0LsIod_SUm_bP4wkcJZz2:APA91bHxyPgkgS98obbxiwG2L0Bq8OdOaeYjFOOAFljKJXYQigtLJvy3FR87r1-SoGSs-bcWHlEkI-4J7Mt8oCZdupKj8MTtiFyX2RsrRy1w2KhaHFQqnfqFRpB2HB2iOB2vGakcFUwN', 1, NULL, NULL, '2022-06-28 16:31:42'),
(378, 335, 1, 'flzBP44lR7uKi0w5NeTe4Z:APA91bE0MUuifANVVQYMQEWO-2D5a3CgWcmOlmernbWCbctupIFWZskm3e9HsdX1zUW_9Tm5AMp-htkJ8px0YELvbFjwhN0LnDJ_i7vsw0o7RDJeYwdwUiY1mnOV2xW0jW4sRu6IqNo-', 1, NULL, NULL, '2022-07-20 16:31:31'),
(319, 293, 1, 'fkfulgENQZ-DrSrz1F5JIX:APA91bEEkmuGvFpfWd3g7EVLQel-u_j0eLeJi-ufjfXN5RYfv2CY1-8UqkVyLs2-yyfHd3ja-p1fViltJDnUclZwHabBJUhVlTUyOSjH3F9wkH88kXRv-cu6E8_W-o6VGEk_7N2XkM7U', 1, NULL, NULL, '2022-07-22 11:46:43'),
(306, 161, 2, 'fRU8WyoSRjCfneh0sMDVU_:APA91bHYK7rvgy0WCrx58KoybMfQtENTTHo72a83yYAE4GLpOQTlgSa-rxzgPxBfAVqrEH_F2QpXlDJ3k32JVZ2h79VaqpcrpTMEZT-hfhbfRyhWDa30YWq9_OkStZzk8wmyIGrOVFvc', 1, NULL, NULL, '2022-08-22 11:49:18'),
(442, 163, 2, 'ca4p9TXv-kArv5zjfm3VLD:APA91bHUKMaCEMWDNWwsdJB_00EUm1FfWO-H6hg3jm4-D8w_0wOugcDKuxJIrYiW6ub4TenjTo1pLZh6OVU-wK95DNXEwg57tiYkS_PKbi6qX6Dy4aal7pftvbdCYVlEyEGkNtTiyo4p', 2, NULL, NULL, '2023-03-14 16:49:02'),
(444, 164, 2, 'e5h-CKlnR0eykEY_u30fjO:APA91bHqt69a1Yx2FBvA7pG6vj-Gk7WGYWGRHGllr7uZwnstQhA0LltvYkbR2fl7E3YavI2GBmCPyhx8427px79CPVCnMbfOkZUAJy9OUpIJAfJzZSkudDmQZ8b2Nic80VrXLKn5B12q', 2, NULL, NULL, '2023-03-17 15:14:30'),
(448, 166, 2, '', 1, NULL, NULL, '2023-05-18 16:20:55'),
(449, 414, 1, 'fwXT-FqQSIKaod7qVP57eB:APA91bGUz8E9LV3ykCQ2AQbJM-73nHnORid81yacehWLUfgg4uUzCgquEx3g31_qWgPInyTXxeMjtOG_T7UqAeVRCTZyDLC-KM0Hh4bIku5KdO5lt7JLdCsULPH_PsAC82E10rjh4kEn', 1, NULL, NULL, '2023-05-18 16:23:32'),
(313, 280, 1, 'dqYhhEl2RA2xruL4MsmJGU:APA91bHtcTPvPsIsR7OiQQdtGnSCZj4-Y4QR_UEpKbMuMsWRGnYfkoae1Xa8w_RmlQr8Me59AUKLRCjMCZgbh4-StasIlW49gtZLjkYGRIv8cS7mELQX2rzRds0TMswcRkOnQceRuQ_x', 1, NULL, NULL, '2023-05-29 12:41:01'),
(306, 133, 2, 'fRU8WyoSRjCfneh0sMDVU_:APA91bHYK7rvgy0WCrx58KoybMfQtENTTHo72a83yYAE4GLpOQTlgSa-rxzgPxBfAVqrEH_F2QpXlDJ3k32JVZ2h79VaqpcrpTMEZT-hfhbfRyhWDa30YWq9_OkStZzk8wmyIGrOVFvc', 1, NULL, NULL, '2023-06-01 16:32:18'),
(313, 417, 1, 'czTifU4fSLa5Xy72PLB2Zc:APA91bHlJGawun6r-TsC66Ce57gsvp3XSqVQo4u3jY1HpDwBruLMG4WifXv_rHZmFL87lk1r7ycC6IKMYWvUgZ-2w41fk9owu4DJkDkmrqwfqxMiToPgUMdqJf_Gz_fSyOvn_G-WQjOu', 1, NULL, NULL, '2023-06-02 11:46:15'),
(306, 135, 2, 'fRU8WyoSRjCfneh0sMDVU_:APA91bHYK7rvgy0WCrx58KoybMfQtENTTHo72a83yYAE4GLpOQTlgSa-rxzgPxBfAVqrEH_F2QpXlDJ3k32JVZ2h79VaqpcrpTMEZT-hfhbfRyhWDa30YWq9_OkStZzk8wmyIGrOVFvc', 1, NULL, NULL, '2023-06-02 15:13:34'),
(313, 420, 1, 'dPYhWWkMQuyIboq4Szxhkv:APA91bHF_nnmPXVnH3og6262u5DLf7iE7IZBozXILjwGiBr5JQhbclTtXhl-IEP8g_AruSL3u4PwTWBdLj3v3Ch6sfd9soi0nNotHK0BpbpUyoZzI0nRkj-cNvl7WMq4Oa_WFPwzc4EB', 1, NULL, NULL, '2023-06-02 18:06:44'),
(454, 170, 2, 'dWGLw4nYQTyrP10usqMAYo:APA91bHc5dNApIxcXMN1j5FQNVEyzkU_v48AGb_XGU3WFRX8_ysezIs_LlArBBeSiXnVdvEuIzSURpx0XK0QeSzsat3O2hhyPSMC2cHZ_QB7kFn52JgpzldFSJ5W_f0yM5Hpn_6nDt61', 1, NULL, NULL, '2023-06-06 11:02:49');

-- --------------------------------------------------------

--
-- Table structure for table `tresult`
--

CREATE TABLE IF NOT EXISTS `tresult` (
  `Id` int(11) NOT NULL,
  `TestId` int(11) DEFAULT NULL,
  `StudentId` int(11) DEFAULT NULL,
  `ExamDate` datetime DEFAULT NULL,
  `TotalMarks` decimal(8,2) DEFAULT NULL,
  `ObtainMarks` decimal(8,2) DEFAULT NULL,
  `StartTime` time DEFAULT NULL,
  `EndTime` time DEFAULT NULL,
  `TimeTaken` time DEFAULT NULL,
  `TotalQuestion` int(11) DEFAULT NULL,
  `RighAnswers` int(11) DEFAULT NULL,
  `WrongAnswers` int(11) DEFAULT NULL,
  `SkippedQuestions` int(11) DEFAULT NULL,
  `IsGenerated` tinyint(1) DEFAULT NULL
) ENGINE=InnoDB AUTO_INCREMENT=95 DEFAULT CHARSET=utf8;

--
-- Dumping data for table `tresult`
--

INSERT INTO `tresult` (`Id`, `TestId`, `StudentId`, `ExamDate`, `TotalMarks`, `ObtainMarks`, `StartTime`, `EndTime`, `TimeTaken`, `TotalQuestion`, `RighAnswers`, `WrongAnswers`, `SkippedQuestions`, `IsGenerated`) VALUES
(84, 1092, 283, '2022-04-26 00:00:00', '2.00', '2.00', '13:23:00', '01:25:07', '-11:57:53', 1, 1, 0, 0, 1),
(85, 1105, 283, '2022-04-26 00:00:00', '8.00', '5.00', '16:35:00', '04:41:47', '-11:53:13', 4, 3, 1, 0, 1),
(86, 1150, 283, '2022-05-05 00:00:00', '5.00', '-1.00', '18:59:00', '07:01:44', '-11:57:16', 1, 0, 1, 0, 1),
(87, 1155, 313, '2022-05-10 00:00:00', '2.00', '-1.00', '14:30:00', '02:38:12', '-11:51:48', 1, 0, 1, 0, 1),
(88, 1097, 283, '2022-05-16 00:00:00', '9.00', '1.00', '10:38:00', '15:19:13', '04:41:13', 5, 2, 2, 0, 1),
(89, 1096, 283, '2022-05-16 00:00:00', '3.00', '1.00', '15:48:00', '16:15:42', '00:27:42', 2, 1, 0, 0, 1),
(90, 1170, 283, '2022-05-16 00:00:00', '50.00', '50.00', '16:32:00', '04:34:08', '-11:57:52', 1, 1, 0, 0, 1),
(91, 1169, 283, '2022-05-20 00:00:00', '0.00', NULL, '12:45:00', '19:45:03', '07:00:03', 1, 0, 0, 0, 0),
(92, 1176, 283, '2022-05-24 00:00:00', '8.00', '49.00', '12:11:00', '03:15:21', '-08:55:39', 5, 5, 0, 0, 0),
(93, 1178, 283, '2022-05-24 00:00:00', '4.00', '42.00', '15:30:00', '16:13:04', '00:43:04', 2, 0, 0, 0, 1),
(94, 1177, 283, '2022-05-25 00:00:00', '8.00', '4.00', '15:28:00', '03:29:57', '-11:58:03', 2, 1, 0, 0, 1);

-- --------------------------------------------------------

--
-- Table structure for table `troletypemaster`
--

CREATE TABLE IF NOT EXISTS `troletypemaster` (
  `Id` int(11) NOT NULL,
  `Title` varchar(45) NOT NULL,
  `IsObsolete` bit(1) DEFAULT NULL
) ENGINE=InnoDB AUTO_INCREMENT=5 DEFAULT CHARSET=utf8;

--
-- Dumping data for table `troletypemaster`
--

INSERT INTO `troletypemaster` (`Id`, `Title`, `IsObsolete`) VALUES
(1, 'Student', b'0'),
(2, 'Teacher', b'0'),
(3, 'Admin', b'0'),
(4, 'SuperAdmin', b'0');

-- --------------------------------------------------------

--
-- Table structure for table `tsignalrconnection`
--

CREATE TABLE IF NOT EXISTS `tsignalrconnection` (
  `Id` int(11) NOT NULL,
  `ConnectionId` varchar(500) DEFAULT NULL,
  `IsConnected` tinyint(1) DEFAULT NULL,
  `ConnectionDateTime` datetime DEFAULT NULL,
  `DisconnectedDateTime` datetime DEFAULT NULL,
  `UserId` int(11) DEFAULT NULL,
  `SourceId` int(11) DEFAULT NULL,
  `RoleTypeId` smallint(6) DEFAULT NULL
) ENGINE=InnoDB AUTO_INCREMENT=22 DEFAULT CHARSET=utf8;

--
-- Dumping data for table `tsignalrconnection`
--

INSERT INTO `tsignalrconnection` (`Id`, `ConnectionId`, `IsConnected`, `ConnectionDateTime`, `DisconnectedDateTime`, `UserId`, `SourceId`, `RoleTypeId`) VALUES
(1, '5pL3C31mJuGS06hiNFAk2A', 0, '2023-06-02 11:42:32', '2023-06-02 14:36:07', 446, NULL, NULL),
(2, 'JIbbLhADkmbBpnLMtwugOw', 0, '2023-06-02 11:42:39', '2023-06-02 14:36:07', 446, NULL, NULL),
(3, 'x6WTF4L4mxW9ztMgkSyM2Q', 0, '2023-06-02 11:48:44', '2023-06-02 12:14:44', 304, NULL, NULL),
(4, 'UauLbrUws23xD4S7UfPJpg', 0, '2023-06-02 11:48:58', '2023-06-02 12:14:44', 304, NULL, NULL),
(5, 'yYkeJn07sfAJvuHyzkJ9Zw', 0, '2023-06-02 11:49:01', '2023-06-02 12:14:44', 304, NULL, NULL),
(6, 'ZK0i0a95b7bbQw9b7t9bww', 0, '2023-06-02 11:49:09', '2023-06-02 12:13:47', 313, NULL, NULL),
(7, 'W8zhUWg1tfS_awh19g8YLg', 0, '2023-06-02 11:49:14', '2023-06-02 12:13:47', 313, NULL, NULL),
(8, 'XTF58S7IrBcrtsV-Jw4O0Q', 0, '2023-06-02 11:49:27', '2023-06-02 12:13:47', 313, NULL, NULL),
(9, '-HKQoemtAkx0t5qxq0vpQA', 0, '2023-06-02 11:50:29', '2023-06-02 12:13:47', 313, NULL, NULL),
(10, 'XppT8X8KVMfz4H3jcUBbgg', 0, '2023-06-02 11:51:10', '2023-06-02 12:13:47', 313, NULL, NULL),
(11, 'evrS5vgDjaRf0oESElaVbQ', 0, '2023-06-02 11:51:18', '2023-06-02 12:13:47', 313, NULL, NULL),
(12, 'ovsNMTBnHot1vPR6u9gRUg', 0, '2023-06-02 11:57:37', '2023-06-02 14:36:07', 446, NULL, NULL),
(13, 'iUX6fL50Y60MNqj0nuYfNg', 0, '2023-06-02 11:57:42', '2023-06-02 14:36:07', 446, NULL, NULL),
(14, 'TCNCq8pQzOU4hwWaXxReWQ', 0, '2023-06-02 11:59:18', '2023-06-02 12:13:47', 313, NULL, NULL),
(15, 'ooehovG6Vcwn_WDtjZbnhg', 0, '2023-06-02 12:13:42', '2023-06-02 12:13:47', 313, NULL, NULL),
(16, 'ZrgteJRjGhtsBYt6O00Y8g', 1, '2023-06-02 12:13:47', NULL, 313, NULL, NULL),
(17, 'pwCXkvj6bp_0Cv1zB_ZiEQ', 0, '2023-06-02 12:14:38', '2023-06-02 12:14:44', 304, NULL, NULL),
(18, 't8ztpUiXb-oICkgNnCLmWA', 0, '2023-06-02 12:14:40', '2023-06-02 12:14:44', 304, NULL, NULL),
(19, 'PkIWR9HyyZDHLHMFxmWvWw', 1, '2023-06-02 12:14:44', NULL, 304, NULL, NULL),
(20, '1WivvbbPuxdj14jk4MTt0Q', 0, '2023-06-02 14:36:04', '2023-06-02 14:36:07', 446, NULL, NULL),
(21, 'UvxY7vs5wnnM_awJgRWIBg', 1, '2023-06-02 14:36:07', NULL, 446, NULL, NULL);

-- --------------------------------------------------------

--
-- Table structure for table `tsmsconfiguration`
--

CREATE TABLE IF NOT EXISTS `tsmsconfiguration` (
  `SMSURL` varchar(1000) CHARACTER SET utf8 DEFAULT NULL,
  `SMSCreditURL` varchar(1000) CHARACTER SET utf8 DEFAULT NULL,
  `LoginId` varchar(50) CHARACTER SET utf8 DEFAULT NULL,
  `LoginPassword` varchar(50) CHARACTER SET utf8 DEFAULT NULL,
  `LoginSenderId` varchar(50) CHARACTER SET utf8 DEFAULT NULL,
  `SMSXMLURL` varchar(1000) CHARACTER SET utf8 DEFAULT NULL,
  `VendorId` smallint(6) DEFAULT NULL,
  `SMSUnicodeURL` varchar(1000) CHARACTER SET utf8 DEFAULT NULL,
  `PEID` varchar(45) CHARACTER SET utf8 DEFAULT NULL
) ENGINE=InnoDB DEFAULT CHARSET=latin1;

--
-- Dumping data for table `tsmsconfiguration`
--

INSERT INTO `tsmsconfiguration` (`SMSURL`, `SMSCreditURL`, `LoginId`, `LoginPassword`, `LoginSenderId`, `SMSXMLURL`, `VendorId`, `SMSUnicodeURL`, `PEID`) VALUES
('http://mobi1.blogdns.com/WebSMSS/SMSSenders.aspx?UserID= [LoginUser]&UserPass=[LoginPassword]&Message=[message]&MobileNo=[mobileno]&GSMID=[LoginSenderId]', 'http://mobi1.blogdns.com/smsserver/logonchk.asp?UserId=[LoginUser]&UserPassWord=[LoginPassword]', 'SappCRM', 'h4M1MTu9p/GG6GGAcUozQYhS1JuQdC45ubpZRMqu63s=', 'VIDSFT', 'http://mobi1.blogdns.com/webservicetest/service.asmx', 1, 'http://mobi1.blogdns.com/xmlapi/SendSMSMID_unicode.aspx', '1101687010000023627');

-- --------------------------------------------------------

--
-- Table structure for table `tstatemaster`
--

CREATE TABLE IF NOT EXISTS `tstatemaster` (
  `Id` int(11) NOT NULL,
  `Code` varchar(45) NOT NULL,
  `Title` varchar(45) NOT NULL,
  `IsObsolete` bit(1) NOT NULL
) ENGINE=InnoDB AUTO_INCREMENT=2 DEFAULT CHARSET=utf8;

--
-- Dumping data for table `tstatemaster`
--

INSERT INTO `tstatemaster` (`Id`, `Code`, `Title`, `IsObsolete`) VALUES
(1, 'Guj', 'Gujarat', b'0');

-- --------------------------------------------------------

--
-- Table structure for table `tstatusmaster`
--

CREATE TABLE IF NOT EXISTS `tstatusmaster` (
  `Id` smallint(6) NOT NULL,
  `StatusTypeId` smallint(6) NOT NULL,
  `Code` varchar(50) NOT NULL,
  `Title` varchar(50) NOT NULL,
  `IsObsolete` bit(1) NOT NULL
) ENGINE=InnoDB DEFAULT CHARSET=utf8;

--
-- Dumping data for table `tstatusmaster`
--

INSERT INTO `tstatusmaster` (`Id`, `StatusTypeId`, `Code`, `Title`, `IsObsolete`) VALUES
(1, 1, 'Approved', 'Approved', b'0'),
(2, 1, 'Pending', 'Pending', b'0'),
(3, 2, 'LT30', 'Less than 30 Students', b'0'),
(4, 2, 'GT30', 'Greater than 30 Students', b'0'),
(5, 3, 'Folder', 'Folder', b'0'),
(6, 3, 'Doc', 'Document', b'0'),
(7, 3, 'Link', 'Link', b'0'),
(8, 3, 'YTLink', 'Youtube Link', b'0'),
(9, 6, 'A', 'About', b'0'),
(10, 6, 'SML', 'Social Media Link', b'0'),
(11, 4, 'J', 'Joined', b'0'),
(12, 4, 'NJ', 'Not Joined', b'0'),
(13, 7, 'A', 'Attempted', b'0'),
(14, 7, 'NA', 'Not Attempted', b'0'),
(15, 7, 'SK', 'Skipped', b'0'),
(16, 8, 'Not Started', 'Not Started', b'0'),
(17, 8, 'Started', 'Started', b'0'),
(18, 8, 'Completed', 'Completed', b'0'),
(19, 8, 'Checking', 'Checking', b'0'),
(20, 3, 'Img', 'Image', b'0'),
(21, 6, 'BI', 'Basic Info', b'0'),
(22, 6, 'ParentInfo', 'Parents Info', b'0'),
(23, 6, 'PI', 'Personal Info', b'0'),
(24, 9, 'HVH', 'Homework View History', b'0'),
(25, 9, 'SMVH', 'Study Material View History', b'0');

-- --------------------------------------------------------

--
-- Table structure for table `tstatustypemaster`
--

CREATE TABLE IF NOT EXISTS `tstatustypemaster` (
  `Id` smallint(6) NOT NULL,
  `Code` varchar(50) DEFAULT NULL,
  `Title` varchar(50) DEFAULT NULL,
  `TitleResourceKeyId` smallint(6) DEFAULT NULL,
  `IsObsolete` bit(1) DEFAULT NULL
) ENGINE=InnoDB DEFAULT CHARSET=utf8;

--
-- Dumping data for table `tstatustypemaster`
--

INSERT INTO `tstatustypemaster` (`Id`, `Code`, `Title`, `TitleResourceKeyId`, `IsObsolete`) VALUES
(1, 'HS', 'Homework Status', 0, b'0'),
(2, 'SC', 'StudentCount', 0, b'0'),
(3, 'LC', 'LibraryContent', 0, b'0'),
(4, 'SS', 'Student Status', 0, b'0'),
(5, 'SP', 'Student Profile Status', 0, b'1'),
(6, 'PS', 'Profile Status', 0, b'0'),
(7, 'SETS', 'Student ETest Status', 0, b'0'),
(8, 'ETS', 'ETest Status', 0, b'0'),
(9, 'VH', 'View History', 0, b'0');

-- --------------------------------------------------------

--
-- Table structure for table `tstudent`
--

CREATE TABLE IF NOT EXISTS `tstudent` (
  `Id` int(11) NOT NULL,
  `Code` varchar(10) DEFAULT NULL,
  `UserId` int(11) DEFAULT NULL,
  `FirstName` varchar(100) DEFAULT NULL,
  `LastName` varchar(100) DEFAULT NULL,
  `EmailId` varchar(100) DEFAULT NULL,
  `RollNo` int(11) DEFAULT NULL,
  `DateOfBirth` date DEFAULT NULL,
  `StatusId` int(11) DEFAULT NULL,
  `InstituteId` int(11) DEFAULT NULL,
  `CreateduserId` int(11) DEFAULT NULL,
  `CreatedDateTime` datetime DEFAULT NULL,
  `UpdatedDateTime` datetime DEFAULT NULL,
  `GenderId` int(11) DEFAULT NULL,
  `BloodGroupId` int(11) DEFAULT NULL,
  `AadharCardNumber` varchar(12) DEFAULT NULL,
  `DateOfJoining` date DEFAULT NULL,
  `PermenantAddress` varchar(500) DEFAULT NULL,
  `FatherName` varchar(100) DEFAULT NULL,
  `FatherContactNumber` varchar(12) DEFAULT NULL,
  `MotherName` varchar(100) DEFAULT NULL,
  `MotherContactNumber` varchar(12) DEFAULT NULL
) ENGINE=InnoDB AUTO_INCREMENT=422 DEFAULT CHARSET=utf8;

--
-- Dumping data for table `tstudent`
--

INSERT INTO `tstudent` (`Id`, `Code`, `UserId`, `FirstName`, `LastName`, `EmailId`, `RollNo`, `DateOfBirth`, `StatusId`, `InstituteId`, `CreateduserId`, `CreatedDateTime`, `UpdatedDateTime`, `GenderId`, `BloodGroupId`, `AadharCardNumber`, `DateOfJoining`, `PermenantAddress`, `FatherName`, `FatherContactNumber`, `MotherName`, `MotherContactNumber`) VALUES
(274, 'ICBCNM', 305, NULL, NULL, NULL, NULL, NULL, NULL, 0, NULL, '2022-04-21 15:39:37', '2022-04-21 15:39:37', NULL, NULL, NULL, NULL, NULL, NULL, NULL, NULL, NULL),
(275, NULL, 305, NULL, NULL, NULL, NULL, NULL, 11, 103, NULL, '2022-04-21 16:44:39', NULL, NULL, NULL, NULL, NULL, NULL, NULL, NULL, NULL, NULL),
(277, 'GRUOIK', 308, NULL, NULL, '', 0, NULL, 11, 104, NULL, '2022-04-21 21:45:45', '2022-04-27 16:11:11', NULL, NULL, NULL, '2022-04-27', NULL, NULL, NULL, NULL, NULL),
(278, 'SMMZNP', 309, NULL, NULL, NULL, NULL, NULL, NULL, 0, NULL, '2022-04-25 15:06:50', '2022-04-25 15:06:50', NULL, NULL, NULL, NULL, NULL, NULL, NULL, NULL, NULL),
(279, 'SAZPJT', 312, NULL, NULL, NULL, NULL, NULL, 11, 108, 304, '2022-04-25 15:36:34', '2022-05-02 10:43:15', NULL, NULL, NULL, '2022-05-02', NULL, NULL, NULL, NULL, NULL),
(280, 'AHSISX', 313, NULL, NULL, NULL, NULL, NULL, 11, 108, 304, '2022-04-25 15:45:20', '2023-05-29 12:41:00', NULL, NULL, NULL, '2023-05-29', NULL, NULL, NULL, NULL, NULL),
(281, 'OAYRPS', 314, NULL, NULL, NULL, NULL, NULL, NULL, 0, NULL, '2022-04-25 15:46:16', '2022-04-25 15:46:16', NULL, NULL, NULL, NULL, NULL, NULL, NULL, NULL, NULL),
(282, 'CPFUQH', 315, NULL, NULL, 'rakeshrk.RP@gmail.com', 0, NULL, 11, 104, NULL, '2022-04-25 15:47:51', '2022-05-02 18:46:38', NULL, NULL, NULL, '2022-05-02', NULL, NULL, NULL, NULL, NULL),
(283, NULL, 314, NULL, NULL, 'rp@gmail.com', 0, NULL, 11, 111, 139, '2022-04-25 15:57:51', '2022-04-26 11:59:58', NULL, NULL, NULL, NULL, NULL, NULL, NULL, NULL, NULL),
(284, NULL, 317, NULL, NULL, 'rp@gmail.com', 0, '2022-04-29', 12, 108, 132, '2022-04-25 19:14:26', '2022-04-28 15:08:05', 1, 1, '123456789123', NULL, 'Uvuv7v', 'Shantilal Panchal', '2580258025', 'Nainaben Panchal', '3693693693'),
(285, NULL, 315, NULL, NULL, 'kp@gmail.com', 23, NULL, 11, 108, 304, '2022-04-25 19:15:34', '2022-04-28 10:49:24', NULL, NULL, NULL, '2022-04-29', NULL, NULL, NULL, NULL, NULL),
(286, NULL, 318, NULL, NULL, NULL, NULL, NULL, 12, 111, 139, '2022-04-26 09:58:49', NULL, NULL, NULL, NULL, NULL, NULL, NULL, NULL, NULL, NULL),
(288, NULL, 321, NULL, NULL, NULL, NULL, NULL, 12, 111, 139, '2022-04-26 10:57:45', NULL, NULL, NULL, NULL, NULL, NULL, NULL, NULL, NULL, NULL),
(290, 'KBOBOK', 323, NULL, NULL, NULL, NULL, NULL, NULL, 0, NULL, '2022-04-26 11:13:14', '2022-04-26 11:13:14', NULL, NULL, NULL, NULL, NULL, NULL, NULL, NULL, NULL),
(291, 'OZWUGT', 324, NULL, NULL, NULL, NULL, NULL, NULL, 0, NULL, '2022-04-26 11:58:49', '2022-04-26 11:58:49', NULL, NULL, NULL, NULL, NULL, NULL, NULL, NULL, NULL),
(292, 'HKQAGZ', 325, NULL, NULL, NULL, NULL, NULL, NULL, 0, NULL, '2022-04-26 11:59:08', '2022-04-26 11:59:08', NULL, NULL, NULL, NULL, NULL, NULL, NULL, NULL, NULL),
(293, 'CXFLOP', 319, NULL, NULL, NULL, NULL, NULL, 11, 104, 306, '2022-04-26 12:50:49', '2022-07-22 11:46:37', NULL, NULL, NULL, '2022-07-22', NULL, NULL, NULL, NULL, NULL),
(295, 'LEOOLJ', 328, NULL, NULL, 'kp@gmail.ckom', 0, NULL, 11, 108, 304, '2022-04-26 17:49:48', '2022-05-05 15:42:14', NULL, NULL, NULL, NULL, NULL, 'yvuc', '6860505028', 'g6g7g6g', '6038283860'),
(296, 'PBZPHW', 329, NULL, NULL, NULL, NULL, NULL, NULL, 0, NULL, '2022-04-27 10:06:11', '2022-04-27 10:06:11', NULL, NULL, NULL, NULL, NULL, NULL, NULL, NULL, NULL),
(297, NULL, 333, NULL, NULL, NULL, NULL, NULL, 12, 108, 132, '2022-05-02 13:11:12', NULL, NULL, NULL, NULL, NULL, NULL, NULL, NULL, NULL, NULL),
(298, NULL, 334, NULL, NULL, NULL, NULL, NULL, 12, 108, 132, '2022-05-02 13:11:12', NULL, NULL, NULL, NULL, NULL, NULL, NULL, NULL, NULL, NULL),
(299, NULL, 335, NULL, NULL, NULL, NULL, NULL, 12, 108, 132, '2022-05-02 13:11:12', NULL, NULL, NULL, NULL, NULL, NULL, NULL, NULL, NULL, NULL),
(300, NULL, 336, NULL, NULL, NULL, NULL, NULL, 12, 108, 132, '2022-05-02 13:11:12', NULL, NULL, NULL, NULL, NULL, NULL, NULL, NULL, NULL, NULL),
(301, 'NMCFUG', 337, NULL, NULL, NULL, NULL, NULL, 11, 104, NULL, '2022-05-02 18:33:21', '2022-05-02 18:34:14', NULL, NULL, NULL, '2022-05-02', NULL, NULL, NULL, NULL, NULL),
(302, 'RXDASK', 338, NULL, NULL, NULL, NULL, NULL, 11, 104, NULL, '2022-05-02 18:35:34', '2022-05-02 18:37:03', NULL, NULL, NULL, '2022-05-02', NULL, NULL, NULL, NULL, NULL),
(303, 'VSOXII', 339, NULL, NULL, NULL, NULL, NULL, 11, 104, NULL, '2022-05-02 18:38:05', '2022-05-02 18:39:25', NULL, NULL, NULL, '2022-05-02', NULL, NULL, NULL, NULL, NULL),
(304, 'LHBNGU', 340, NULL, NULL, NULL, NULL, NULL, 11, 104, NULL, '2022-05-02 18:42:23', '2022-05-02 18:43:28', NULL, NULL, NULL, '2022-05-02', NULL, NULL, NULL, NULL, NULL),
(305, 'DKADZN', 341, NULL, NULL, NULL, NULL, NULL, 11, 104, NULL, '2022-05-02 18:51:35', '2022-05-02 18:53:47', NULL, NULL, NULL, '2022-05-02', NULL, NULL, NULL, NULL, NULL),
(306, 'KRXMHH', 343, NULL, NULL, NULL, NULL, NULL, NULL, 0, NULL, '2022-05-03 16:04:55', '2022-05-03 16:04:55', NULL, NULL, NULL, NULL, NULL, NULL, NULL, NULL, NULL),
(307, 'EYRCTU', 344, NULL, NULL, NULL, NULL, NULL, 11, 104, NULL, '2022-05-03 16:13:23', '2022-05-03 16:13:47', NULL, NULL, NULL, '2022-05-03', NULL, NULL, NULL, NULL, NULL),
(308, NULL, 346, NULL, NULL, NULL, NULL, NULL, 12, 108, 132, '2022-05-03 16:51:48', NULL, NULL, NULL, NULL, NULL, NULL, NULL, NULL, NULL, NULL),
(309, 'MSUGXU', 347, NULL, NULL, NULL, NULL, NULL, NULL, 0, NULL, '2022-05-03 19:07:08', '2022-05-03 19:07:08', NULL, NULL, NULL, NULL, NULL, NULL, NULL, NULL, NULL),
(310, 'DOKEJP', 302, NULL, NULL, NULL, NULL, NULL, 11, 104, NULL, '2022-05-04 09:50:04', '2022-05-04 09:50:36', NULL, NULL, NULL, '2022-05-04', NULL, NULL, NULL, NULL, NULL),
(311, NULL, 348, NULL, NULL, NULL, NULL, NULL, 12, 114, 145, '2022-05-04 10:37:53', NULL, NULL, NULL, NULL, NULL, NULL, NULL, NULL, NULL, NULL),
(312, 'BGHVCB', 350, NULL, NULL, NULL, NULL, NULL, 11, 103, NULL, '2022-05-04 11:30:34', '2022-05-04 11:33:30', NULL, NULL, NULL, '2022-05-04', NULL, NULL, NULL, NULL, NULL),
(313, 'KQYPOM', 352, NULL, NULL, 'kp12@gmail.com', 0, '2022-05-27', 11, 116, 351, '2022-05-05 11:33:43', '2022-05-09 17:11:52', 2, 2, '123456489012', '2022-05-09', 'Uvuvubuv7g', 'Pramodbhai S. Patel', '6666666666', 'Ranjanben P. Patel', '7777777777'),
(314, NULL, 317, NULL, NULL, 'ronOtter@gmail.com', 0, NULL, 12, 116, 147, '2022-05-05 16:32:39', '2022-05-24 10:08:22', NULL, NULL, NULL, NULL, NULL, 'aaaaaaa', '2222222222', 'aaaaaaa', '3333333333'),
(315, NULL, 356, NULL, NULL, NULL, NULL, NULL, 12, 116, 147, '2022-05-05 17:04:53', NULL, NULL, NULL, NULL, NULL, NULL, NULL, NULL, NULL, NULL),
(317, 'ILKAXB', 361, NULL, NULL, NULL, NULL, NULL, NULL, 0, NULL, '2022-05-16 18:36:26', '2022-05-16 18:36:26', NULL, NULL, NULL, NULL, NULL, NULL, NULL, NULL, NULL),
(318, NULL, 361, NULL, NULL, NULL, NULL, NULL, 11, 116, 147, '2022-05-16 18:38:34', NULL, NULL, NULL, NULL, NULL, NULL, NULL, NULL, NULL, NULL),
(319, 'XOKCOY', 363, NULL, NULL, NULL, NULL, NULL, NULL, 0, NULL, '2022-05-17 17:45:17', '2022-05-17 17:45:17', NULL, NULL, NULL, NULL, NULL, NULL, NULL, NULL, NULL),
(320, NULL, 364, NULL, NULL, NULL, NULL, NULL, 12, 116, 147, '2022-05-19 17:36:12', NULL, NULL, NULL, NULL, NULL, NULL, NULL, NULL, NULL, NULL),
(322, 'RDPFFJ', 366, NULL, NULL, NULL, NULL, NULL, NULL, 0, NULL, '2022-05-23 15:19:15', '2022-05-23 15:19:15', NULL, NULL, NULL, NULL, NULL, NULL, NULL, NULL, NULL),
(323, NULL, 366, NULL, NULL, NULL, NULL, NULL, 11, 116, 147, '2022-05-23 15:20:00', NULL, NULL, NULL, NULL, NULL, NULL, NULL, NULL, NULL, NULL),
(324, NULL, 367, NULL, NULL, NULL, NULL, NULL, 12, 116, 147, '2022-05-24 11:43:59', NULL, NULL, NULL, NULL, NULL, NULL, NULL, NULL, NULL, NULL),
(325, NULL, 368, NULL, NULL, NULL, NULL, NULL, 12, 116, 147, '2022-05-24 11:43:59', NULL, NULL, NULL, NULL, NULL, NULL, NULL, NULL, NULL, NULL),
(326, NULL, 369, NULL, NULL, NULL, NULL, NULL, 12, 116, 147, '2022-05-24 11:43:59', NULL, NULL, NULL, NULL, NULL, NULL, NULL, NULL, NULL, NULL),
(327, NULL, 370, NULL, NULL, NULL, NULL, NULL, 12, 116, 147, '2022-05-24 11:43:59', NULL, NULL, NULL, NULL, NULL, NULL, NULL, NULL, NULL, NULL),
(328, NULL, 371, NULL, NULL, NULL, NULL, NULL, 12, 116, 147, '2022-05-24 11:51:21', NULL, NULL, NULL, NULL, NULL, NULL, NULL, NULL, NULL, NULL),
(329, 'ODRDUI', 372, NULL, NULL, NULL, NULL, NULL, NULL, 0, NULL, '2022-05-24 18:15:38', '2022-05-24 18:15:38', NULL, NULL, NULL, NULL, NULL, NULL, NULL, NULL, NULL),
(330, NULL, 374, NULL, NULL, NULL, NULL, NULL, 12, 111, 139, '2022-06-21 12:52:00', NULL, NULL, NULL, NULL, NULL, NULL, NULL, NULL, NULL, NULL),
(331, NULL, 375, NULL, NULL, NULL, NULL, NULL, 12, 111, 139, '2022-06-21 12:52:00', NULL, NULL, NULL, NULL, NULL, NULL, 'test1', '9876543210', 'test11', '9876543211'),
(332, 'VBJXQO', 376, NULL, NULL, NULL, NULL, NULL, 11, 104, NULL, '2022-06-28 16:30:52', '2022-06-28 16:31:42', NULL, NULL, NULL, '2022-06-28', NULL, NULL, NULL, NULL, NULL),
(333, NULL, 368, NULL, NULL, NULL, NULL, NULL, 12, 111, 139, '2022-07-04 10:58:46', NULL, NULL, NULL, NULL, NULL, NULL, NULL, NULL, NULL, NULL),
(334, NULL, 367, NULL, NULL, NULL, NULL, NULL, 12, 111, 139, '2022-07-04 11:03:46', NULL, NULL, NULL, NULL, NULL, NULL, NULL, NULL, NULL, NULL),
(335, 'MSTXWZ', 378, NULL, NULL, NULL, NULL, NULL, 11, 104, NULL, '2022-07-20 16:17:31', '2022-07-20 16:31:30', NULL, NULL, NULL, '2022-07-20', NULL, NULL, NULL, NULL, NULL),
(336, 'ZBSQLC', 379, NULL, NULL, NULL, NULL, NULL, NULL, 0, NULL, '2022-07-26 11:05:10', '2022-07-26 11:05:10', NULL, NULL, NULL, NULL, NULL, NULL, NULL, NULL, NULL),
(337, NULL, 381, NULL, NULL, NULL, NULL, NULL, 12, 4, 5, '2022-10-06 16:07:03', NULL, NULL, NULL, NULL, NULL, NULL, NULL, NULL, NULL, NULL),
(338, NULL, 382, NULL, NULL, NULL, NULL, NULL, 12, 4, 5, '2022-10-06 17:10:33', NULL, NULL, NULL, NULL, NULL, NULL, NULL, NULL, NULL, NULL),
(339, NULL, 383, NULL, NULL, NULL, NULL, NULL, 12, 4, 5, '2022-10-06 17:12:47', NULL, NULL, NULL, NULL, NULL, NULL, NULL, NULL, NULL, NULL),
(340, NULL, 384, NULL, NULL, NULL, NULL, NULL, 12, 4, 5, '2022-10-10 18:24:56', NULL, NULL, NULL, NULL, NULL, NULL, NULL, NULL, NULL, NULL),
(341, NULL, 385, NULL, NULL, NULL, NULL, NULL, 12, 4, 5, '2022-10-11 11:09:37', NULL, NULL, NULL, NULL, NULL, NULL, NULL, NULL, NULL, NULL),
(342, NULL, 386, NULL, NULL, NULL, NULL, NULL, 12, 4, 5, '2022-10-11 11:19:32', NULL, NULL, NULL, NULL, NULL, NULL, NULL, NULL, NULL, NULL),
(343, NULL, 387, NULL, NULL, NULL, NULL, NULL, 12, 4, 5, '2022-10-12 15:14:46', NULL, NULL, NULL, NULL, NULL, NULL, NULL, NULL, NULL, NULL),
(344, NULL, 388, NULL, NULL, NULL, NULL, NULL, 12, 4, 5, '2022-10-12 15:19:13', NULL, NULL, NULL, NULL, NULL, NULL, NULL, NULL, NULL, NULL),
(345, NULL, 314, NULL, NULL, NULL, NULL, NULL, 12, 4, 5, '2022-10-12 15:29:09', NULL, NULL, NULL, NULL, NULL, NULL, NULL, NULL, NULL, NULL),
(346, NULL, 315, NULL, NULL, NULL, NULL, NULL, 12, 112, 141, '2022-10-12 16:17:35', NULL, NULL, NULL, NULL, NULL, NULL, NULL, NULL, NULL, NULL),
(347, NULL, 314, NULL, NULL, NULL, NULL, NULL, 12, 112, 141, '2022-10-12 16:19:04', NULL, NULL, NULL, NULL, NULL, NULL, NULL, NULL, NULL, NULL),
(348, NULL, 389, NULL, NULL, NULL, NULL, NULL, 12, 112, 141, '2022-10-12 16:25:17', NULL, NULL, NULL, NULL, NULL, NULL, NULL, NULL, NULL, NULL),
(349, NULL, 390, NULL, NULL, NULL, NULL, NULL, 12, 112, 141, '2022-10-12 16:31:58', NULL, NULL, NULL, NULL, NULL, NULL, NULL, NULL, NULL, NULL),
(350, NULL, 391, NULL, NULL, NULL, NULL, NULL, 12, 112, 141, '2022-10-12 16:58:09', NULL, NULL, NULL, NULL, NULL, NULL, NULL, NULL, NULL, NULL),
(351, NULL, 323, NULL, NULL, NULL, NULL, NULL, 12, 112, 141, '2022-10-12 17:15:02', NULL, NULL, NULL, NULL, NULL, NULL, NULL, NULL, NULL, NULL),
(352, NULL, 392, NULL, NULL, NULL, NULL, NULL, 12, 112, 141, '2022-10-12 17:35:07', NULL, NULL, NULL, NULL, NULL, NULL, NULL, NULL, NULL, NULL),
(353, NULL, 393, NULL, NULL, NULL, NULL, NULL, 12, 112, 141, '2022-10-12 17:36:09', NULL, NULL, NULL, NULL, NULL, NULL, NULL, NULL, NULL, NULL),
(354, NULL, 394, NULL, NULL, NULL, NULL, NULL, 12, 112, 141, '2022-10-12 19:24:48', NULL, NULL, NULL, NULL, NULL, NULL, NULL, NULL, NULL, NULL),
(355, NULL, 395, NULL, NULL, NULL, NULL, NULL, 12, 112, 141, '2022-10-13 09:45:52', NULL, NULL, NULL, NULL, NULL, NULL, NULL, NULL, NULL, NULL),
(356, NULL, 396, NULL, NULL, NULL, NULL, NULL, 12, 112, 141, '2022-10-13 09:53:51', NULL, NULL, NULL, NULL, NULL, NULL, NULL, NULL, NULL, NULL),
(357, NULL, 326, NULL, NULL, NULL, NULL, NULL, 12, 112, 141, '2022-10-13 10:04:06', NULL, NULL, NULL, NULL, NULL, NULL, NULL, NULL, NULL, NULL),
(358, NULL, 329, NULL, NULL, NULL, NULL, NULL, 12, 112, 141, '2022-10-13 10:16:40', NULL, NULL, NULL, NULL, NULL, NULL, NULL, NULL, NULL, NULL),
(359, NULL, 397, NULL, NULL, NULL, NULL, NULL, 12, 112, 141, '2022-10-13 10:19:21', NULL, NULL, NULL, NULL, NULL, NULL, NULL, NULL, NULL, NULL),
(360, NULL, 398, NULL, NULL, NULL, NULL, NULL, 12, 112, 141, '2022-10-13 10:26:54', NULL, NULL, NULL, NULL, NULL, NULL, NULL, NULL, NULL, NULL),
(361, NULL, 399, NULL, NULL, NULL, NULL, NULL, 12, 112, 141, '2022-10-13 10:31:27', NULL, NULL, NULL, NULL, NULL, NULL, NULL, NULL, NULL, NULL),
(362, NULL, 400, NULL, NULL, NULL, NULL, NULL, 12, 112, 141, '2022-10-13 12:54:27', NULL, NULL, NULL, NULL, NULL, NULL, NULL, NULL, NULL, NULL),
(363, NULL, 401, NULL, NULL, NULL, NULL, NULL, 12, 112, 141, '2022-10-13 14:38:59', NULL, NULL, NULL, NULL, NULL, NULL, NULL, NULL, NULL, NULL),
(364, NULL, 402, NULL, NULL, NULL, NULL, NULL, 12, 112, 141, '2022-10-13 14:51:14', NULL, NULL, NULL, NULL, NULL, NULL, NULL, NULL, NULL, NULL),
(365, NULL, 403, NULL, NULL, NULL, NULL, NULL, 12, 112, 141, '2022-10-13 14:52:55', NULL, NULL, NULL, NULL, NULL, NULL, NULL, NULL, NULL, NULL),
(366, NULL, 404, NULL, NULL, NULL, NULL, NULL, 12, 112, 141, '2022-10-13 15:06:32', NULL, NULL, NULL, NULL, NULL, NULL, NULL, NULL, NULL, NULL),
(367, NULL, 405, NULL, NULL, NULL, NULL, NULL, 12, 112, 141, '2022-10-13 16:21:38', NULL, NULL, NULL, NULL, NULL, NULL, NULL, NULL, NULL, NULL),
(368, NULL, 406, NULL, NULL, NULL, NULL, NULL, 12, 112, 141, '2022-10-13 16:25:17', NULL, NULL, NULL, NULL, NULL, NULL, NULL, NULL, NULL, NULL),
(369, NULL, 407, NULL, NULL, NULL, NULL, NULL, 12, 112, 141, '2022-10-13 16:26:28', NULL, NULL, NULL, NULL, NULL, NULL, NULL, NULL, NULL, NULL),
(370, NULL, 408, NULL, NULL, NULL, NULL, NULL, 12, 112, 141, '2022-10-13 16:29:43', NULL, NULL, NULL, NULL, NULL, NULL, NULL, NULL, NULL, NULL),
(371, NULL, 409, NULL, NULL, NULL, NULL, NULL, 12, 112, 141, '2022-10-13 16:30:40', NULL, NULL, NULL, NULL, NULL, NULL, NULL, NULL, NULL, NULL),
(372, NULL, 410, NULL, NULL, NULL, NULL, NULL, 12, 112, 141, '2022-10-13 16:33:41', NULL, NULL, NULL, NULL, NULL, NULL, NULL, NULL, NULL, NULL),
(373, NULL, 411, NULL, NULL, NULL, NULL, NULL, 12, 112, 141, '2022-10-13 16:34:12', NULL, NULL, NULL, NULL, NULL, NULL, NULL, NULL, NULL, NULL),
(374, NULL, 412, NULL, NULL, NULL, NULL, NULL, 12, 112, 141, '2022-10-13 17:21:58', NULL, NULL, NULL, NULL, NULL, NULL, NULL, NULL, NULL, NULL),
(375, NULL, 413, NULL, NULL, NULL, NULL, NULL, 12, 112, 141, '2022-10-13 17:25:42', NULL, NULL, NULL, NULL, NULL, NULL, NULL, NULL, NULL, NULL),
(376, NULL, 414, NULL, NULL, NULL, NULL, NULL, 12, 112, 141, '2022-10-13 17:27:54', NULL, NULL, NULL, NULL, NULL, NULL, NULL, NULL, NULL, NULL),
(377, NULL, 415, NULL, NULL, NULL, NULL, NULL, 12, 112, 141, '2022-10-13 17:28:17', NULL, NULL, NULL, NULL, NULL, NULL, NULL, NULL, NULL, NULL),
(378, NULL, 416, NULL, NULL, NULL, NULL, NULL, 12, 112, 141, '2022-10-13 17:31:14', NULL, NULL, NULL, NULL, NULL, NULL, NULL, NULL, NULL, NULL),
(379, NULL, 417, NULL, NULL, NULL, NULL, NULL, 12, 112, 141, '2022-10-13 17:32:14', NULL, NULL, NULL, NULL, NULL, NULL, NULL, NULL, NULL, NULL),
(380, NULL, 418, NULL, NULL, NULL, NULL, NULL, 12, 112, 141, '2022-10-13 17:32:56', NULL, NULL, NULL, NULL, NULL, NULL, NULL, NULL, NULL, NULL),
(381, NULL, 419, NULL, NULL, NULL, NULL, NULL, 12, 112, 141, '2022-10-13 17:34:50', NULL, NULL, NULL, NULL, NULL, NULL, NULL, NULL, NULL, NULL),
(382, NULL, 420, NULL, NULL, NULL, NULL, NULL, 12, 112, 141, '2022-10-13 18:02:31', NULL, NULL, NULL, NULL, NULL, NULL, NULL, NULL, NULL, NULL),
(383, NULL, 385, NULL, NULL, NULL, NULL, NULL, 12, 112, 141, '2022-10-13 18:21:47', NULL, NULL, NULL, NULL, NULL, NULL, NULL, NULL, NULL, NULL),
(384, NULL, 421, NULL, NULL, NULL, NULL, NULL, 12, 112, 141, '2022-10-13 18:23:05', NULL, NULL, NULL, NULL, NULL, NULL, NULL, NULL, NULL, NULL),
(385, NULL, 422, NULL, NULL, NULL, NULL, NULL, 12, 112, 141, '2022-10-13 18:23:28', NULL, NULL, NULL, NULL, NULL, NULL, NULL, NULL, NULL, NULL),
(386, NULL, 423, NULL, NULL, NULL, NULL, NULL, 12, 112, 141, '2022-10-13 18:53:46', NULL, NULL, NULL, NULL, NULL, NULL, NULL, NULL, NULL, NULL),
(387, NULL, 372, NULL, NULL, NULL, NULL, NULL, 12, 112, 141, '2022-10-13 19:16:54', NULL, NULL, NULL, NULL, NULL, NULL, NULL, NULL, NULL, NULL),
(388, NULL, 424, NULL, NULL, NULL, NULL, NULL, 12, 112, 141, '2022-10-14 10:23:27', NULL, NULL, NULL, NULL, NULL, NULL, NULL, NULL, NULL, NULL),
(389, NULL, 425, NULL, NULL, NULL, NULL, NULL, 12, 112, 141, '2022-10-14 10:28:32', NULL, NULL, NULL, NULL, NULL, NULL, NULL, NULL, NULL, NULL),
(390, NULL, 426, NULL, NULL, NULL, NULL, NULL, 12, 112, 141, '2022-10-14 10:30:22', NULL, NULL, NULL, NULL, NULL, NULL, NULL, NULL, NULL, NULL),
(391, NULL, 427, NULL, NULL, NULL, NULL, NULL, 12, 112, 141, '2022-10-14 10:35:44', NULL, NULL, NULL, NULL, NULL, NULL, NULL, NULL, NULL, NULL),
(392, NULL, 428, NULL, NULL, NULL, NULL, NULL, 12, 112, 141, '2022-10-14 10:37:10', NULL, NULL, NULL, NULL, NULL, NULL, NULL, NULL, NULL, NULL),
(393, NULL, 429, NULL, NULL, NULL, NULL, NULL, 12, 112, 141, '2022-10-14 10:40:33', NULL, NULL, NULL, NULL, NULL, NULL, NULL, NULL, NULL, NULL),
(394, NULL, 430, NULL, NULL, NULL, NULL, NULL, 12, 112, 141, '2022-10-14 10:46:52', NULL, NULL, NULL, NULL, NULL, NULL, NULL, NULL, NULL, NULL),
(395, NULL, 431, NULL, NULL, NULL, NULL, NULL, 12, 112, 141, '2022-10-14 10:58:32', NULL, NULL, NULL, NULL, NULL, NULL, NULL, NULL, NULL, NULL),
(396, NULL, 432, NULL, NULL, NULL, NULL, NULL, 12, 112, 141, '2022-10-14 11:02:16', NULL, NULL, NULL, NULL, NULL, NULL, NULL, NULL, NULL, NULL),
(397, NULL, 433, NULL, NULL, NULL, NULL, NULL, 12, 112, 141, '2022-10-14 11:03:23', NULL, NULL, NULL, NULL, NULL, NULL, NULL, NULL, NULL, NULL),
(398, NULL, 434, NULL, NULL, NULL, NULL, NULL, 12, 112, 141, '2022-10-14 11:41:33', NULL, NULL, NULL, NULL, NULL, NULL, NULL, NULL, NULL, NULL),
(399, NULL, 435, NULL, NULL, NULL, NULL, NULL, 12, 112, 141, '2022-10-14 11:58:26', NULL, NULL, NULL, NULL, NULL, NULL, NULL, NULL, NULL, NULL),
(400, NULL, 436, NULL, NULL, NULL, NULL, NULL, 12, 112, 141, '2022-12-21 16:13:17', NULL, NULL, NULL, NULL, NULL, NULL, NULL, NULL, NULL, NULL),
(401, NULL, 437, NULL, NULL, NULL, NULL, NULL, 12, 112, 141, '2022-12-21 16:13:17', NULL, NULL, NULL, NULL, NULL, NULL, NULL, NULL, NULL, NULL),
(402, NULL, 438, NULL, NULL, NULL, NULL, NULL, 12, 112, 141, '2022-12-21 16:13:17', NULL, NULL, NULL, NULL, NULL, NULL, NULL, NULL, NULL, NULL),
(403, NULL, 439, NULL, NULL, NULL, NULL, NULL, 12, 112, 141, '2022-12-21 16:13:17', NULL, NULL, NULL, NULL, NULL, NULL, NULL, NULL, NULL, NULL),
(404, NULL, 440, NULL, NULL, NULL, NULL, NULL, 12, 112, 141, '2022-12-21 16:13:17', NULL, NULL, NULL, NULL, NULL, NULL, NULL, NULL, NULL, NULL),
(405, 'UFJWQV', 441, NULL, NULL, NULL, NULL, NULL, NULL, 0, NULL, '2023-03-14 16:47:53', '2023-03-14 16:47:53', NULL, NULL, NULL, NULL, NULL, NULL, NULL, NULL, NULL),
(406, NULL, 443, NULL, NULL, NULL, NULL, NULL, 12, 130, 163, '2023-03-14 16:49:53', NULL, NULL, NULL, NULL, NULL, NULL, NULL, NULL, NULL, NULL),
(407, NULL, 445, NULL, NULL, NULL, NULL, NULL, 12, 131, 164, '2023-03-17 15:15:37', NULL, NULL, NULL, NULL, NULL, NULL, NULL, NULL, NULL, NULL),
(408, NULL, 367, NULL, NULL, NULL, NULL, NULL, 12, 131, 164, '2023-03-17 15:15:37', NULL, NULL, NULL, NULL, NULL, NULL, NULL, NULL, NULL, NULL),
(409, NULL, 368, NULL, NULL, NULL, NULL, NULL, 12, 131, 164, '2023-03-17 15:15:37', NULL, NULL, NULL, NULL, NULL, NULL, NULL, NULL, NULL, NULL),
(410, NULL, 369, NULL, NULL, NULL, NULL, NULL, 12, 131, 164, '2023-03-17 15:15:37', NULL, NULL, NULL, NULL, NULL, NULL, NULL, NULL, NULL, NULL),
(411, NULL, 370, NULL, NULL, NULL, NULL, NULL, 12, 131, 164, '2023-03-17 15:15:37', NULL, NULL, NULL, NULL, NULL, NULL, NULL, NULL, NULL, NULL),
(412, NULL, 371, NULL, NULL, NULL, NULL, NULL, 12, 131, 164, '2023-03-17 15:15:37', NULL, NULL, NULL, NULL, NULL, NULL, NULL, NULL, NULL, NULL),
(413, 'DDHEBC', 446, NULL, NULL, NULL, NULL, NULL, 11, 108, 304, '2023-05-18 10:20:14', '2023-05-18 10:22:29', NULL, NULL, NULL, '2023-05-18', NULL, NULL, NULL, NULL, NULL),
(414, 'QKKKHX', 449, NULL, NULL, NULL, NULL, NULL, 11, 132, NULL, '2023-05-18 16:22:57', '2023-05-18 16:23:32', NULL, NULL, NULL, '2023-05-18', NULL, NULL, NULL, NULL, NULL),
(415, 'GVBCTH', 450, NULL, NULL, NULL, NULL, NULL, NULL, 0, NULL, '2023-05-29 17:21:28', '2023-05-29 17:21:28', NULL, NULL, NULL, NULL, NULL, NULL, NULL, NULL, NULL),
(416, NULL, 446, NULL, NULL, NULL, NULL, NULL, 11, 112, 304, '2023-06-02 11:09:14', '2023-06-02 11:09:14', NULL, NULL, NULL, '2023-06-02', NULL, NULL, NULL, NULL, NULL),
(417, NULL, 313, NULL, NULL, NULL, NULL, NULL, 11, 112, 304, '2023-06-02 11:46:14', '2023-06-02 11:46:14', NULL, NULL, NULL, '2023-06-02', NULL, NULL, NULL, NULL, NULL),
(418, 'YJXQOR', 455, NULL, NULL, NULL, NULL, NULL, 11, 134, 454, '2023-06-02 15:18:12', '2023-06-02 15:19:33', NULL, NULL, NULL, '2023-06-02', NULL, NULL, NULL, NULL, NULL),
(419, NULL, 315, NULL, NULL, NULL, NULL, NULL, 11, 134, 454, '2023-06-02 16:07:43', '2023-06-02 16:07:43', NULL, NULL, NULL, '2023-06-02', NULL, NULL, NULL, NULL, NULL),
(420, NULL, 313, NULL, NULL, NULL, NULL, NULL, 11, 134, 454, '2023-06-02 17:28:31', '2023-06-02 17:28:31', NULL, NULL, NULL, '2023-06-02', NULL, NULL, NULL, NULL, NULL),
(421, 'QSFWLL', 457, NULL, NULL, NULL, NULL, NULL, NULL, 0, NULL, '2023-06-02 17:57:28', '2023-06-02 17:57:28', NULL, NULL, NULL, NULL, NULL, NULL, NULL, NULL, NULL);

-- --------------------------------------------------------

--
-- Table structure for table `tstudymaterialcomment`
--

CREATE TABLE IF NOT EXISTS `tstudymaterialcomment` (
  `Id` int(11) NOT NULL,
  `AssignContentId` int(11) NOT NULL,
  `RoleTypeId` int(11) NOT NULL,
  `UserId` int(11) NOT NULL,
  `CommentDetail` longtext,
  `ReferenceCommentId` int(11) NOT NULL,
  `CreatedDateTime` datetime NOT NULL
) ENGINE=InnoDB AUTO_INCREMENT=195 DEFAULT CHARSET=utf8;

--
-- Dumping data for table `tstudymaterialcomment`
--

INSERT INTO `tstudymaterialcomment` (`Id`, `AssignContentId`, `RoleTypeId`, `UserId`, `CommentDetail`, `ReferenceCommentId`, `CreatedDateTime`) VALUES
(166, 448, 1, 314, 'Hello', 0, '2022-04-26 11:21:27'),
(167, 448, 1, 314, 'Hi', 166, '2022-04-26 11:22:46'),
(168, 468, 2, 304, 'Hii', 0, '2022-04-29 10:40:33'),
(169, 468, 2, 304, 'Hello', 0, '2022-04-29 10:40:40'),
(170, 459, 1, 314, 'Hello', 0, '2022-04-29 10:50:37'),
(171, 459, 1, 314, 'Hello', 170, '2022-04-29 10:50:49'),
(172, 455, 2, 304, 'Hello', 0, '2022-04-29 10:51:51'),
(173, 459, 1, 314, 'Hello', 0, '2022-04-29 10:53:57'),
(174, 465, 1, 328, 'Hello', 0, '2022-05-05 15:24:30'),
(175, 465, 1, 328, 'Hi', 174, '2022-05-05 15:24:48'),
(180, 568, 2, 351, 'New', 0, '2022-05-06 11:48:00'),
(182, 568, 2, 351, 'Hello', 180, '2022-05-09 12:17:18'),
(183, 568, 1, 352, 'Student', 0, '2022-05-09 12:19:58'),
(184, 568, 1, 352, 'test', 180, '2022-05-11 15:56:48'),
(185, 568, 2, 351, '546541', 180, '2022-05-19 11:14:02'),
(186, 568, 2, 351, 'Vuvuv', 0, '2022-05-19 11:16:40'),
(187, 578, 2, 316, 'Test ', 0, '2022-06-21 14:39:12'),
(188, 578, 2, 316, 'Test 1 ', 187, '2022-06-21 14:39:29'),
(189, 582, 1, 314, 'Test ', 0, '2022-06-21 15:18:57'),
(190, 582, 1, 314, 'Test 1 ', 189, '2022-06-21 15:19:11'),
(191, 450, 2, 316, 'vshsbeke', 0, '2022-06-30 12:43:04'),
(192, 611, 1, 319, 'Test', 0, '2022-11-10 18:28:28'),
(193, 614, 1, 449, 'Nice', 0, '2023-05-18 16:26:26'),
(194, 614, 2, 448, 'Ok', 193, '2023-05-18 16:26:42');

-- --------------------------------------------------------

--
-- Table structure for table `tsubcategorymaster`
--

CREATE TABLE IF NOT EXISTS `tsubcategorymaster` (
  `Id` int(11) NOT NULL,
  `CategoryId` int(11) NOT NULL,
  `Code` varchar(20) NOT NULL,
  `Title` varchar(100) NOT NULL
) ENGINE=InnoDB AUTO_INCREMENT=49 DEFAULT CHARSET=utf8;

--
-- Dumping data for table `tsubcategorymaster`
--

INSERT INTO `tsubcategorymaster` (`Id`, `CategoryId`, `Code`, `Title`) VALUES
(1, 1, 'STD1', '1st Standard'),
(2, 1, 'STD2', '2nd Standard'),
(3, 1, 'STD3', '3rd Standard'),
(4, 1, 'STD4', '4th Standard'),
(5, 1, 'STD5', '5th Standard'),
(6, 1, 'STD6', '6th Standard'),
(7, 1, 'STD7', '7th Standard'),
(8, 1, 'STD8', '8th Standard'),
(9, 1, 'STD9', '9th Standard'),
(10, 1, 'STD10', '10th Standard'),
(11, 1, 'STD11', '11th Standard'),
(12, 1, 'STD12', '12th Standard'),
(13, 2, 'JEE', 'IIT-JEE'),
(14, 2, 'NEET', 'NEET'),
(15, 2, 'CA/CPT', 'CA/CPT'),
(16, 2, 'CAT', 'CAT'),
(17, 2, 'CLAT', 'CLAT'),
(18, 2, 'GATE', 'GATE'),
(19, 2, 'NDA', 'NDA'),
(20, 2, 'Pre-Medical', 'Pre-Medical'),
(21, 2, 'SSCCGl', 'SSC CGL'),
(22, 2, 'UPSC', 'UPSC'),
(23, 3, 'B.A', 'B.A'),
(24, 3, 'B.B.A', 'B.B.A'),
(25, 3, 'B.C.A', 'B.C.A'),
(26, 3, 'B.Com', 'B.Com'),
(27, 3, 'B.Sc', 'B.Sc'),
(28, 3, 'B.Tech', 'B.Tech'),
(29, 3, 'M.B.B.S', 'M.B.B.S'),
(30, 5, 'ALL', 'All Ages'),
(31, 5, 'Child', 'Children'),
(32, 5, 'WP', 'Working Professional'),
(33, 4, 'DS', 'Data Structure'),
(34, 4, 'ALGO', 'Algorithms'),
(35, 4, 'C/C++', 'C/C++'),
(36, 4, 'JAVA', 'JAVA'),
(37, 4, 'PYTHON', 'Python'),
(38, 4, 'CP', 'ComPetitive Programming'),
(39, 4, 'DS', 'Data Science'),
(40, 4, 'EH', 'Ethical Hacking'),
(47, 1234, 'T', 'test123'),
(48, 1234, 'T', 'test123');

-- --------------------------------------------------------

--
-- Table structure for table `tsubjectmaster`
--

CREATE TABLE IF NOT EXISTS `tsubjectmaster` (
  `Id` int(11) NOT NULL,
  `SubCategoryId` int(11) NOT NULL,
  `Code` varchar(45) NOT NULL,
  `Title` varchar(45) NOT NULL,
  `CreatedDateTime` datetime NOT NULL,
  `CreatedUserId` int(11) NOT NULL
) ENGINE=InnoDB AUTO_INCREMENT=3 DEFAULT CHARSET=utf8;

--
-- Dumping data for table `tsubjectmaster`
--

INSERT INTO `tsubjectmaster` (`Id`, `SubCategoryId`, `Code`, `Title`, `CreatedDateTime`, `CreatedUserId`) VALUES
(1, 1, 'Eng', 'English', '2021-12-16 11:45:32', 1),
(2, 1, 'Sci', 'Science', '2021-12-17 11:45:32', 1);

-- --------------------------------------------------------

--
-- Table structure for table `tteacher`
--

CREATE TABLE IF NOT EXISTS `tteacher` (
  `Id` int(11) NOT NULL,
  `Code` varchar(10) DEFAULT NULL,
  `UserId` int(11) DEFAULT NULL,
  `FirstName` varchar(100) DEFAULT NULL,
  `LastName` varchar(100) DEFAULT NULL,
  `EmailId` varchar(100) DEFAULT NULL,
  `SubcategoryIds` varchar(100) DEFAULT NULL,
  `YearOfExperience` int(11) DEFAULT NULL,
  `DateOfBirth` date DEFAULT NULL,
  `StatusId` int(11) DEFAULT NULL,
  `StudentCountStatus` int(11) DEFAULT NULL,
  `CreatedDateTime` datetime DEFAULT NULL,
  `UpdatedDateTime` datetime DEFAULT NULL,
  `InstituteId` int(11) DEFAULT NULL,
  `FacebookLink` varchar(100) DEFAULT NULL,
  `InstagramLink` varchar(100) DEFAULT NULL,
  `GoogleMapLink` varchar(100) DEFAULT NULL,
  `GenderId` int(11) DEFAULT NULL,
  `BloodGroupId` int(11) DEFAULT NULL,
  `AadharCardNumber` varchar(12) DEFAULT NULL,
  `DateOfJoining` date DEFAULT NULL,
  `About` varchar(100) DEFAULT NULL,
  `SubjectId` varchar(100) DEFAULT NULL
) ENGINE=InnoDB AUTO_INCREMENT=172 DEFAULT CHARSET=utf8;

--
-- Dumping data for table `tteacher`
--

INSERT INTO `tteacher` (`Id`, `Code`, `UserId`, `FirstName`, `LastName`, `EmailId`, `SubcategoryIds`, `YearOfExperience`, `DateOfBirth`, `StatusId`, `StudentCountStatus`, `CreatedDateTime`, `UpdatedDateTime`, `InstituteId`, `FacebookLink`, `InstagramLink`, `GoogleMapLink`, `GenderId`, `BloodGroupId`, `AadharCardNumber`, `DateOfJoining`, `About`, `SubjectId`) VALUES
(131, 'TAPJGY', 303, NULL, NULL, 'megha@137gmail.com', NULL, 1, '1999-04-25', 11, NULL, '2022-04-21 15:20:33', '2022-05-06 16:07:20', 103, 'dfs', 'ggf', 'fg', 2, 3, '5647768890', '2022-04-21', 'dhfgj', NULL),
(132, 'LMAMQR', 304, NULL, NULL, 'kp@gmail.com', '', 2, '1998-10-11', 11, NULL, '2022-04-21 15:58:07', '2022-05-06 16:11:02', 108, 'yvuv', 'fctc', 'uh7vuv', 1, 5, '123456789012', '2022-04-25', 'latest new', ''),
(133, 'IOTNWA', 306, NULL, NULL, 'rakeshrk.rp@gmail.com', '', 10, '1971-04-26', 11, NULL, '2022-04-21 16:39:32', '2022-08-25 17:22:49', 104, 'https://www.facebook.com/sumeeetsen', 'https://www.instagram.com/accounts/login/', 'My Local Motion\n+1 514-247-2278\nhttps://maps.app.goo.gl/SCetKAEPse4cb5Cv6', 1, 1, '123455789123', '2022-04-21', 'RK GROUP OF ACCADEMY', ''),
(134, 'PBDCKG', 306, NULL, NULL, NULL, NULL, NULL, NULL, 11, NULL, '2022-04-21 18:30:24', '2022-08-25 17:22:49', 105, NULL, NULL, NULL, NULL, NULL, NULL, '2022-04-21', NULL, NULL),
(135, 'KCPXUI', 306, NULL, NULL, NULL, NULL, NULL, NULL, 11, NULL, '2022-04-21 18:31:23', '2022-08-25 17:22:49', 106, NULL, NULL, NULL, NULL, NULL, NULL, '2022-04-21', NULL, NULL),
(136, 'HABBRH', 306, NULL, NULL, NULL, NULL, NULL, NULL, 11, NULL, '2022-04-21 18:32:19', '2022-08-25 17:22:49', 107, NULL, NULL, NULL, NULL, NULL, NULL, '2022-04-21', NULL, NULL),
(137, 'PGCCCH', 310, NULL, NULL, NULL, NULL, NULL, NULL, 11, NULL, '2022-04-25 15:23:52', '2022-04-25 15:35:41', 110, NULL, NULL, NULL, NULL, NULL, NULL, '2022-04-25', NULL, NULL),
(138, 'WBCEJJ', 311, NULL, NULL, NULL, NULL, NULL, NULL, 11, NULL, '2022-04-25 15:25:30', '2022-04-25 15:25:58', 109, NULL, NULL, NULL, NULL, NULL, NULL, '2022-04-25', NULL, NULL),
(139, 'PKWYKY', 316, NULL, NULL, NULL, NULL, NULL, NULL, 11, NULL, '2022-04-25 15:56:45', '2022-04-25 15:57:12', 111, NULL, NULL, NULL, NULL, NULL, NULL, '2022-04-25', NULL, NULL),
(140, 'LNJIHF', 330, NULL, NULL, NULL, NULL, NULL, NULL, NULL, NULL, '2022-04-27 15:09:12', '2022-04-27 15:09:12', 0, NULL, NULL, NULL, NULL, NULL, NULL, NULL, NULL, NULL),
(141, 'CRUNVW', 304, NULL, NULL, NULL, NULL, NULL, NULL, 11, NULL, '2022-04-28 17:17:52', '2022-05-06 16:11:02', 112, NULL, NULL, NULL, NULL, NULL, NULL, '2022-04-28', NULL, NULL),
(142, 'VFAGBT', 331, NULL, NULL, NULL, NULL, NULL, NULL, NULL, NULL, '2022-05-02 10:10:21', '2022-05-02 10:10:21', 0, NULL, NULL, NULL, NULL, NULL, NULL, NULL, NULL, NULL),
(143, 'MEXVTQ', 332, NULL, NULL, NULL, NULL, NULL, NULL, 11, NULL, '2022-05-02 10:37:11', '2022-05-02 10:37:25', 113, NULL, NULL, NULL, NULL, NULL, NULL, '2022-05-02', NULL, NULL),
(144, 'PWWYLM', 342, NULL, NULL, NULL, NULL, NULL, NULL, NULL, NULL, '2022-05-03 16:02:53', '2022-05-03 16:02:53', 0, NULL, NULL, NULL, NULL, NULL, NULL, NULL, NULL, NULL),
(145, 'SSXOJZ', 345, NULL, NULL, NULL, NULL, NULL, NULL, 11, NULL, '2022-05-03 16:27:49', '2022-05-03 16:28:06', 114, NULL, NULL, NULL, NULL, NULL, NULL, '2022-05-03', NULL, NULL),
(146, 'CWSJOM', 349, NULL, NULL, NULL, NULL, NULL, NULL, 11, NULL, '2022-05-04 11:28:06', '2022-05-04 11:28:28', 115, NULL, NULL, NULL, NULL, NULL, NULL, '2022-05-04', NULL, NULL),
(147, 'PPSDKY', 351, NULL, NULL, 'kp@gmail.com', '', 2, '1998-10-11', 11, NULL, '2022-05-05 11:33:32', '2022-05-05 17:26:24', 116, 'https://m.facebook.com/', 'https://about.instagram.com/', 'https://maps.app.goo.gl/QXbPyTvtcRqf2Mt57', 1, 5, '123456789012', '2022-05-05', 'good', ''),
(148, 'JCVGFS', 351, NULL, NULL, NULL, NULL, NULL, NULL, 11, NULL, '2022-05-05 12:40:42', '2022-05-05 17:26:24', 117, NULL, NULL, NULL, NULL, NULL, NULL, '2022-05-05', NULL, NULL),
(150, 'FDUOBZ', 355, NULL, NULL, NULL, NULL, NULL, NULL, NULL, NULL, '2022-05-05 16:14:55', '2022-05-05 16:14:55', 0, NULL, NULL, NULL, NULL, NULL, NULL, NULL, NULL, NULL),
(151, 'ZOTDVV', 303, NULL, NULL, 'megha@137gmail.com', NULL, 1, '1999-04-25', 11, NULL, '2022-05-05 17:14:14', '2022-05-06 16:07:20', 119, 'dfs', 'ggf', 'fg', 2, 3, '5647768890', '2022-05-05', 'dhfgj', NULL),
(152, 'TBTSFW', 351, NULL, NULL, 'kp@gmail.com', NULL, 2, '1998-10-11', 11, NULL, '2022-05-05 17:26:24', '2022-05-05 17:26:24', 120, 'https://m.facebook.com/', 'https://about.instagram.com/', NULL, 1, 5, '123456789012', '2022-05-05', 'good', NULL),
(153, 'YVIZIC', 303, NULL, NULL, 'megha@137gmail.com', NULL, 1, '1999-04-25', 11, NULL, '2022-05-06 15:33:50', '2022-05-06 16:07:20', 122, 'dfs', 'ggf', 'fg', 2, 3, '5647768890', '2022-05-06', 'dhfgj', NULL),
(154, 'FBXRPB', 303, NULL, NULL, 'megha@137gmail.com', NULL, 1, '1999-04-25', 11, NULL, '2022-05-06 15:35:44', '2022-05-06 16:07:20', 123, 'dfs', 'ggf', 'fg', 2, 3, '5647768890', '2022-05-06', 'dhfgj', NULL),
(155, 'IVMZMH', 304, NULL, NULL, 'kp@gmail.com', NULL, 2, '1998-10-11', 11, NULL, '2022-05-06 16:09:03', '2022-05-06 16:11:02', 124, 'yvuv', 'fctc', 'uh7vuv', 1, 5, '123456789012', '2022-05-06', 'latest new', NULL),
(157, 'RFVFNJ', 360, NULL, NULL, NULL, NULL, NULL, NULL, 11, NULL, '2022-05-12 12:08:42', '2022-05-12 12:11:15', 126, NULL, NULL, NULL, NULL, NULL, NULL, '2022-05-12', NULL, NULL),
(158, 'TLQHKP', 362, NULL, NULL, NULL, NULL, NULL, NULL, NULL, NULL, '2022-05-18 10:31:09', '2022-05-18 10:31:09', 0, NULL, NULL, NULL, NULL, NULL, NULL, NULL, NULL, NULL),
(159, 'ASTVZI', 373, NULL, NULL, 'rakeshrk.rp@gmail.com', '', 10, '1995-11-23', 11, NULL, '2022-05-31 15:13:29', '2022-05-31 16:02:40', 127, 'https://www.facebook.com/sumeeetsen', 'https://www.instagram.com/invites/contact/?i=1atwul587urs1&utm_content=1y9tckn', '', 2, 5, '892939254378', '2022-05-31', 'Knowledge is power to make life easier and happier', ''),
(160, 'ABPOTN', 380, NULL, NULL, NULL, NULL, NULL, NULL, NULL, NULL, '2022-08-19 16:37:48', '2022-08-19 16:37:48', 0, NULL, NULL, NULL, NULL, NULL, NULL, NULL, NULL, NULL),
(161, 'ILFCZA', 306, NULL, NULL, 'rakeshrk.rp@gmail.com', NULL, 10, '1971-04-26', 11, NULL, '2022-08-22 11:48:56', '2022-08-25 17:22:49', 128, 'https://www.facebook.com/sumeeetsen', 'https://www.instagram.com/accounts/login/', 'My Local Motion\n+1 514-247-2278\nhttps://maps.app.goo.gl/SCetKAEPse4cb5Cv6', 1, 1, '123455789123', '2022-08-22', 'RK GROUP OF ACCADEMY', NULL),
(162, 'BWFNZY', 306, NULL, NULL, 'rakeshrk.rp@gmail.com', NULL, 10, '1971-04-26', 11, NULL, '2022-08-25 17:22:49', '2022-08-25 17:22:49', 129, 'https://www.facebook.com/sumeeetsen', 'https://www.instagram.com/accounts/login/', 'My Local Motion\n+1 514-247-2278\nhttps://maps.app.goo.gl/SCetKAEPse4cb5Cv6', 1, 1, '123455789123', '2022-08-25', 'RK GROUP OF ACCADEMY', NULL),
(163, 'KHINFS', 442, NULL, NULL, NULL, NULL, NULL, NULL, 11, NULL, '2023-03-14 16:48:48', '2023-03-14 16:48:59', 130, NULL, NULL, NULL, NULL, NULL, NULL, '2023-03-14', NULL, NULL),
(164, 'IRUGAZ', 444, NULL, NULL, NULL, NULL, NULL, NULL, 11, NULL, '2023-03-17 15:14:07', '2023-03-17 15:14:23', 131, NULL, NULL, NULL, NULL, NULL, NULL, '2023-03-17', NULL, NULL),
(165, 'AIYBDA', 447, NULL, NULL, NULL, NULL, NULL, NULL, NULL, NULL, '2023-05-18 10:38:46', '2023-05-18 10:38:46', 0, NULL, NULL, NULL, NULL, NULL, NULL, NULL, NULL, NULL),
(166, 'GSOYZF', 448, NULL, NULL, NULL, NULL, NULL, NULL, 11, NULL, '2023-05-18 16:20:20', '2023-05-18 16:20:49', 132, NULL, NULL, NULL, NULL, NULL, NULL, '2023-05-18', NULL, NULL),
(167, 'LOFBWJ', 451, NULL, NULL, NULL, NULL, NULL, NULL, NULL, NULL, '2023-05-30 08:37:24', '2023-05-30 08:37:24', 0, NULL, NULL, NULL, NULL, NULL, NULL, NULL, NULL, NULL),
(168, 'MXBUCC', 452, NULL, NULL, NULL, NULL, NULL, NULL, NULL, NULL, '2023-05-30 08:37:42', '2023-05-30 08:37:42', 0, NULL, NULL, NULL, NULL, NULL, NULL, NULL, NULL, NULL),
(169, 'BBCXLD', 453, NULL, NULL, NULL, NULL, NULL, NULL, 11, NULL, '2023-06-02 15:08:31', '2023-06-02 15:08:53', 133, NULL, NULL, NULL, NULL, NULL, NULL, '2023-06-02', NULL, NULL),
(170, 'WBRYHX', 454, NULL, NULL, NULL, NULL, NULL, NULL, 11, NULL, '2023-06-02 15:12:19', '2023-06-02 15:14:24', 134, NULL, NULL, NULL, NULL, NULL, NULL, '2023-06-02', NULL, NULL),
(171, 'ZDDWMU', 458, NULL, NULL, NULL, NULL, NULL, NULL, NULL, NULL, '2023-06-02 18:34:21', '2023-06-02 18:34:21', 0, NULL, NULL, NULL, NULL, NULL, NULL, NULL, NULL, NULL);

-- --------------------------------------------------------

--
-- Table structure for table `tteachercontent`
--

CREATE TABLE IF NOT EXISTS `tteachercontent` (
  `Id` int(11) NOT NULL,
  `TeacherId` int(11) NOT NULL,
  `ContentLink` varchar(500) DEFAULT NULL,
  `ContentTitle` varchar(100) DEFAULT NULL,
  `ContentPath` varchar(500) DEFAULT NULL,
  `CreatedDateTime` datetime NOT NULL,
  `ContentTypeId` int(11) DEFAULT NULL,
  `IsCommon` bit(1) DEFAULT NULL,
  `Duration` varchar(50) DEFAULT NULL
) ENGINE=InnoDB AUTO_INCREMENT=556 DEFAULT CHARSET=utf8 CHECKSUM=1 DELAY_KEY_WRITE=1 ROW_FORMAT=COMPACT;

--
-- Dumping data for table `tteachercontent`
--

INSERT INTO `tteachercontent` (`Id`, `TeacherId`, `ContentLink`, `ContentTitle`, `ContentPath`, `CreatedDateTime`, `ContentTypeId`, `IsCommon`, `Duration`) VALUES
(357, 133, NULL, 'સરસ સમજૂતી અને ઉદાહરણ', 'Content\\Library\\133', '2022-04-22 15:28:28', 6, b'1', NULL),
(358, 139, NULL, 'IMG_20220425_1655066209323852333279572.jpg', 'Content\\Library\\139', '2022-04-25 16:55:31', 20, b'1', NULL),
(359, 139, NULL, 'test', 'Content\\Library\\139', '2022-04-26 11:00:00', 5, b'1', NULL),
(360, 139, NULL, 'test', 'Content\\Library\\139', '2022-04-26 11:01:15', 5, b'1', NULL),
(361, 139, NULL, 'IMG_20220424_085713.jpg', 'Content\\Library\\139', '2022-04-26 11:02:57', 20, b'1', NULL),
(362, 132, NULL, 'IMG_20220426_1207163587646120654997446.jpg', 'Content\\Library\\132', '2022-04-26 12:07:27', 20, b'0', NULL),
(363, 132, NULL, 'IMG_20220426_1252417465628782425453576.jpg', 'Content\\Library\\132', '2022-04-26 12:52:54', 20, b'0', NULL),
(364, 132, NULL, 'IMG_temp8230594455035382301.jpg', 'Content\\Library\\132', '2022-04-26 12:55:29', 20, b'0', NULL),
(365, 132, NULL, 'IMG_20220426_130715.jpg', 'Content\\Library\\132', '2022-04-26 13:07:43', 20, b'0', NULL),
(366, 132, NULL, 'IMG_20220426_130816.jpg', 'Content\\Library\\132', '2022-04-26 13:08:29', 20, b'0', NULL),
(367, 132, NULL, 'IMG_20220426_130926.jpg', 'Content\\Library\\132', '2022-04-26 13:09:38', 20, b'0', NULL),
(368, 132, NULL, 'IMG_20220426_131036.jpg', 'Content\\Library\\132', '2022-04-26 13:10:48', 20, b'0', NULL),
(370, 139, NULL, 'IMG_20220426_1534237944486388613118370.jpg', 'Content\\Library\\139', '2022-04-26 15:34:27', 20, b'1', NULL),
(371, 132, NULL, '180770107203 _Final Report12.docx', 'Content\\Library\\132', '2022-04-26 15:39:36', 6, b'1', NULL),
(372, 132, NULL, 'IMG_20220426_154903.jpg', 'Content\\Library\\132', '2022-04-26 15:49:18', 20, b'0', NULL),
(373, 132, NULL, 'new folder', 'Content\\Library\\132', '2022-04-26 15:52:14', 5, b'1', NULL),
(375, 132, NULL, 'IMG_20220426_155517.jpg', 'Content\\Library\\132', '2022-04-26 15:55:32', 20, b'1', NULL),
(376, 132, NULL, 'IMG_20220424_085709.jpg', 'Content\\Library\\132', '2022-04-26 15:56:01', 20, b'1', NULL),
(380, 132, 'https://youtu.be/7rNA0JEJZUA', 'સરસ સમજૂતી અને ઉદાહરણ', 'Content\\Library\\132', '2022-04-26 16:20:01', 8, b'1', '3Hrs 30Sec'),
(381, 132, 'https://youtu.be/7rNA0JEJZUA', 'સરસ સમજૂતી અને ઉદાહરણ', 'Content\\Library\\132', '2022-04-26 16:24:54', 8, b'1', '3Hrs 30Sec'),
(382, 139, 'https://youtu.be/7rNA0JEJZUA', 'સરસ સમજૂતી અને ઉદાહરણ', 'Content\\Library\\139', '2022-04-26 16:27:48', 8, b'1', '3Hrs 30Sec'),
(383, 139, 'https://youtu.be/7rNA0JEJZUA', '"?????????? ????? ?????? ?? ??????? ??????"', 'Content\\Library\\139', '2022-04-26 16:28:43', 8, b'1', '3Hrs 30Sec'),
(384, 133, NULL, 'preya resume (1).pdf', 'Content\\Library\\133', '2022-04-26 17:28:38', 6, b'1', NULL),
(385, 133, NULL, 'Screenshot_20220414_122001.jpg', 'Content\\Library\\133', '2022-04-26 17:29:09', 20, b'1', NULL),
(386, 133, 'https://youtu.be/1ZoIabdNljA', '???? ??? Shaadi.com ?? Idea? |The Kapil Sharma Show Season 2 | Best Moments', 'Content\\Library\\133', '2022-04-26 18:31:19', 8, b'1', '8Min 38Sec'),
(387, 133, 'https://en.m.wikipedia.org/wiki/Main_Page', 'Wiki link', 'Content\\Library\\133', '2022-04-26 18:33:10', 7, b'1', ''),
(388, 133, 'https://erpnew.onlinevidyalaya.net/Pages/Baseframework/Security/Login', 'Sapphire ERP', 'Content\\Library\\133', '2022-04-26 18:35:11', 7, b'1', ''),
(389, 132, 'https://youtu.be/7rNA0JEJZUA', '?????????? ????? ?????? ?? ??????? ??????', 'Content\\Library\\132', '2022-04-27 13:32:11', 8, b'1', '3Hrs 30Sec'),
(390, 132, 'https://youtu.be/7rNA0JEJZUA', '?????????? ????? ?????? ?? ??????? ??????', 'Content\\Library\\132', '2022-04-27 14:45:59', 8, b'1', '3Hrs 30Sec'),
(391, 132, 'https://youtu.be/7rNA0JEJZUA', '?????????? ????? ?????? ?? ??????? ??????', 'Content\\Library\\132', '2022-04-27 15:16:37', 8, b'1', '3Hrs 30Sec'),
(392, 132, 'https://youtu.be/7rNA0JEJZUA', 'એકવાર નવો માઇલસ્ટોન ઉમેરાયા પછી', 'Content\\Library\\132', '2022-04-27 15:18:48', 8, b'1', '3Hrs 30Sec'),
(393, 132, 'https://youtu.be/7rNA0JEJZUA', 'એકવાર નવો માઇલસ્ટોન ઉમેરાયા પછી', 'Content\\Library\\132', '2022-04-27 15:23:27', 8, b'1', '3Hrs 30Sec'),
(394, 132, 'https://youtu.be/7rNA0JEJZUA', '????? ??????', 'Content\\Library\\132', '2022-04-27 15:31:27', 8, b'1', '3Hrs 30Sec'),
(395, 132, 'https://youtu.be/7rNA0JEJZUA', '????? ??????', 'Content\\Library\\132', '2022-04-27 15:32:59', 8, b'1', '3Hrs 30Sec'),
(396, 132, 'https://youtu.be/7rNA0JEJZUA', '????? ??????', 'Content\\Library\\132', '2022-04-27 15:36:14', 8, b'1', '3Hrs 30Sec'),
(397, 132, 'https://youtu.be/7rNA0JEJZUA', 'એકવાર નવો માઇલસ્ટોન ઉમેરાયા પછી', 'Content\\Library\\132', '2022-04-27 15:54:13', 8, b'1', '3Hrs 30Sec'),
(398, 132, 'https://youtu.be/7rNA0JEJZUA', '????? ??????', 'Content\\Library\\132', '2022-04-27 16:10:04', 8, b'1', '3Hrs 30Sec'),
(399, 132, 'https://youtu.be/7rNA0JEJZUA', '????? ??????', 'Content\\Library\\132', '2022-04-27 16:11:18', 8, b'1', '3Hrs 30Sec'),
(400, 132, 'https://youtu.be/7rNA0JEJZUA', '????? ??????', 'Content\\Library\\132', '2022-04-27 16:12:12', 8, b'1', '3Hrs 30Sec'),
(401, 132, 'https://youtu.be/7rNA0JEJZUA', '????? ??????', 'Content\\Library\\132', '2022-04-27 16:13:01', 8, b'1', '3Hrs 30Sec'),
(402, 132, 'https://youtu.be/7rNA0JEJZUA', '????? ??????', 'Content\\Library\\132', '2022-04-27 16:13:41', 8, b'1', '3Hrs 30Sec'),
(403, 132, 'https://youtu.be/7rNA0JEJZUA', '????? ??????', 'Content\\Library\\132', '2022-04-27 16:13:45', 8, b'1', '3Hrs 30Sec'),
(404, 132, 'https://youtu.be/7rNA0JEJZUA', '????? ??????', 'Content\\Library\\132', '2022-04-27 16:19:16', 8, b'1', '3Hrs 30Sec'),
(405, 132, 'https://youtu.be/7rNA0JEJZUA', '????? ??????', 'Content\\Library\\132', '2022-04-27 16:32:48', 8, b'1', '3Hrs 30Sec'),
(406, 132, 'https://youtu.be/7rNA0JEJZUA', '????? ??????', 'Content\\Library\\132', '2022-04-27 16:33:27', 8, b'1', '3Hrs 30Sec'),
(407, 132, 'https://youtu.be/7rNA0JEJZUA', '', 'Content\\Library\\132', '2022-04-27 16:35:00', 8, b'1', '3Hrs 30Sec'),
(408, 133, NULL, 'Study Material', 'Content\\Library\\133', '2022-04-27 16:37:02', 5, b'1', NULL),
(409, 132, 'https://youtu.be/7rNA0JEJZUA', 'jhhkhl', 'Content\\Library\\132', '2022-04-27 16:37:35', 8, b'1', '3Hrs 30Sec'),
(410, 132, 'https://youtu.be/7rNA0JEJZUA', '????? ??????', 'Content\\Library\\132', '2022-04-27 16:49:43', 8, b'1', '3Hrs 30Sec'),
(411, 133, 'https://youtube.com/shorts/ZgusbPLJ-gQ?feature=share', '???? ?? ????? ??? ??????', 'Content\\Library\\133', '2022-04-27 16:57:53', 8, b'1', '23Sec'),
(412, 132, 'https://youtu.be/7rNA0JEJZUA', 'એકવાર નવો માઇલસ્ટોન ઉમેરાયા પછી', 'Content\\Library\\132', '2022-04-27 17:01:59', 8, b'1', '3Hrs 30Sec'),
(416, 132, 'https://youtu.be/7rNA0JEJZUA', 'એકવાર નવો માઇલસ્ટોન ઉમેરાયા પછી', 'Content\\Library\\132', '2022-04-28 10:46:13', 8, b'1', '3Hrs 30Sec'),
(417, 132, 'https://youtu.be/7rNA0JEJZUA', 'એકવાર નવો માઇલસ્ટોન ઉમેરાયા પછી', 'Content\\Library\\132', '2022-04-28 11:42:09', 8, b'1', '3Hrs 30Sec'),
(419, 132, 'https://youtu.be/7rNA0JEJZUA', 'ContentTitle ????? ??????', 'Content\\Library\\132', '2022-04-28 12:01:00', 8, b'1', '3Hrs 30Sec'),
(420, 132, 'https://youtu.be/7rNA0JEJZUA', 'ContentTitle ????? ??????', 'Content\\Library\\132', '2022-04-28 12:09:01', 8, b'1', '3Hrs 30Sec'),
(421, 132, 'https://youtu.be/7rNA0JEJZUA', 'ContentTitle ????? ??????', 'Content\\Library\\132', '2022-04-28 12:12:07', 8, b'1', '3Hrs 30Sec'),
(430, 133, NULL, 'સરસ સમજૂતી અને ઉદાહરણ', 'Content\\Library\\133', '2022-04-22 15:28:28', 6, b'1', NULL),
(431, 132, 'https://youtu.be/7rNA0JEJZUA', 'સરસ સમજૂતી અને ઉદાહરણ', 'Content\\Library\\132', '2022-04-28 13:15:34', 8, b'1', '3Hrs 30Sec'),
(444, 132, NULL, '7fific', 'Content\\Library\\132', '2022-04-28 15:45:44', 5, b'1', NULL),
(445, 132, NULL, 'IMG_20220428_154551.jpg', 'Content\\Library\\132', '2022-04-28 15:46:12', 20, b'1', NULL),
(446, 132, NULL, 'sample.xlsx', 'Content\\Library\\132', '2022-04-28 15:46:24', 6, b'1', NULL),
(447, 132, NULL, 'sample3.txt', 'Content\\Library\\132', '2022-04-28 15:46:31', 6, b'1', NULL),
(455, 132, 'https://youtu.be/7rNA0JEJZUA', '??? ?????? ??? ??????', 'Content\\Library\\132', '2022-04-28 16:08:18', 8, b'1', '3Hrs 30Sec'),
(456, 132, 'https://youtu.be/7rNA0JEJZUA', 'સરસ સમજૂતી અને ઉદાહરણ', 'Content\\Library\\132', '2022-04-28 16:10:43', 8, b'1', '3Hrs 30Sec'),
(457, 132, 'https://youtu.be/7rNA0JEJZUA', 'સરસ સમજૂતી અને ઉદાહરણ', 'Content\\Library\\132', '2022-04-28 16:13:06', 8, b'1', '3Hrs 30Sec'),
(458, 132, '3Hrs 30Sec', 'સરસ સમજૂતી અને ઉદાહરણ', 'Content\\Library\\132', '2022-04-28 16:14:11', 8, b'1', 'https://youtu.be/7rNA0JEJZUA'),
(459, 132, '3Hrs 30Sec', '"દીક્ષાર્થી અંજલી કુમારી ની અધ્યાતમ યાત્રા"', 'Content\\Library\\132', '2022-04-28 16:15:02', 8, b'1', 'https://youtu.be/7rNA0JEJZUA'),
(460, 132, '7Min 2Sec', 'इस DJ SONG को सुनकर आप हिल जाओगे mora lahanga me awe bhukamp re powerful punch old bhojpuri djmanish', 'Content\\Library\\132', '2022-04-28 16:26:31', 8, b'1', 'https://youtu.be/C-pRB4g2x6Y'),
(463, 132, 'https://youtu.be/S4EH5SDT-8w', 'व्लाद और निकी के टॉय होटल में आपका स्वागत है', 'Content\\Library\\132', '2022-04-28 16:35:50', 8, b'1', '5Min 57Sec'),
(464, 132, 'https://youtube.com/shorts/Udd8FOUDKR4?feature=share', 'यह क्या बोल दिया sharks ने।#ashneergrover#anupammittal#piyushgoyal#amangupta#namitathapar#kgf2#sony', 'Content\\Library\\132', '2022-04-28 16:36:32', 8, b'1', '55Sec'),
(465, 132, 'https://youtu.be/7rNA0JEJZUA', 'સરસ સમજૂતી અને ઉદાહરણ', 'Content\\Library\\132', '2022-04-28 16:38:56', 8, b'1', '3Hrs 30Sec'),
(467, 132, 'https://youtu.be/7rNA0JEJZUA', 'સરસ સમજૂતી અને ઉદાહરણ', 'Content\\Library\\132', '2022-04-28 16:40:11', 8, b'1', 'સરસ'),
(468, 132, 'https://youtu.be/7rNA0JEJZUA', 'સરસ સમજૂતી અને ઉદાહરણ', 'Content\\Library\\132', '2022-04-28 16:40:55', 8, b'1', 'સરસ'),
(469, 132, 'https://youtu.be/7rNA0JEJZUA', 'ContentTitle અંજલી કુમારી', 'Content\\Library\\132', '2022-04-28 16:48:51', 8, b'1', '3Hrs 30Sec'),
(470, 132, 'https://youtu.be/7rNA0JEJZUA', 'ContentTitle અંજલી કુમારી', 'Content\\Library\\132', '2022-04-28 16:50:55', 8, b'1', '3Hrs 30Sec'),
(471, 132, 'https://youtu.be/7rNA0JEJZUA', 'ContentTitle અંજલી કુમારી', 'Content\\Library\\132', '2022-04-28 16:56:57', 8, b'1', '3Hrs 30Sec'),
(472, 132, 'અંજલી કુમારી', 'અંજલી કુમારી', 'Content\\Library\\132', '2022-04-28 16:57:17', 8, b'1', 'અંજલી'),
(473, 132, NULL, 'IMG_20220428_185734.jpg', 'Content\\Library\\132\\444\\7fific', '2022-04-28 18:57:49', 20, b'1', NULL),
(474, 132, NULL, 'fghh', 'Content\\Library\\132', '2022-04-28 21:03:40', 5, b'1', NULL),
(475, 133, NULL, 'hdufufu', 'Content\\Library\\133', '2022-05-03 18:33:37', 5, b'1', NULL),
(476, 131, NULL, 'mtestdemo', 'Content\\Library\\131', '2022-05-05 11:46:22', 5, b'1', NULL),
(477, 131, NULL, 'mtestdemo1', 'Content\\Library\\131', '2022-05-05 11:47:10', 5, b'1', NULL),
(478, 147, NULL, 'new testing folder', 'Content\\Library\\147', '2022-05-06 10:33:28', 5, b'0', NULL),
(479, 147, NULL, 'IMG_20220506_103522.jpg', 'Content\\Library\\147', '2022-05-06 10:35:26', 20, b'0', NULL),
(480, 147, NULL, 'Screenshot_20220424_165507.jpg', 'Content\\Library\\147', '2022-05-06 10:35:40', 20, b'0', NULL),
(481, 147, NULL, 'sample.xlsx', 'Content\\Library\\147', '2022-05-06 10:35:46', 6, b'0', NULL),
(482, 147, 'https://blog.mindorks.com/mastering-kotlin-coroutines-in-android-step-by-step-guide', 'kotlin', 'Content\\Library\\147', '2022-05-06 10:42:55', 7, b'0', ''),
(483, 147, 'https://youtube.com/shorts/RPb8A6-vSHg?feature=share', 'LIC IPO - Final decision | LIC IPO analysis #shorts', 'Content\\Library\\147', '2022-05-06 10:46:23', 8, b'0', '49Sec'),
(484, 147, NULL, 'test', 'Content\\Library\\147', '2022-05-06 10:57:51', 5, b'1', NULL),
(485, 147, NULL, 'IMG_20220506_105817.jpg', 'Content\\Library\\147', '2022-05-06 10:58:36', 20, b'1', NULL),
(486, 147, NULL, 'Screenshot_20220323_135701.jpg', 'Content\\Library\\147', '2022-05-06 10:58:55', 20, b'1', NULL),
(487, 147, 'https://www.google.com/', 'google', 'Content\\Library\\147', '2022-05-06 10:59:28', 7, b'1', ''),
(488, 147, 'https://youtu.be/Rh30CfP7ncA', 'Why NITIN GADKARI is pushing GREEN HYDROGEN for Indian Industries : Green Hydrogen Case study', 'Content\\Library\\147', '2022-05-06 11:00:02', 8, b'1', '17Min 1Sec'),
(489, 147, NULL, 'folder inside folder', 'Content\\Library\\147\\484\\test', '2022-05-06 12:01:32', 5, b'0', NULL),
(490, 147, NULL, 'new folder', 'Content\\Library\\147', '2022-05-06 18:18:42', 5, b'1', NULL),
(491, 147, NULL, 'IMG_20220506_181850.jpg', 'Content\\Library\\147', '2022-05-06 18:18:55', 20, b'1', NULL),
(492, 147, NULL, 'IMG20220409091041.jpg', 'Content\\Library\\147', '2022-05-06 18:19:10', 20, b'1', NULL),
(494, 147, 'https://www.google.com/amp/s/www.geeksforgeeks.org/super-keyword/amp/', 'test link', 'Content\\Library\\147', '2022-05-06 18:20:27', 7, b'1', ''),
(496, 147, 'https://youtu.be/W5h9hGqLiiw', 'FUNNIEST MOMENTS IN VALORANT #91', 'Content\\Library\\147', '2022-05-06 18:22:42', 8, b'1', '19Min 56Sec'),
(498, 132, NULL, 'IMG_20220509_121849.jpg', 'Content\\Library\\132', '2022-05-09 12:18:52', 20, b'1', NULL),
(499, 147, NULL, 'IMG_20220509_123920.jpg', 'Content\\Library\\147\\484\\test', '2022-05-09 12:39:29', 20, b'0', NULL),
(500, 147, NULL, 'WOODWARD-GAMME-TECJET-50-Plus_TECHNICAL-MANUAL_EN_2017.pdf', 'Content\\Library\\147', '2022-05-10 11:35:20', 6, b'1', NULL),
(501, 147, NULL, 'tests-example.xls', 'Content\\Library\\147', '2022-05-10 11:36:41', 6, b'1', NULL),
(502, 147, NULL, 'file-example_PDF_1M.pdf', 'Content\\Library\\147', '2022-05-10 11:36:56', 6, b'1', NULL),
(503, 157, NULL, 'test', 'Content\\Library\\157', '2022-05-12 12:17:10', 5, b'1', NULL),
(504, 132, 'https://youtu.be/7rNA0JEJZUA', 'સરસ સમજૂતી અને ઉદાહરણ', 'Content\\Library\\132', '2022-05-17 11:27:42', 8, b'1', 'સરસ'),
(505, 132, 'https://youtu.be/7rNA0JEJZUA', 'સરસ સમજૂતી અને ઉદાહરણ', 'Content\\Library\\132', '2022-05-17 11:28:02', 8, b'1', 'સરસ'),
(506, 147, NULL, 'djfjf', 'Content\\Library\\147\\490\\new folder', '2022-05-18 11:09:21', 5, b'1', NULL),
(507, 147, NULL, 'image0.jpg', 'Content\\Library\\147\\484\\test', '2022-05-18 11:09:31', 20, b'0', NULL),
(508, 147, NULL, 'My Image_IOS.jpg', 'Content\\Library\\147', '2022-05-18 18:19:45', 20, b'1', NULL),
(509, 147, 'https://wetransfer.com', 'WeTransfer - Send Large Files & Share Photos Online - Up to 2GB Free', 'Content\\Library\\147', '2022-05-24 13:02:15', 7, b'0', ''),
(510, 147, NULL, 'AAAA', 'Content\\Library\\147', '2022-05-27 14:57:54', 5, b'0', NULL),
(511, 159, NULL, 'Global Content', 'Content\\Library\\159', '2022-05-31 16:29:24', 5, b'1', NULL),
(512, 159, NULL, 'Screenshot_20220414_121641.jpg', 'Content\\Library\\159\\511\\Global Content', '2022-05-31 16:30:55', 20, b'1', NULL),
(513, 159, NULL, 'Screenshot_20220520_214335.jpg', 'Content\\Library\\159\\511\\Global Content', '2022-05-31 16:31:21', 20, b'1', NULL),
(514, 159, NULL, 'Teachmint Terms And Conditions.docx', 'Content\\Library\\159\\511\\Global Content', '2022-05-31 16:34:04', 6, b'1', NULL),
(515, 159, NULL, 'Classplus Terms And Conditions.docx', 'Content\\Library\\159\\511\\Global Content', '2022-05-31 16:35:13', 6, b'1', NULL),
(516, 159, NULL, 'IMG-20220530-WA0004.jpg', 'Content\\Library\\159\\511\\Global Content', '2022-05-31 16:38:02', 20, b'1', NULL),
(517, 139, NULL, 'samplepptx.pptx', 'Content\\Library\\139', '2022-06-21 14:41:51', 6, b'1', NULL),
(518, 139, NULL, 'DOC 1643971192817.pdf', 'Content\\Library\\139', '2022-06-21 14:42:05', 6, b'1', NULL),
(519, 139, 'https://google.com', 'test ', 'Content\\Library\\139', '2022-06-21 14:43:20', 7, b'1', ''),
(520, 139, NULL, 'test 1 ', 'Content\\Library\\139', '2022-06-21 14:44:14', 5, b'1', NULL),
(521, 139, NULL, '1653545555629.jpg', 'Content\\Library\\139\\360\\test', '2022-06-21 15:10:28', 20, b'1', NULL),
(522, 139, NULL, '', 'Content\\Library\\139', '2022-07-04 11:29:51', 5, b'0', NULL),
(523, 139, 'https://www.google.com', 'Google', 'Content\\Library\\139', '2022-07-04 12:15:41', 7, b'0', ''),
(524, 139, NULL, 'test folder1', 'Content\\Library\\139', '2022-07-04 12:20:14', 5, b'0', NULL),
(530, 147, NULL, 'tests-example.xls', 'Content\\Library\\147', '2022-07-20 19:25:50', 6, b'1', NULL),
(531, 133, NULL, 'Placement Data (1).pdf', 'Content\\Library\\133', '2022-07-22 13:27:48', 6, b'1', NULL),
(532, 133, NULL, 'Sapphiresolutions Mail - sapphire software solutions sent you an Amazon Pay Gift Card!.pdf', 'Content\\Library\\133', '2022-07-22 13:28:36', 6, b'1', NULL),
(533, 133, NULL, 'Students_LFS_(HS)-(EM)-KG1.xls', 'Content\\Library\\133', '2022-07-22 13:32:59', 6, b'1', NULL),
(534, 133, NULL, 'Physical Visit Documents.txt', 'Content\\Library\\133', '2022-07-22 13:33:10', 6, b'1', NULL),
(535, 133, NULL, 'Paytm_WayBook Configuration Steps.docx', 'Content\\Library\\133', '2022-07-22 13:33:17', 6, b'1', NULL),
(536, 133, NULL, 'Classplus VS Teachmint.pptx', 'Content\\Library\\133', '2022-07-22 13:33:29', 6, b'1', NULL),
(537, 133, NULL, 'Students_LFS_(HS)-(EM)-KG1.xls', 'Content\\Library\\133\\408\\Study Material', '2022-07-25 16:55:17', 6, b'1', NULL),
(538, 133, NULL, 'Physical Visit Documents.txt', 'Content\\Library\\133\\408\\Study Material', '2022-07-25 16:55:26', 6, b'1', NULL),
(539, 133, NULL, 'Paytm_WayBook Configuration Steps.docx', 'Content\\Library\\133\\408\\Study Material', '2022-07-25 16:55:57', 6, b'1', NULL),
(540, 133, NULL, 'Classplus VS Teachmint.pptx', 'Content\\Library\\133\\408\\Study Material', '2022-07-25 16:56:19', 6, b'1', NULL),
(541, 133, NULL, 'preya resume (1).pdf', 'Content\\Library\\133\\408\\Study Material', '2022-07-25 16:56:42', 6, b'1', NULL),
(542, 133, 'https://youtu.be/ZYXJZZ9Ux3Y', 'Youtube Link ', 'Content\\Library\\133\\408\\Study Material', '2022-07-25 16:59:06', 7, b'1', ''),
(543, 133, 'https://youtube.com/shorts/817Tg-93_8k?feature=share', 'कर्ण से भी महान दानवीर था ये योद्धा #shorts #khatu', 'Content\\Library\\133', '2022-07-25 17:12:03', 8, b'1', '59Sec'),
(544, 133, 'https://youtube.com/shorts/G86Tmg8Sm84?feature=share', 'कर्ण vs साम ', 'Content\\Library\\133', '2022-07-25 17:13:05', 8, b'1', '39Sec'),
(545, 133, 'https://youtube.com/shorts/G86Tmg8Sm84?feature=share', 'कर्ण vs साम ', 'Content\\Library\\133\\408\\Study Material', '2022-07-25 17:13:48', 8, b'1', '39Sec'),
(546, 133, 'https://youtu.be/3RQnEVztneM', 'ઉંદર સાત પૂછડીવાળો - Gujarati Varta - Bal Varta - Gujarati Fairy Tales', 'Content\\Library\\133\\408\\Study Material', '2022-07-25 17:15:04', 8, b'1', '3Min 56Sec'),
(547, 133, 'https://youtu.be/3RQnEVztneM', 'ઉંદર સાત પૂછડીવાળો - Gujarati Varta - Bal Varta - Gujarati Fairy Tales', 'Content\\Library\\133', '2022-07-25 17:15:16', 8, b'1', '3Min 56Sec'),
(548, 133, 'https://youtu.be/GABxCS_LDcE', 'যদি একটি বার ও পারত|bengali sad song status|bangla sad status|bengali whatsapp status|sad status', 'Content\\Library\\133', '2022-07-25 17:16:21', 8, b'1', '29Sec'),
(549, 133, 'https://youtu.be/GABxCS_LDcE', 'যদি একটি বার ও পারত|bengali sad song status|bangla sad status|bengali whatsapp status|sad status', 'Content\\Library\\133\\408\\Study Material', '2022-07-25 17:16:36', 8, b'1', '29Sec'),
(550, 133, NULL, 'Screenshot_20220724_165746.jpg', 'Content\\Library\\133\\408\\Study Material', '2022-07-25 17:17:05', 20, b'1', NULL),
(551, 133, NULL, 'FeeReceiptHeadDouble_A5.jpg', 'Content\\Library\\133\\408\\Study Material', '2022-07-25 17:18:09', 20, b'1', NULL),
(552, 133, NULL, 'Screenshot_20220723_190102.jpg', 'Content\\Library\\133\\408\\Study Material', '2022-07-25 17:18:27', 20, b'1', NULL),
(553, 166, NULL, 'IMG-20230516-WA0002.jpg', 'Content\\Library\\166', '2023-05-18 16:25:59', 20, b'1', NULL),
(554, 132, NULL, 'IMG-20230529-WA0004.jpg', 'Content\\Library\\132', '2023-05-29 12:17:45', 20, b'1', NULL),
(555, 141, NULL, 'IMG_20230602_104148.jpg', 'Content\\Library\\141', '2023-06-02 10:42:00', 20, b'1', NULL);

-- --------------------------------------------------------

--
-- Table structure for table `tteachercontentassign`
--

CREATE TABLE IF NOT EXISTS `tteachercontentassign` (
  `Id` int(11) NOT NULL,
  `TeacherContentId` int(11) NOT NULL,
  `BatchId` int(11) NOT NULL,
  `Remark` varchar(100) DEFAULT NULL,
  `CreatedDateTime` datetime NOT NULL,
  `UpdatedDateTime` datetime DEFAULT NULL,
  `ContentLink` varchar(500) DEFAULT NULL,
  `ContentPath` varchar(500) DEFAULT NULL,
  `ContentTitle` varchar(100) DEFAULT NULL,
  `ContentTypeId` int(11) DEFAULT NULL,
  `Duration` varchar(50) DEFAULT NULL
) ENGINE=InnoDB AUTO_INCREMENT=616 DEFAULT CHARSET=utf8;

--
-- Dumping data for table `tteachercontentassign`
--

INSERT INTO `tteachercontentassign` (`Id`, `TeacherContentId`, `BatchId`, `Remark`, `CreatedDateTime`, `UpdatedDateTime`, `ContentLink`, `ContentPath`, `ContentTitle`, `ContentTypeId`, `Duration`) VALUES
(448, 358, 184, NULL, '2022-04-25 16:55:31', NULL, NULL, 'Content\\AssignContent\\139\\184', 'IMG_20220425_1655066209323852333279572.jpg', 20, NULL),
(450, 360, 186, 'test', '2022-04-26 11:01:15', NULL, NULL, 'Content\\AssignContent\\139\\186', 'test', 5, NULL),
(451, 361, 186, NULL, '2022-04-26 11:02:57', NULL, NULL, 'Content\\AssignContent\\139\\186', 'IMG_20220424_085713.jpg', 20, NULL),
(455, 365, 182, NULL, '2022-04-26 13:07:43', NULL, NULL, 'Content\\AssignContent\\132\\182', 'IMG_20220426_130715.jpg', 20, NULL),
(456, 366, 182, NULL, '2022-04-26 13:08:29', NULL, NULL, 'Content\\AssignContent\\132\\182', 'IMG_20220426_130816.jpg', 20, NULL),
(457, 367, 182, NULL, '2022-04-26 13:09:38', NULL, NULL, 'Content\\AssignContent\\132\\182', 'IMG_20220426_130926.jpg', 20, NULL),
(458, 368, 182, NULL, '2022-04-26 13:10:49', NULL, NULL, 'Content\\AssignContent\\132\\182', 'IMG_20220426_131036.jpg', 20, NULL),
(459, 370, 184, NULL, '2022-04-26 15:34:27', NULL, NULL, 'Content\\AssignContent\\139\\184', 'IMG_20220426_1534237944486388613118370.jpg', 20, NULL),
(460, 372, 182, NULL, '2022-04-26 15:49:18', NULL, NULL, 'Content\\AssignContent\\132\\182', 'IMG_20220426_154903.jpg', 20, NULL),
(461, 408, 178, 'Morning Batch material', '2022-04-27 16:37:03', NULL, NULL, 'Content\\AssignContent\\133\\178', 'Study Material', 5, NULL),
(464, 373, 189, NULL, '2022-04-28 15:33:47', NULL, NULL, 'Content\\AssignContent\\132\\189', 'new folder', 5, NULL),
(465, 373, 187, NULL, '2022-04-28 15:38:13', '2022-05-02 12:40:41', NULL, 'Content\\AssignContent\\132\\187', 'new folder w', 5, NULL),
(466, 474, 189, NULL, '2022-04-28 21:04:02', NULL, NULL, 'Content\\AssignContent\\132\\189', 'fghh', 5, NULL),
(467, 474, 189, NULL, '2022-04-28 21:04:02', NULL, NULL, 'Content\\AssignContent\\132\\189', 'fghh', 5, NULL),
(468, 474, 190, NULL, '2022-04-28 21:04:14', NULL, NULL, 'Content\\AssignContent\\132\\190', 'fghh', 5, NULL),
(469, 384, 178, NULL, '2022-05-03 16:25:20', NULL, NULL, 'Content\\AssignContent\\133\\178', 'preya resume (1).pdf', 6, NULL),
(471, 384, 180, NULL, '2022-05-03 16:25:20', NULL, NULL, 'Content\\AssignContent\\133\\180', 'preya resume (1).pdf', 6, NULL),
(472, 384, 181, NULL, '2022-05-03 16:25:21', NULL, NULL, 'Content\\AssignContent\\133\\181', 'preya resume (1).pdf', 6, NULL),
(473, 384, 178, NULL, '2022-05-03 16:27:07', NULL, NULL, 'Content\\AssignContent\\133\\178', 'preya resume (1).pdf', 6, NULL),
(474, 386, 178, NULL, '2022-05-03 16:27:07', NULL, 'https://youtu.be/1ZoIabdNljA', 'Content\\AssignContent\\133\\178', '???? ??? Shaadi.com ?? Idea? |The Kapil Sharma Show Season 2 | Best Moments', 8, '8Min 38Sec'),
(477, 384, 180, NULL, '2022-05-03 16:27:07', NULL, NULL, 'Content\\AssignContent\\133\\180', 'preya resume (1).pdf', 6, NULL),
(478, 386, 180, NULL, '2022-05-03 16:27:07', NULL, 'https://youtu.be/1ZoIabdNljA', 'Content\\AssignContent\\133\\180', '???? ??? Shaadi.com ?? Idea? |The Kapil Sharma Show Season 2 | Best Moments', 8, '8Min 38Sec'),
(479, 384, 181, NULL, '2022-05-03 16:27:07', NULL, NULL, 'Content\\AssignContent\\133\\181', 'preya resume (1).pdf', 6, NULL),
(480, 386, 181, NULL, '2022-05-03 16:27:07', NULL, 'https://youtu.be/1ZoIabdNljA', 'Content\\AssignContent\\133\\181', '???? ??? Shaadi.com ?? Idea? |The Kapil Sharma Show Season 2 | Best Moments', 8, '8Min 38Sec'),
(481, 384, 178, NULL, '2022-05-03 16:27:15', NULL, NULL, 'Content\\AssignContent\\133\\178', 'preya resume (1).pdf', 6, NULL),
(482, 384, 178, NULL, '2022-05-03 16:27:18', NULL, NULL, 'Content\\AssignContent\\133\\178', 'preya resume (1).pdf', 6, NULL),
(483, 384, 178, NULL, '2022-05-03 16:27:20', NULL, NULL, 'Content\\AssignContent\\133\\178', 'preya resume (1).pdf', 6, NULL),
(484, 384, 178, NULL, '2022-05-03 16:27:23', NULL, NULL, 'Content\\AssignContent\\133\\178', 'preya resume (1).pdf', 6, NULL),
(485, 384, 178, NULL, '2022-05-03 16:27:25', NULL, NULL, 'Content\\AssignContent\\133\\178', 'preya resume (1).pdf', 6, NULL),
(486, 384, 178, NULL, '2022-05-03 16:27:35', NULL, NULL, 'Content\\AssignContent\\133\\178', 'preya resume (1).pdf', 6, NULL),
(487, 384, 178, NULL, '2022-05-03 16:27:43', NULL, NULL, 'Content\\AssignContent\\133\\178', 'preya resume (1).pdf', 6, NULL),
(488, 388, 178, NULL, '2022-05-03 18:32:22', NULL, 'https://erpnew.onlinevidyalaya.net/Pages/Baseframework/Security/Login', 'Content\\AssignContent\\133\\178', 'Sapphire ERP', 7, ''),
(490, 388, 180, NULL, '2022-05-03 18:33:07', NULL, 'https://erpnew.onlinevidyalaya.net/Pages/Baseframework/Security/Login', 'Content\\AssignContent\\133\\180', 'Sapphire ERP', 7, ''),
(491, 388, 181, NULL, '2022-05-03 18:33:09', NULL, 'https://erpnew.onlinevidyalaya.net/Pages/Baseframework/Security/Login', 'Content\\AssignContent\\133\\181', 'Sapphire ERP', 7, ''),
(492, 475, 178, NULL, '2022-05-03 18:39:14', NULL, NULL, 'Content\\AssignContent\\133\\178', 'hdufufu', 5, NULL),
(494, 475, 180, NULL, '2022-05-03 18:39:14', NULL, NULL, 'Content\\AssignContent\\133\\180', 'hdufufu', 5, NULL),
(495, 475, 181, NULL, '2022-05-03 18:39:14', NULL, NULL, 'Content\\AssignContent\\133\\181', 'hdufufu', 5, NULL),
(496, 475, 178, NULL, '2022-05-03 18:39:24', NULL, NULL, 'Content\\AssignContent\\133\\178', 'hdufufu', 5, NULL),
(497, 387, 178, NULL, '2022-05-03 18:39:24', NULL, 'https://en.m.wikipedia.org/wiki/Main_Page', 'Content\\AssignContent\\133\\178', 'Wiki link', 7, ''),
(500, 475, 180, NULL, '2022-05-03 18:39:24', NULL, NULL, 'Content\\AssignContent\\133\\180', 'hdufufu', 5, NULL),
(501, 387, 180, NULL, '2022-05-03 18:39:24', NULL, 'https://en.m.wikipedia.org/wiki/Main_Page', 'Content\\AssignContent\\133\\180', 'Wiki link', 7, ''),
(502, 475, 181, NULL, '2022-05-03 18:39:24', NULL, NULL, 'Content\\AssignContent\\133\\181', 'hdufufu', 5, NULL),
(503, 387, 181, NULL, '2022-05-03 18:39:24', NULL, 'https://en.m.wikipedia.org/wiki/Main_Page', 'Content\\AssignContent\\133\\181', 'Wiki link', 7, ''),
(504, 475, 178, NULL, '2022-05-03 18:39:46', NULL, NULL, 'Content\\AssignContent\\133\\178', 'hdufufu', 5, NULL),
(505, 411, 178, NULL, '2022-05-04 10:18:39', NULL, 'https://youtube.com/shorts/ZgusbPLJ-gQ?feature=share', 'Content\\AssignContent\\133\\178', '???? ?? ????? ??? ??????', 8, '23Sec'),
(507, 411, 180, NULL, '2022-05-04 10:18:39', NULL, 'https://youtube.com/shorts/ZgusbPLJ-gQ?feature=share', 'Content\\AssignContent\\133\\180', '???? ?? ????? ??? ??????', 8, '23Sec'),
(508, 411, 181, NULL, '2022-05-04 10:18:39', NULL, 'https://youtube.com/shorts/ZgusbPLJ-gQ?feature=share', 'Content\\AssignContent\\133\\181', '???? ?? ????? ??? ??????', 8, '23Sec'),
(509, 408, 178, NULL, '2022-05-04 10:21:39', NULL, NULL, 'Content\\AssignContent\\133\\178', 'Study Material', 5, NULL),
(510, 408, 178, NULL, '2022-05-04 10:21:39', NULL, NULL, 'Content\\AssignContent\\133\\178', 'Study Material', 5, NULL),
(513, 408, 180, NULL, '2022-05-04 10:21:39', NULL, NULL, 'Content\\AssignContent\\133\\180', 'Study Material', 5, NULL),
(514, 408, 180, NULL, '2022-05-04 10:21:39', NULL, NULL, 'Content\\AssignContent\\133\\180', 'Study Material', 5, NULL),
(515, 408, 181, NULL, '2022-05-04 10:21:40', NULL, NULL, 'Content\\AssignContent\\133\\181', 'Study Material', 5, NULL),
(516, 408, 181, NULL, '2022-05-04 10:21:40', NULL, NULL, 'Content\\AssignContent\\133\\181', 'Study Material', 5, NULL),
(520, 385, 180, NULL, '2022-05-04 10:25:03', NULL, NULL, 'Content\\AssignContent\\133\\180', 'Screenshot_20220414_122001.jpg', 20, NULL),
(521, 385, 181, NULL, '2022-05-04 10:25:03', NULL, NULL, 'Content\\AssignContent\\133\\181', 'Screenshot_20220414_122001.jpg', 20, NULL),
(524, 385, 180, NULL, '2022-05-04 10:25:28', NULL, NULL, 'Content\\AssignContent\\133\\180', 'Screenshot_20220414_122001.jpg', 20, NULL),
(525, 385, 181, NULL, '2022-05-04 10:25:28', NULL, NULL, 'Content\\AssignContent\\133\\181', 'Screenshot_20220414_122001.jpg', 20, NULL),
(526, 385, 178, NULL, '2022-05-04 10:26:41', NULL, NULL, 'Content\\AssignContent\\133\\178', 'Screenshot_20220414_122001.jpg', 20, NULL),
(528, 385, 180, NULL, '2022-05-04 10:26:41', NULL, NULL, 'Content\\AssignContent\\133\\180', 'Screenshot_20220414_122001.jpg', 20, NULL),
(529, 385, 181, NULL, '2022-05-04 10:26:41', NULL, NULL, 'Content\\AssignContent\\133\\181', 'Screenshot_20220414_122001.jpg', 20, NULL),
(530, 385, 178, 'test', '2022-05-04 11:58:20', NULL, NULL, 'Content\\AssignContent\\133\\178', 'Screenshot_20220414_122001.jpg', 20, NULL),
(532, 385, 180, 'test', '2022-05-04 11:58:20', NULL, NULL, 'Content\\AssignContent\\133\\180', 'Screenshot_20220414_122001.jpg', 20, NULL),
(533, 385, 181, 'test', '2022-05-04 11:58:20', NULL, NULL, 'Content\\AssignContent\\133\\181', 'Screenshot_20220414_122001.jpg', 20, NULL),
(534, 385, 178, 'test', '2022-05-04 11:58:24', NULL, NULL, 'Content\\AssignContent\\133\\178', 'Screenshot_20220414_122001.jpg', 20, NULL),
(536, 385, 180, 'test', '2022-05-04 11:58:24', NULL, NULL, 'Content\\AssignContent\\133\\180', 'Screenshot_20220414_122001.jpg', 20, NULL),
(537, 385, 181, 'test', '2022-05-04 11:58:25', NULL, NULL, 'Content\\AssignContent\\133\\181', 'Screenshot_20220414_122001.jpg', 20, NULL),
(538, 385, 178, 'test', '2022-05-04 11:58:26', NULL, NULL, 'Content\\AssignContent\\133\\178', 'Screenshot_20220414_122001.jpg', 20, NULL),
(540, 385, 180, 'test', '2022-05-04 11:58:27', NULL, NULL, 'Content\\AssignContent\\133\\180', 'Screenshot_20220414_122001.jpg', 20, NULL),
(541, 385, 181, 'test', '2022-05-04 11:58:27', NULL, NULL, 'Content\\AssignContent\\133\\181', 'Screenshot_20220414_122001.jpg', 20, NULL),
(542, 385, 178, 'test', '2022-05-04 11:58:28', NULL, NULL, 'Content\\AssignContent\\133\\178', 'Screenshot_20220414_122001.jpg', 20, NULL),
(544, 385, 180, 'test', '2022-05-04 11:58:28', NULL, NULL, 'Content\\AssignContent\\133\\180', 'Screenshot_20220414_122001.jpg', 20, NULL),
(545, 385, 181, 'test', '2022-05-04 11:58:28', NULL, NULL, 'Content\\AssignContent\\133\\181', 'Screenshot_20220414_122001.jpg', 20, NULL),
(546, 385, 178, 'test', '2022-05-04 11:58:29', NULL, NULL, 'Content\\AssignContent\\133\\178', 'Screenshot_20220414_122001.jpg', 20, NULL),
(548, 385, 180, 'test', '2022-05-04 11:58:29', NULL, NULL, 'Content\\AssignContent\\133\\180', 'Screenshot_20220414_122001.jpg', 20, NULL),
(549, 385, 181, 'test', '2022-05-04 11:58:29', NULL, NULL, 'Content\\AssignContent\\133\\181', 'Screenshot_20220414_122001.jpg', 20, NULL),
(550, 385, 178, 'test', '2022-05-04 12:03:08', NULL, NULL, 'Content\\AssignContent\\133\\178', 'Screenshot_20220414_122001.jpg', 20, NULL),
(552, 385, 180, 'test', '2022-05-04 12:03:08', NULL, NULL, 'Content\\AssignContent\\133\\180', 'Screenshot_20220414_122001.jpg', 20, NULL),
(553, 385, 181, 'test', '2022-05-04 12:03:08', NULL, NULL, 'Content\\AssignContent\\133\\181', 'Screenshot_20220414_122001.jpg', 20, NULL),
(554, 475, 178, 'test', '2022-05-05 10:44:57', NULL, NULL, 'Content\\AssignContent\\133\\178', 'hdufufu', 5, NULL),
(555, 475, 178, 'test', '2022-05-05 10:45:06', NULL, NULL, 'Content\\AssignContent\\133\\178', 'hdufufu', 5, NULL),
(556, 476, 177, 'test', '2022-05-05 11:48:18', NULL, NULL, 'Content\\AssignContent\\131\\177', 'mtestdemo', 5, NULL),
(557, 476, 197, 'test', '2022-05-05 11:50:18', NULL, NULL, 'Content\\AssignContent\\131\\197', 'mtestdemo', 5, NULL),
(558, 478, 199, '', '2022-05-06 10:33:28', '2022-05-27 12:13:12', NULL, 'Content\\AssignContent\\147\\199', 'testing folder', 5, NULL),
(559, 479, 199, NULL, '2022-05-06 10:35:26', '2022-05-27 12:13:33', NULL, 'Content\\AssignContent\\147\\199', 'IMG_20220506_10.jpg', 20, NULL),
(560, 480, 199, NULL, '2022-05-06 10:35:40', NULL, NULL, 'Content\\AssignContent\\147\\199', 'Screenshot_20220424_165507.jpg', 20, NULL),
(561, 481, 199, NULL, '2022-05-06 10:35:46', '2022-05-27 12:12:27', NULL, 'Content\\AssignContent\\147\\199', 'sampl.xlsx', 6, NULL),
(562, 482, 199, NULL, '2022-05-06 10:42:55', '2022-05-27 12:11:06', NULL, 'Content\\AssignContent\\147\\199', 'aaaa', 7, NULL),
(563, 483, 199, NULL, '2022-05-06 10:46:23', '2022-05-27 12:11:54', NULL, 'Content\\AssignContent\\147\\199', 'IPO - Final decision | LIC IPO analysis #shorts', 8, NULL),
(564, 484, 199, '', '2022-05-06 10:57:51', NULL, NULL, 'Content\\AssignContent\\147\\199', 'test', 5, NULL),
(565, 485, 199, NULL, '2022-05-06 10:58:36', NULL, NULL, 'Content\\AssignContent\\147\\199', 'IMG_20220506_105817.jpg', 20, NULL),
(566, 486, 199, NULL, '2022-05-06 10:58:55', '2022-05-06 11:10:49', NULL, 'Content\\AssignContent\\147\\199', 'Screenshot_20220323_13570123.jpg', 20, NULL),
(567, 487, 199, NULL, '2022-05-06 10:59:28', '2022-05-27 12:15:58', NULL, 'Content\\AssignContent\\147\\199', 'google', 7, NULL),
(568, 488, 199, NULL, '2022-05-06 11:00:02', '2022-05-06 11:15:26', 'https://youtu.be/Rh30CfP7ncA', 'Content\\AssignContent\\147\\199', 'NITIN GADKARI is pushing GREEN HYDROGEN for Indian Industries : Green Hydrogen Case study', 8, '17Min 1Sec'),
(569, 489, 199, '', '2022-05-06 12:01:33', '2022-05-06 12:08:15', NULL, 'Content\\AssignContent\\147\\199\\564\\test', 'folder inside folder new', 5, NULL),
(570, 484, 200, NULL, '2022-05-06 22:06:58', NULL, NULL, 'Content\\AssignContent\\147\\200', 'test', 5, NULL),
(571, 489, 200, NULL, '2022-05-06 22:06:58', NULL, NULL, 'Content\\AssignContent\\147\\200\\570\\test', 'folder inside folder', 5, NULL),
(572, 498, 187, NULL, '2022-05-09 12:18:52', NULL, NULL, 'Content\\AssignContent\\132\\187', 'IMG_20220509_121849.jpg', 20, NULL),
(573, 499, 199, NULL, '2022-05-09 12:39:29', NULL, NULL, 'Content\\AssignContent\\147\\199\\564\\test', 'IMG_20220509_123920.jpg', 20, NULL),
(574, 503, 212, 'test123', '2022-05-12 12:17:10', NULL, NULL, 'Content\\AssignContent\\157\\212', 'test', 5, NULL),
(575, 502, 213, '', '2022-05-18 11:04:19', NULL, NULL, 'Content\\AssignContent\\147\\213', 'file-example_PDF_1MB.pdf', 6, NULL),
(576, 509, 199, '', '2022-05-24 13:02:15', NULL, 'https://wetransfer.com', 'Content\\AssignContent\\147\\199', 'WeTransfer - Send Large Files & Share Photos Online - Up to 2GB Free', 7, ''),
(578, 361, 184, NULL, '2022-06-21 12:42:03', NULL, NULL, 'Content\\AssignContent\\139\\184', 'IMG_20220424_085713.jpg', 20, NULL),
(579, 517, 184, NULL, '2022-06-21 14:41:51', NULL, NULL, 'Content\\AssignContent\\139\\184', 'samplepptx.pptx', 6, NULL),
(580, 518, 184, NULL, '2022-06-21 14:42:05', NULL, NULL, 'Content\\AssignContent\\139\\184', 'DOC 1643971192817.pdf', 6, NULL),
(581, 519, 184, NULL, '2022-06-21 14:43:20', NULL, 'https://google.com', 'Content\\AssignContent\\139\\184', 'test ', 7, ''),
(582, 520, 184, '', '2022-06-21 14:44:14', NULL, NULL, 'Content\\AssignContent\\139\\184', 'test 1 ', 5, NULL),
(583, 520, 185, NULL, '2022-06-21 15:09:48', NULL, NULL, 'Content\\AssignContent\\139\\185', 'test 1 ', 5, NULL),
(584, 521, 186, NULL, '2022-06-21 15:11:00', NULL, NULL, 'Content\\AssignContent\\139\\186', '1653545555629.jpg', 20, NULL),
(585, 504, 187, '', '2022-06-22 18:15:15', NULL, 'https://youtu.be/7rNA0JEJZUA', 'Content\\AssignContent\\132\\187', 'સરસ સમજૂતી અને ઉદાહરણ', 8, 'સરસ'),
(587, 523, 184, '', '2022-07-04 12:15:41', NULL, 'https://www.google.com', 'Content\\AssignContent\\139\\184', 'Google', 7, ''),
(588, 524, 184, '', '2022-07-04 12:20:14', '2022-07-04 12:21:35', NULL, 'Content\\AssignContent\\139\\184', 'test folder2', 5, NULL),
(589, 536, 178, NULL, '2022-07-25 17:22:50', NULL, NULL, 'Content\\AssignContent\\133\\178', 'Classplus VS Teachmint.pptx', 6, NULL),
(590, 543, 178, NULL, '2022-07-25 17:22:50', NULL, 'https://youtube.com/shorts/817Tg-93_8k?feature=share', 'Content\\AssignContent\\133\\178', 'कर्ण से भी महान दानवीर था ये योद्धा #shorts #khatu', 8, '59Sec'),
(591, 535, 178, NULL, '2022-07-25 17:22:50', NULL, NULL, 'Content\\AssignContent\\133\\178', 'Paytm_WayBook Configuration Steps.docx', 6, NULL),
(592, 544, 178, NULL, '2022-07-25 17:22:50', NULL, 'https://youtube.com/shorts/G86Tmg8Sm84?feature=share', 'Content\\AssignContent\\133\\178', 'कर्ण vs साम ', 8, '39Sec'),
(597, 536, 180, NULL, '2022-07-25 17:22:51', NULL, NULL, 'Content\\AssignContent\\133\\180', 'Classplus VS Teachmint.pptx', 6, NULL),
(598, 543, 180, NULL, '2022-07-25 17:22:51', NULL, 'https://youtube.com/shorts/817Tg-93_8k?feature=share', 'Content\\AssignContent\\133\\180', 'कर्ण से भी महान दानवीर था ये योद्धा #shorts #khatu', 8, '59Sec'),
(599, 535, 180, NULL, '2022-07-25 17:22:51', NULL, NULL, 'Content\\AssignContent\\133\\180', 'Paytm_WayBook Configuration Steps.docx', 6, NULL),
(600, 544, 180, NULL, '2022-07-25 17:22:51', NULL, 'https://youtube.com/shorts/G86Tmg8Sm84?feature=share', 'Content\\AssignContent\\133\\180', 'कर्ण vs साम ', 8, '39Sec'),
(601, 536, 181, NULL, '2022-07-25 17:22:51', NULL, NULL, 'Content\\AssignContent\\133\\181', 'Classplus VS Teachmint.pptx', 6, NULL),
(602, 543, 181, NULL, '2022-07-25 17:22:52', NULL, 'https://youtube.com/shorts/817Tg-93_8k?feature=share', 'Content\\AssignContent\\133\\181', 'कर्ण से भी महान दानवीर था ये योद्धा #shorts #khatu', 8, '59Sec'),
(603, 535, 181, NULL, '2022-07-25 17:22:52', NULL, NULL, 'Content\\AssignContent\\133\\181', 'Paytm_WayBook Configuration Steps.docx', 6, NULL),
(604, 544, 181, NULL, '2022-07-25 17:22:52', NULL, 'https://youtube.com/shorts/G86Tmg8Sm84?feature=share', 'Content\\AssignContent\\133\\181', 'कर्ण vs साम ', 8, '39Sec'),
(605, 536, 217, NULL, '2022-07-25 17:22:52', NULL, NULL, 'Content\\AssignContent\\133\\217', 'Classplus VS Teachmint.pptx', 6, NULL),
(606, 543, 217, NULL, '2022-07-25 17:22:52', NULL, 'https://youtube.com/shorts/817Tg-93_8k?feature=share', 'Content\\AssignContent\\133\\217', 'कर्ण से भी महान दानवीर था ये योद्धा #shorts #khatu', 8, '59Sec'),
(607, 535, 217, NULL, '2022-07-25 17:22:52', NULL, NULL, 'Content\\AssignContent\\133\\217', 'Paytm_WayBook Configuration Steps.docx', 6, NULL),
(608, 544, 217, NULL, '2022-07-25 17:22:52', NULL, 'https://youtube.com/shorts/G86Tmg8Sm84?feature=share', 'Content\\AssignContent\\133\\217', 'कर्ण vs साम ', 8, '39Sec'),
(609, 531, 217, NULL, '2022-07-25 17:24:55', NULL, NULL, 'Content\\AssignContent\\133\\217', 'Placement Data (1).pdf', 6, NULL),
(610, 551, 217, NULL, '2022-07-25 17:25:52', NULL, NULL, 'Content\\AssignContent\\133\\217', 'FeeReceiptHeadDouble_A5.jpg', 20, NULL),
(611, 541, 217, NULL, '2022-07-25 17:25:53', NULL, NULL, 'Content\\AssignContent\\133\\217', 'preya resume (1).pdf', 6, NULL),
(612, 542, 217, NULL, '2022-07-25 17:25:53', NULL, 'https://youtu.be/ZYXJZZ9Ux3Y', 'Content\\AssignContent\\133\\217', 'Youtube Link ', 7, ''),
(613, 545, 217, NULL, '2022-07-25 17:25:53', NULL, 'https://youtube.com/shorts/G86Tmg8Sm84?feature=share', 'Content\\AssignContent\\133\\217', 'कर्ण vs साम ', 8, '39Sec'),
(614, 553, 223, NULL, '2023-05-18 16:26:00', NULL, NULL, 'Content\\AssignContent\\166\\223', 'IMG-20230516-WA0002.jpg', 20, NULL),
(615, 554, 187, NULL, '2023-05-29 12:17:45', NULL, NULL, 'Content\\AssignContent\\132\\187', 'IMG-20230529-WA0004.jpg', 20, NULL);

-- --------------------------------------------------------

--
-- Table structure for table `ttimetable`
--

CREATE TABLE IF NOT EXISTS `ttimetable` (
  `Id` int(11) NOT NULL,
  `Day` varchar(45) DEFAULT NULL,
  `FromTime` time DEFAULT NULL,
  `ToTime` time DEFAULT NULL,
  `BatchId` int(11) NOT NULL,
  `Subject` varchar(45) DEFAULT NULL,
  `FromDate` date DEFAULT NULL,
  `IsSession` tinyint(1) DEFAULT NULL,
  `AnouncementMessage` varchar(500) DEFAULT NULL,
  `Title` varchar(100) DEFAULT NULL
) ENGINE=InnoDB AUTO_INCREMENT=601 DEFAULT CHARSET=utf8;

--
-- Dumping data for table `ttimetable`
--

INSERT INTO `ttimetable` (`Id`, `Day`, `FromTime`, `ToTime`, `BatchId`, `Subject`, `FromDate`, `IsSession`, `AnouncementMessage`, `Title`) VALUES
(241, 'Monday', '15:42:00', '16:42:00', 183, 'gsbse', NULL, 0, NULL, NULL),
(246, 'Monday', '10:47:00', '11:47:00', 186, 'maths', NULL, 0, NULL, NULL),
(250, 'Monday', '14:47:00', '15:47:00', 186, 'physics', NULL, 0, NULL, NULL),
(251, 'Tuesday', '12:54:00', '00:00:00', 186, 'maths', '2022-04-26', 1, 'test', 'maths'),
(252, 'Tuesday', '12:54:00', '00:00:00', 186, 'maths', '2022-04-26', 1, 'test', 'maths'),
(253, 'Tuesday', '12:54:00', '00:00:00', 186, 'maths', '2022-04-26', 1, 'test', 'maths'),
(254, 'Monday', '04:55:00', '00:00:00', 184, 'Testinggg', '2022-04-25', 1, 'Tst', 'Test'),
(255, 'Tuesday', '10:25:00', '00:00:00', 184, 'maths', '2022-04-26', 1, 'hflfhk', 'Tuesday '),
(256, 'Tuesday', '10:25:00', '00:00:00', 184, 'maths', '2022-04-26', 1, 'hflfhk', 'Tuesday '),
(257, 'Tuesday', '10:25:00', '00:00:00', 184, 'maths', '2022-04-26', 1, 'hflfhk', 'Test'),
(258, 'Tuesday', '10:25:00', '00:00:00', 184, 'maths', '2022-04-26', 1, 'hflfhk', 'Test '),
(259, 'Tuesday', '10:25:00', '00:00:00', 184, 'maths', '2022-04-26', 1, 'hflfhk', 'Test'),
(295, 'Tuesday', '14:52:00', '15:52:00', 182, 'kkjlvivuv', NULL, 0, NULL, NULL),
(297, 'Tuesday', '12:22:00', '13:22:00', 182, 'maths', NULL, 0, NULL, NULL),
(298, 'Tuesday', '18:55:00', '19:55:00', 182, 'testing', NULL, 0, NULL, NULL),
(299, 'Tuesday', '14:22:00', '15:22:00', 182, 'oneo', NULL, 0, NULL, NULL),
(330, 'Wednesday', '18:38:00', '00:00:00', 182, 'fjfkt', '2022-04-27', 1, 'djtktk', 'irjru'),
(331, 'Monday', '18:51:00', '19:51:00', 189, 'test11', NULL, 0, NULL, NULL),
(332, 'Monday', '18:51:00', '19:51:00', 189, 'testing77', NULL, 0, NULL, NULL),
(333, 'Tuesday', '18:52:00', '19:52:00', 189, 'time', NULL, 0, NULL, NULL),
(334, 'Thursday', '11:03:00', '00:00:00', 184, '111', '2022-04-28', 1, '1231321', 'doubt'),
(335, 'Thursday', '11:29:00', '12:29:00', 189, 'odjdj', NULL, 0, NULL, NULL),
(336, 'Thursday', '13:29:00', '14:29:00', 189, 'okskdj', NULL, 0, NULL, NULL),
(337, 'Thursday', '15:29:00', '16:29:00', 189, 'hdhshs', NULL, 0, NULL, NULL),
(358, 'Monday', '16:29:00', '17:29:00', 189, 'gygu', NULL, 0, NULL, NULL),
(364, 'Friday', '12:53:00', '13:53:00', 191, 'one1', NULL, 0, NULL, NULL),
(371, 'Tuesday', '13:09:00', '14:09:00', 190, 'six11', NULL, 0, NULL, NULL),
(374, 'Tuesday', '15:14:00', '16:14:00', 190, 'seven', NULL, 0, NULL, NULL),
(379, 'Tuesday', '17:28:00', '18:28:00', 190, 'open', NULL, 0, NULL, NULL),
(381, 'Tuesday', '17:28:00', '18:28:00', 190, 'open1', NULL, 0, NULL, NULL),
(385, 'Wednesday', '18:50:00', '19:50:00', 191, 'one', NULL, 0, NULL, NULL),
(389, 'Sunday', '18:51:00', '19:51:00', 191, 'jyjyjuj', NULL, 0, NULL, NULL),
(391, 'Friday', '23:22:00', '00:00:00', 182, 'java', '2022-04-29', 1, 'hello', 'java'),
(393, 'Monday', '11:22:00', '12:22:00', 187, 'jfjjd', NULL, 0, NULL, NULL),
(394, 'Monday', '11:22:00', '12:22:00', 187, 'hdhd', NULL, 0, NULL, NULL),
(395, 'Monday', '15:22:00', '16:22:00', 187, 'bdbdh', NULL, 0, NULL, NULL),
(418, 'Tuesday', '16:16:00', '00:00:00', 178, 'Maths', '2022-05-03', 1, 'Doubt Clearing', 'Doubts Session'),
(419, 'Tuesday', '16:17:00', '00:00:00', 178, 'English', '2022-05-03', 1, 'English', 'English Doubts'),
(433, 'Tuesday', '16:57:00', '00:00:00', 178, 'maths', '2022-05-03', 1, 'ty', 'Doubt session'),
(436, 'Tuesday', '17:15:00', '00:00:00', 178, 'maths', '2022-05-03', 1, 'maths doubt casd', 'maths doubt'),
(456, 'Monday', '17:43:00', '18:43:00', 192, 'ftyg', NULL, 0, NULL, NULL),
(457, 'Tuesday', '17:43:00', '18:43:00', 192, 'rtyy', NULL, 0, NULL, NULL),
(461, 'Tuesday', '19:47:00', '20:47:00', 192, 'ghjj', NULL, 0, NULL, NULL),
(472, 'Tuesday', '18:24:00', '19:24:00', 187, 'udud', NULL, 0, NULL, NULL),
(476, 'Monday', '18:37:00', '19:37:00', 181, 'iiff', NULL, 0, NULL, NULL),
(477, 'Monday', '20:37:00', '21:37:00', 181, 'iffoog', NULL, 0, NULL, NULL),
(478, 'Wednesday', '18:37:00', '19:37:00', 181, 'ocid', NULL, 0, NULL, NULL),
(479, 'Wednesday', '20:37:00', '21:37:00', 181, 'ifof', NULL, 0, NULL, NULL),
(480, 'Wednesday', '22:37:00', '23:37:00', 181, 'jdus', NULL, 0, NULL, NULL),
(481, 'Wednesday', '10:09:00', '11:09:00', 178, 'test', NULL, 0, NULL, NULL),
(484, 'Wednesday', '12:48:00', '00:00:00', 178, 'testing', '2022-05-04', 1, 'Testing', 'testing'),
(493, 'Wednesday', '15:40:00', '00:00:00', 184, 'Noo Subject', '2022-05-18', 1, 'Hello Students! I will be taking a doubt clearing class.', 'Test Lecture'),
(494, 'Thursday', '15:40:00', '00:00:00', 184, 'None', '2022-05-05', 1, 'Hello Students! I will be taking a doubt clearing class.', 'None'),
(495, 'Thursday', '15:40:00', '00:00:00', 184, '1234', '2022-05-05', 1, 'Hello Students! I will be taking a doubt clearing class.', 'Apple'),
(497, 'Thursday', '15:41:00', '00:00:00', 184, 'fdvfdvfd', '2022-05-05', 1, 'Hello Students! I will be taking a doubt clearing class.', 'Vfdvd dev'),
(498, 'Thursday', '15:50:00', '00:00:00', 187, 'maths', '2022-05-05', 1, 'integration', 'testing'),
(499, 'Saturday', '17:51:00', '00:00:00', 187, 'maths', '2022-05-07', 1, 'logical analytics ', 'testing '),
(508, 'Thursday', '19:08:00', '00:00:00', 199, 'new', '2022-05-05', 1, 'buybun', 'yvyvyv'),
(509, 'Thursday', '21:08:00', '00:00:00', 199, 'y ub', '2022-05-05', 1, 'uninnu', 'nuub'),
(510, 'Friday', '19:09:00', '00:00:00', 199, 'n67j', '2022-05-06', 1, 'unun', 'ybyh'),
(511, 'Monday', '22:04:00', '23:04:00', 200, 'hehehe', NULL, 0, NULL, NULL),
(512, 'Monday', '00:04:00', '01:04:00', 200, 'ydydyey', NULL, 0, NULL, NULL),
(513, 'Tuesday', '02:04:00', '03:04:00', 200, 'yeyshey', NULL, 0, NULL, NULL),
(530, 'Monday', '11:30:00', '12:30:00', 199, 'new ', NULL, 0, NULL, NULL),
(531, 'Monday', '13:30:00', '14:30:00', 199, 'dasda', NULL, 0, NULL, NULL),
(539, 'Monday', '18:03:00', '19:03:00', 198, 'hdhdhd', NULL, 0, NULL, NULL),
(541, 'Tuesday', '18:35:00', '19:30:00', 177, 'Maths', NULL, 0, NULL, NULL),
(543, 'Wednesday', '11:35:00', '13:30:00', 177, 'Maths', NULL, 0, NULL, NULL),
(548, 'Wednesday', '13:22:00', '14:22:00', 199, 'u3hrj', '2022-05-11', 1, 'dbrhrj', '4u47'),
(549, 'Wednesday', '18:30:00', '19:30:00', 177, 'Maths', NULL, 0, NULL, NULL),
(550, 'Wednesday', '11:23:00', '12:23:00', 199, 'fjfktk', '2022-05-11', 1, 'jrjrjrk', 'hello'),
(551, 'Wednesday', '18:35:00', '20:30:00', 210, 'Maths', NULL, 0, NULL, NULL),
(552, 'Thursday', '11:35:00', '12:30:00', 0, 'Maths', NULL, 0, NULL, NULL),
(553, 'Thursday', '11:35:00', '12:30:00', 131, 'Maths', NULL, 0, NULL, NULL),
(554, 'Thursday', '12:34:21', '13:34:21', 198, 'Subject 1', NULL, 0, NULL, NULL),
(555, 'Thursday', '13:09:00', '14:09:00', 199, 'gtbgn', '2022-05-12', 1, 'gh NH ng', 'nggnhn'),
(556, 'Thursday', '15:07:00', '22:07:00', 199, 'retgre', '2022-05-12', 1, 'erge', 'hjkkjh'),
(557, 'Thursday', '18:26:00', '00:00:00', 213, 'English', '2022-05-12', 1, 'Hello Students! I will be taking a doubt clearing class.', 'session 1'),
(558, 'Monday', '15:43:00', '16:43:00', 199, 'ghko', NULL, 0, NULL, NULL),
(559, 'Friday', '14:57:00', '23:57:00', 199, 'dndnrn', '2022-05-13', 1, 'nfnfnf', 'jdndj'),
(560, 'Friday', '23:20:00', '00:20:00', 178, 'english', '2022-05-13', 1, 'exam', 'Doubt'),
(561, 'Sunday', '18:47:00', '19:47:00', 186, 'hdhd', NULL, 0, NULL, NULL),
(562, 'Monday', '10:03:00', '17:42:00', 199, 'huy', '2022-05-16', 1, 'yhy', 'yhh'),
(563, 'Monday', '10:06:00', '11:06:00', 199, 'gy', '2022-05-16', 1, 'hh', 'gyt'),
(564, 'Monday', '15:40:00', '23:40:00', 199, 'lklkl', '2022-05-16', 1, 'hjhj', 'lkl'),
(565, 'Thursday', '10:50:00', '11:50:00', 199, 'vg', NULL, 0, NULL, NULL),
(566, 'Thursday', '10:50:00', '11:50:00', 199, 'dhsh', '2022-05-19', 1, 'dhdh', 'hshs'),
(567, 'Monday', '12:17:55', '13:17:55', 198, 'Subject 2', NULL, 0, NULL, NULL),
(568, 'Monday', '16:17:00', '16:17:00', 199, 'aa', '2022-05-23', 1, 'Hello Students! I will be taking a doubt clearing class.', 'aa'),
(569, 'Tuesday', '12:15:00', '13:15:00', 187, 'Test', NULL, 0, NULL, NULL),
(571, 'Tuesday', '16:35:00', '17:30:00', 177, 'Maths', NULL, 0, NULL, NULL),
(585, 'Thursday', '12:36:00', '12:36:00', 216, 'such', '2022-06-30', 1, 'Hello Students! I will be taking a doubt clearing class.', 'Hwllo'),
(586, 'Thursday', '13:36:00', '17:36:00', 216, 'judidhhhh', '2022-06-02', 1, 'Hello Students! I will be taking a doubt clearing class.', 'bzjdhehj'),
(587, 'Tuesday', '12:50:00', '13:50:00', 186, 'hhj', NULL, 0, NULL, NULL),
(588, 'Tuesday', '16:50:00', '17:50:00', 186, 'jj', NULL, 0, NULL, NULL),
(589, 'Wednesday', '13:00:00', '14:29:00', 186, 'ghju', '2022-06-29', 1, 'gji', 'bbh'),
(590, 'Tuesday', '13:24:34', '14:24:34', 184, 'Subject1', NULL, 0, NULL, NULL),
(591, 'Tuesday', '17:54:56', '18:54:56', 184, '', NULL, 0, NULL, NULL),
(592, 'Wednesday', '16:45:45', '17:45:45', 184, 'Subject 1', NULL, 0, NULL, NULL),
(593, 'Thursday', '11:35:41', '12:35:41', 184, 'Subject 1', NULL, 0, NULL, NULL),
(594, 'Monday', '10:35:00', '12:30:00', 177, 'Maths', NULL, 0, NULL, NULL),
(595, 'Friday', '18:24:00', '19:24:00', 178, 'Maths', NULL, 0, NULL, NULL),
(597, 'Wednesday', '15:11:00', '16:11:00', 187, 'test', NULL, 0, NULL, NULL),
(598, 'Friday', '14:00:00', '15:00:00', 218, 'Android', NULL, 0, NULL, NULL),
(600, 'Tuesday', '11:05:00', '19:05:00', 225, 'Maths', NULL, 0, NULL, NULL);

-- --------------------------------------------------------

--
-- Table structure for table `ttransactionstatusmaster`
--

CREATE TABLE IF NOT EXISTS `ttransactionstatusmaster` (
  `Id` int(11) NOT NULL,
  `Code` varchar(20) DEFAULT NULL,
  `Title` varchar(45) DEFAULT NULL,
  `ColorCode` varchar(20) DEFAULT NULL,
  `IsObsolete` bit(1) DEFAULT NULL
) ENGINE=InnoDB AUTO_INCREMENT=7 DEFAULT CHARSET=utf8;

--
-- Dumping data for table `ttransactionstatusmaster`
--

INSERT INTO `ttransactionstatusmaster` (`Id`, `Code`, `Title`, `ColorCode`, `IsObsolete`) VALUES
(1, 'Initiated', 'Payment Initiated', '#337ab7', b'0'),
(2, 'Paid', 'Payment Success', '#5cb85c', b'0'),
(3, 'Payment Failure', 'Payment Failure', '#d9534f', b'0'),
(4, 'Receipt Generated', 'Receipt Generated', '#5bc0de', b'0'),
(5, 'Aborted	Payment', 'Aborted', '#ff8c00', b'0'),
(6, 'Paid Via Cash', 'Paid Via Cash', '#5cb85c', b'0');

-- --------------------------------------------------------

--
-- Table structure for table `ttranvida_lmsctionstatusmaster`
--

CREATE TABLE IF NOT EXISTS `ttranvida_lmsctionstatusmaster` (
  `Id` int(11) NOT NULL,
  `Code` varchar(20) DEFAULT NULL,
  `Title` varchar(45) DEFAULT NULL,
  `ColorCode` varchar(20) DEFAULT NULL,
  `IsObsolete` bit(1) DEFAULT NULL
) ENGINE=InnoDB AUTO_INCREMENT=7 DEFAULT CHARSET=utf8;

--
-- Dumping data for table `ttranvida_lmsctionstatusmaster`
--

INSERT INTO `ttranvida_lmsctionstatusmaster` (`Id`, `Code`, `Title`, `ColorCode`, `IsObsolete`) VALUES
(1, 'Initiated', 'Payment Initiated', '#337ab7', b'0'),
(2, 'Paid', 'Payment Success', '#5cb85c', b'0'),
(3, 'Payment Failure', 'Payment Failure', '#d9534f', b'0'),
(4, 'Receipt Generated', 'Receipt Generated', '#5bc0de', b'0'),
(5, 'Aborted', 'Payment Aborted', '#ff8c00', b'0'),
(6, 'Paid Via Cash', 'Paid Via Cash', '#5cb85c', b'0');

-- --------------------------------------------------------

--
-- Table structure for table `tuser`
--

CREATE TABLE IF NOT EXISTS `tuser` (
  `Id` int(11) NOT NULL,
  `Name` varchar(100) DEFAULT NULL,
  `RoleTypeId` smallint(6) NOT NULL,
  `MobileNo` varchar(20) NOT NULL,
  `IsActive` bit(1) NOT NULL,
  `OTP` varchar(10) DEFAULT NULL,
  `OTPExpiryDate` datetime DEFAULT NULL,
  `CreatedDateTime` datetime NOT NULL,
  `UpdatedDateTime` datetime DEFAULT NULL,
  `DeviceToken` varchar(200) DEFAULT NULL,
  `OSTypeId` tinyint(4) DEFAULT NULL,
  `is_user_deleted` bit(1) DEFAULT b'0'
) ENGINE=InnoDB AUTO_INCREMENT=464 DEFAULT CHARSET=utf8;

--
-- Dumping data for table `tuser`
--

INSERT INTO `tuser` (`Id`, `Name`, `RoleTypeId`, `MobileNo`, `IsActive`, `OTP`, `OTPExpiryDate`, `CreatedDateTime`, `UpdatedDateTime`, `DeviceToken`, `OSTypeId`, `is_user_deleted`) VALUES
(302, 'Ram', 1, '9624372608', b'1', '661538', '2022-05-04 10:00:00', '2022-04-20 17:04:10', '2022-05-04 09:50:36', NULL, NULL, b'0'),
(303, 'megha', 2, '9999999999', b'1', '644986', '2022-04-21 15:29:44', '2022-04-21 15:17:38', '2022-04-21 15:27:40', NULL, NULL, b'0'),
(304, 'Krupal Patel', 2, '9723935442', b'1', '964474', '2023-06-06 11:11:46', '2022-04-21 15:34:19', '2022-04-25 18:22:15', NULL, NULL, b'0'),
(305, NULL, 1, '8888888888', b'1', '157616', '2022-04-21 15:47:47', '2022-04-21 15:37:11', '2022-04-21 15:37:11', NULL, NULL, b'0'),
(306, 'Rakesh Patra', 2, '9033117790', b'1', '568647', '2023-06-05 11:25:08', '2022-04-21 16:39:26', '2022-04-26 16:40:57', NULL, NULL, b'0'),
(307, 'Devendra Sapphire', 1, '+91 95799 06954', b'1', NULL, NULL, '2022-04-21 18:37:14', NULL, NULL, NULL, b'0'),
(308, 'Kaushik Joshi', 1, '7048314462', b'1', '456851', '2023-06-01 18:37:52', '2022-04-21 21:45:37', '2022-04-27 16:11:11', NULL, NULL, b'0'),
(309, NULL, 1, '8359057455', b'1', '720625', '2022-05-24 18:39:52', '2022-04-25 15:06:38', '2022-04-25 15:06:38', NULL, NULL, b'0'),
(310, 'hiloni', 2, '6354989496', b'1', '367480', '2022-04-25 15:57:34', '2022-04-25 15:23:47', '2022-04-25 15:35:41', NULL, NULL, b'0'),
(311, 'Ronak Panchal', 2, '8980882401', b'1', '181274', '2023-05-31 19:44:30', '2022-04-25 15:25:20', '2022-04-25 15:25:58', NULL, NULL, b'0'),
(312, 'hiloni', 1, '6354989496', b'1', '103316', '2022-05-03 16:53:03', '2022-04-25 15:36:28', '2022-05-02 10:43:15', NULL, NULL, b'0'),
(313, 'hemali madam', 1, '8980882401', b'1', '299545', '2023-06-02 18:16:35', '2022-04-25 15:45:16', '2023-06-02 17:28:31', NULL, NULL, b'0'),
(314, 'test 1', 1, '1111111111', b'1', '671804', '2022-07-26 11:15:36', '2022-04-25 15:46:12', '2022-10-12 16:19:04', NULL, NULL, b'0'),
(315, 'P Test 2', 1, '1234567890', b'1', '599023', '2023-06-02 16:16:58', '2022-04-25 15:47:48', '2023-06-02 16:07:43', NULL, NULL, b'0'),
(316, 'RONAK PANCHAL', 2, '1231231231', b'1', '476634', '2022-08-29 10:59:10', '2022-04-25 15:56:37', '2022-04-25 15:57:12', NULL, NULL, b'0'),
(317, 'Ronak Sapphire', 1, '+91 89808 82401', b'1', NULL, NULL, '2022-04-25 19:14:26', '2022-05-24 10:08:22', NULL, NULL, b'0'),
(318, 'Test!!', 1, '1472583690', b'1', NULL, NULL, '2022-04-26 09:58:49', NULL, NULL, NULL, b'0'),
(319, 'Rakesh test stud', 1, '9033117790', b'1', '373387', '2022-11-10 18:36:16', '2022-04-26 10:53:26', '2022-07-22 11:46:37', NULL, NULL, b'0'),
(320, '9824209071', 1, '982-420-9071', b'1', NULL, NULL, '2022-04-26 10:55:41', NULL, NULL, NULL, b'0'),
(321, 'Name', 1, '7894561230', b'1', NULL, NULL, '2022-04-26 10:57:45', NULL, NULL, NULL, b'0'),
(322, 'Hitarth', 1, '+91 94087 20528', b'1', NULL, NULL, '2022-04-26 11:05:32', NULL, NULL, NULL, b'0'),
(323, 'adfffda', 1, '11111111111', b'1', '419101', '2022-04-26 11:23:07', '2022-04-26 11:13:06', '2022-10-12 17:15:02', NULL, NULL, b'0'),
(324, NULL, 1, '9893839373', b'1', '980905', '2022-04-26 12:08:46', '2022-04-26 11:58:46', '2022-04-26 11:58:46', NULL, NULL, b'0'),
(325, NULL, 1, '1234567894', b'1', '542016', '2022-04-26 12:09:04', '2022-04-26 11:59:04', '2022-04-26 11:59:04', NULL, NULL, b'0'),
(326, 'hardik', 1, '1212121212', b'1', '574903', '2022-04-26 15:45:36', '2022-04-26 15:35:35', '2022-10-13 10:04:06', NULL, NULL, b'0'),
(327, NULL, 2, '1212121212', b'1', '861605', '2022-04-26 15:46:15', '2022-04-26 15:36:15', '2022-04-26 15:36:15', NULL, NULL, b'0'),
(328, 'krupal', 1, '7417417411', b'1', '973400', '2022-05-06 11:24:54', '2022-04-26 17:49:43', '2022-05-05 15:42:14', NULL, NULL, b'0'),
(329, 'Mohit', 1, '1231231231', b'1', '811772', '2022-05-17 17:53:58', '2022-04-27 10:06:06', '2022-10-13 10:16:40', NULL, NULL, b'0'),
(330, NULL, 2, '8359057455', b'1', '980517', '2022-04-29 10:39:34', '2022-04-27 15:09:10', '2022-04-27 15:09:10', NULL, NULL, b'0'),
(331, NULL, 2, '9726935442', b'1', '323154', '2022-05-02 10:20:18', '2022-05-02 10:10:17', '2022-05-02 10:10:17', NULL, NULL, b'0'),
(332, 'test1', 2, '1111111111', b'1', '763304', '2022-07-11 11:20:42', '2022-05-02 10:37:08', '2022-05-02 10:37:25', NULL, NULL, b'0'),
(333, 'Abid vagh', 1, '+918780991279', b'1', NULL, NULL, '2022-05-02 13:11:12', NULL, NULL, NULL, b'0'),
(334, 'Adil sport', 1, '9727308071', b'1', NULL, NULL, '2022-05-02 13:11:12', NULL, NULL, NULL, b'0'),
(335, 'Abid Bhattt', 1, '9054929830', b'1', NULL, NULL, '2022-05-02 13:11:12', NULL, NULL, NULL, b'0'),
(336, 'Abid Bhovaniya', 1, '9054944183', b'1', NULL, NULL, '2022-05-02 13:11:12', NULL, NULL, NULL, b'0'),
(337, NULL, 1, '9876543210', b'1', '705086', '2022-05-02 18:43:15', '2022-05-02 18:33:15', '2022-05-02 18:33:15', NULL, NULL, b'0'),
(338, NULL, 1, '0852123456', b'1', '386864', '2022-05-02 18:45:24', '2022-05-02 18:35:24', '2022-05-02 18:35:24', NULL, NULL, b'0'),
(339, 'Akanksha Rai', 1, '1470852369', b'1', '547573', '2022-05-02 18:48:01', '2022-05-02 18:38:00', '2022-05-02 18:39:25', NULL, NULL, b'0'),
(340, 'montu', 1, '9429529219', b'1', '465391', '2022-05-02 18:52:00', '2022-05-02 18:41:59', '2022-05-02 18:43:28', NULL, NULL, b'0'),
(341, 'vedant', 1, '9727017493', b'1', '225964', '2022-05-02 19:01:22', '2022-05-02 18:51:21', '2022-05-02 18:53:47', NULL, NULL, b'0'),
(342, NULL, 2, '8128010408', b'1', '913276', '2022-05-03 16:14:11', '2022-05-03 15:37:21', '2022-05-03 15:37:21', NULL, NULL, b'0'),
(343, NULL, 1, '8128010408', b'1', '538550', '2022-05-03 16:14:48', '2022-05-03 16:04:47', '2022-05-03 16:04:47', NULL, NULL, b'0'),
(344, 'Ronak Patel', 1, '7990046604', b'1', '316735', '2022-05-03 16:23:17', '2022-05-03 16:13:17', '2022-05-03 16:13:47', NULL, NULL, b'0'),
(345, 'new batch', 2, '1472580369', b'1', '659124', '2022-05-05 18:19:07', '2022-05-03 16:27:29', '2022-05-03 16:28:06', NULL, NULL, b'0'),
(346, 'Channel Class', 1, '81607 42311', b'1', NULL, NULL, '2022-05-03 16:51:48', NULL, NULL, NULL, b'0'),
(347, NULL, 1, '9601192267', b'1', '409110', '2023-06-02 17:36:58', '2022-05-03 19:07:05', '2022-05-03 19:07:05', NULL, NULL, b'0'),
(348, 'Krupal', 1, '8562656446', b'1', NULL, NULL, '2022-05-04 10:37:53', NULL, NULL, NULL, b'0'),
(349, 'krupal', 2, '2345678901', b'1', '957299', '2022-05-04 11:38:02', '2022-05-04 11:28:02', '2022-05-04 11:28:28', NULL, NULL, b'0'),
(350, 'krupal', 1, '2345678919', b'1', '787132', '2022-05-04 11:41:40', '2022-05-04 11:30:30', '2022-05-04 11:33:30', NULL, NULL, b'0'),
(351, 'Krupal Teacher', 2, '2222222222', b'1', '551477', '2022-09-19 16:23:15', '2022-05-05 11:33:20', '2022-05-05 12:20:29', NULL, NULL, b'0'),
(352, 'Krupal Student', 1, '3333333333', b'1', '511048', '2022-05-25 18:00:57', '2022-05-05 11:33:39', '2022-05-09 17:11:52', NULL, NULL, b'0'),
(354, NULL, 2, '123123123', b'1', '913600', '2022-05-05 15:14:07', '2022-05-05 15:04:07', '2022-05-05 15:04:07', NULL, NULL, b'0'),
(355, NULL, 2, '9723959442', b'1', '662059', '2022-05-05 16:25:24', '2022-05-05 16:14:50', '2022-05-05 16:14:50', NULL, NULL, b'0'),
(356, 'Manually Added STUDENT', 1, '0000000000', b'1', NULL, NULL, '2022-05-05 17:04:53', NULL, NULL, NULL, b'0'),
(358, NULL, 2, '7293935442', b'1', '548628', '2022-05-09 18:13:19', '2022-05-09 18:03:18', '2022-05-09 18:03:18', NULL, NULL, b'0'),
(359, NULL, 2, '222222222222222', b'1', '588874', '2022-05-12 11:25:14', '2022-05-12 11:15:14', '2022-05-12 11:15:14', NULL, NULL, b'0'),
(360, 'Nimesh Patel', 2, '8155802363', b'1', '455350', '2022-05-12 12:18:19', '2022-05-12 12:08:02', '2022-05-12 12:11:15', NULL, NULL, b'0'),
(361, 'New Student', 1, '6395284710', b'1', '428339', '2022-05-16 18:53:44', '2022-05-16 18:36:10', '2022-05-16 18:38:34', NULL, NULL, b'0'),
(362, NULL, 2, '3333333333', b'1', '450155', '2022-05-25 16:58:27', '2022-05-17 16:04:57', '2022-05-17 16:04:57', NULL, NULL, b'0'),
(363, NULL, 1, '2222222222', b'1', '120871', '2022-05-25 17:59:40', '2022-05-17 17:45:10', '2022-05-17 17:45:10', NULL, NULL, b'0'),
(364, 'AK', 1, '+917984609447', b'1', NULL, NULL, '2022-05-19 17:36:12', NULL, NULL, NULL, b'0'),
(366, 'puppy', 1, '0000077777', b'1', '555860', '2022-05-23 15:54:53', '2022-05-23 15:19:11', '2022-05-23 15:20:00', NULL, NULL, b'0'),
(367, 'Daniel', 1, '5554787672', b'1', NULL, NULL, '2022-05-24 11:43:59', '2023-03-17 15:15:37', NULL, NULL, b'0'),
(368, 'John', 1, '8885555512', b'1', NULL, NULL, '2022-05-24 11:43:59', '2023-03-17 15:15:37', NULL, NULL, b'0'),
(369, 'Anna', 1, '5555228243', b'1', NULL, NULL, '2022-05-24 11:43:59', '2023-03-17 15:15:37', NULL, NULL, b'0'),
(370, 'Hank', 1, '5557664823', b'1', NULL, NULL, '2022-05-24 11:43:59', '2023-03-17 15:15:37', NULL, NULL, b'0'),
(371, 'David', 1, '5556106679', b'1', NULL, NULL, '2022-05-24 11:51:21', '2023-03-17 15:15:37', NULL, NULL, b'0'),
(372, 'hero', 1, '5555555555', b'1', '326774', '2022-07-26 11:15:19', '2022-05-24 18:14:38', '2022-10-13 19:16:54', NULL, NULL, b'0'),
(373, 'Rakesh Patra', 2, '9909514462', b'1', '757321', '2022-05-31 15:47:08', '2022-05-31 15:13:16', '2022-05-31 16:02:40', NULL, NULL, b'0'),
(374, 'Demo', 1, '8908888787', b'1', NULL, NULL, '2022-06-21 12:52:00', NULL, NULL, NULL, b'0'),
(375, 'Shyam', 1, '+91 88661 44663', b'1', NULL, NULL, '2022-06-21 12:52:00', NULL, NULL, NULL, b'0'),
(376, 'Kabu Ray', 1, '7750095509', b'1', '581545', '2022-06-28 16:40:37', '2022-06-28 16:30:37', '2022-06-28 16:31:42', NULL, NULL, b'0'),
(377, NULL, 1, '1234561231', b'1', '739434', '2022-07-02 17:33:50', '2022-07-02 17:23:50', '2022-07-02 17:23:50', NULL, NULL, b'0'),
(378, 'Jash', 1, '9726398224', b'1', '892665', '2022-07-20 16:47:45', '2022-07-18 19:06:08', '2022-07-20 16:31:30', NULL, NULL, b'0'),
(379, NULL, 1, '6666666666', b'1', '414929', '2022-07-26 11:15:07', '2022-07-26 11:05:06', '2022-07-26 11:05:06', NULL, NULL, b'0'),
(380, NULL, 2, '9898681258', b'1', '412407', '2022-08-19 16:47:43', '2022-08-19 16:37:43', '2022-08-19 16:37:43', NULL, NULL, b'0'),
(381, '', 1, '', b'1', NULL, NULL, '2022-10-06 16:07:03', NULL, NULL, NULL, b'0'),
(382, '1', 1, '1', b'1', NULL, NULL, '2022-10-06 17:10:33', NULL, NULL, NULL, b'0'),
(383, 'sfgsdgsdg', 1, '222222', b'1', NULL, NULL, '2022-10-06 17:12:47', NULL, NULL, NULL, b'0'),
(384, 'aaqaqa', 1, '11111111', b'1', NULL, NULL, '2022-10-10 18:24:56', NULL, NULL, NULL, b'0'),
(385, 'hiten', 1, '111111', b'1', NULL, NULL, '2022-10-11 11:09:37', '2022-10-13 18:21:47', NULL, NULL, b'0'),
(386, 'tgxfg', 1, '446674', b'1', NULL, NULL, '2022-10-11 11:19:32', NULL, NULL, NULL, b'0'),
(387, 'fadfaf', 1, '11111', b'1', NULL, NULL, '2022-10-12 15:14:46', NULL, NULL, NULL, b'0'),
(388, 'aaaaaa', 1, '111111111', b'1', NULL, NULL, '2022-10-12 15:19:13', NULL, NULL, NULL, b'0'),
(389, 'abc11', 1, '1111111222', b'1', NULL, NULL, '2022-10-12 16:25:17', NULL, NULL, NULL, b'0'),
(390, 'aaxsdswa', 1, '1111222233', b'1', NULL, NULL, '2022-10-12 16:31:58', NULL, NULL, NULL, b'0'),
(391, 'aaaaaawwee', 1, '1111111155', b'1', NULL, NULL, '2022-10-12 16:58:09', NULL, NULL, NULL, b'0'),
(392, 'aasswwssaaqq', 1, '0000021212222', b'1', NULL, NULL, '2022-10-12 17:35:07', NULL, NULL, NULL, b'0'),
(393, 'afagajfvaj', 1, '1122334455', b'1', NULL, NULL, '2022-10-12 17:36:09', NULL, NULL, NULL, b'0'),
(394, 'hello1', 1, '1122366544', b'1', NULL, NULL, '2022-10-12 19:24:48', NULL, NULL, NULL, b'0'),
(395, 'asssddaaa', 1, '1111122222', b'1', NULL, NULL, '2022-10-13 09:45:52', NULL, NULL, NULL, b'0'),
(396, 'A2221AAA', 1, '11111222233', b'1', NULL, NULL, '2022-10-13 09:53:51', NULL, NULL, NULL, b'0'),
(397, 'umang', 1, '1234443333', b'1', NULL, NULL, '2022-10-13 10:19:21', NULL, NULL, NULL, b'0'),
(398, 'hemang', 1, '1144556633', b'1', NULL, NULL, '2022-10-13 10:26:54', NULL, NULL, NULL, b'0'),
(399, 'nayan', 1, '1125225252', b'1', NULL, NULL, '2022-10-13 10:31:27', NULL, NULL, NULL, b'0'),
(400, 'jay', 1, '12345678900', b'1', NULL, NULL, '2022-10-13 12:54:27', NULL, NULL, NULL, b'0'),
(401, 'jayesh', 1, '11254454545', b'1', NULL, NULL, '2022-10-13 14:38:59', NULL, NULL, NULL, b'0'),
(402, 'hello', 1, '1144455666', b'1', NULL, NULL, '2022-10-13 14:51:14', NULL, NULL, NULL, b'0'),
(403, 'Umang', 1, '1231234560', b'1', NULL, NULL, '2022-10-13 14:52:55', NULL, NULL, NULL, b'0'),
(404, 'kishan', 1, '121212213', b'1', NULL, NULL, '2022-10-13 15:06:32', NULL, NULL, NULL, b'0'),
(405, 'hiren', 1, '1125445856932', b'1', NULL, NULL, '2022-10-13 16:21:38', NULL, NULL, NULL, b'0'),
(406, 'Jerry', 1, '1114455333', b'1', NULL, NULL, '2022-10-13 16:25:17', NULL, NULL, NULL, b'0'),
(407, 'Rishi', 1, '11111111122', b'1', NULL, NULL, '2022-10-13 16:26:28', NULL, NULL, NULL, b'0'),
(408, 'Mihir', 1, '2525252525', b'1', NULL, NULL, '2022-10-13 16:29:43', NULL, NULL, NULL, b'0'),
(409, 'Jayesh', 1, '1215161417', b'1', NULL, NULL, '2022-10-13 16:30:40', NULL, NULL, NULL, b'0'),
(410, 'Kishan', 1, '1414141414', b'1', NULL, NULL, '2022-10-13 16:33:41', NULL, NULL, NULL, b'0'),
(411, 'Mohit', 1, '1414141415', b'1', NULL, NULL, '2022-10-13 16:34:12', NULL, NULL, NULL, b'0'),
(412, 'Lakhan', 1, '1010101010', b'1', NULL, NULL, '2022-10-13 17:21:58', NULL, NULL, NULL, b'0'),
(413, 'rahul', 1, '101112131415', b'1', NULL, NULL, '2022-10-13 17:25:42', NULL, NULL, NULL, b'0'),
(414, 'jaimin', 1, '2223242526', b'1', NULL, NULL, '2022-10-13 17:27:54', NULL, NULL, NULL, b'0'),
(415, 'Nayan', 1, '3636363636', b'1', NULL, NULL, '2022-10-13 17:28:17', NULL, NULL, NULL, b'0'),
(416, 'leo', 1, '11111111123', b'1', NULL, NULL, '2022-10-13 17:31:14', NULL, NULL, NULL, b'0'),
(417, 'bharat', 1, '5656565656', b'1', NULL, NULL, '2022-10-13 17:32:14', NULL, NULL, NULL, b'0'),
(418, 'vivek', 1, '483209572', b'1', NULL, NULL, '2022-10-13 17:32:56', NULL, NULL, NULL, b'0'),
(419, 'jp', 1, '565645655', b'1', NULL, NULL, '2022-10-13 17:34:50', NULL, NULL, NULL, b'0'),
(420, 'kushal', 1, '4556564469', b'1', NULL, NULL, '2022-10-13 18:02:31', NULL, NULL, NULL, b'0'),
(421, 'yogesh', 1, '444444444', b'1', NULL, NULL, '2022-10-13 18:23:05', NULL, NULL, NULL, b'0'),
(422, 'nnnnnn', 1, '54546564656', b'1', NULL, NULL, '2022-10-13 18:23:28', NULL, NULL, NULL, b'0'),
(423, 'kabaji', 1, '22222222222', b'1', NULL, NULL, '2022-10-13 18:53:46', NULL, NULL, NULL, b'0'),
(424, 'kirtan', 1, '5444555666', b'1', NULL, NULL, '2022-10-14 10:23:27', NULL, NULL, NULL, b'0'),
(425, 'Hiten', 1, '78789099030', b'1', NULL, NULL, '2022-10-14 10:28:32', NULL, NULL, NULL, b'0'),
(426, 'Jiten', 1, '4466996633', b'1', NULL, NULL, '2022-10-14 10:30:22', NULL, NULL, NULL, b'0'),
(427, 'kinjal', 1, '33366999887', b'1', NULL, NULL, '2022-10-14 10:35:44', NULL, NULL, NULL, b'0'),
(428, 'manoj', 1, '4455569987', b'1', NULL, NULL, '2022-10-14 10:37:10', NULL, NULL, NULL, b'0'),
(429, 'hiren', 1, '44499996663', b'1', NULL, NULL, '2022-10-14 10:40:33', NULL, NULL, NULL, b'0'),
(430, 'nirav', 1, '4444444444', b'1', NULL, NULL, '2022-10-14 10:46:52', NULL, NULL, NULL, b'0'),
(431, 'krishna', 1, '666666666666666', b'1', NULL, NULL, '2022-10-14 10:58:32', NULL, NULL, NULL, b'0'),
(432, 'mayur', 1, '333366664449', b'1', NULL, NULL, '2022-10-14 11:02:16', NULL, NULL, NULL, b'0'),
(433, 'jayesh', 1, '666999744452', b'1', NULL, NULL, '2022-10-14 11:03:23', NULL, NULL, NULL, b'0'),
(434, 'hello1212', 1, '4444666633', b'1', NULL, NULL, '2022-10-14 11:41:33', NULL, NULL, NULL, b'0'),
(435, 'mahesh', 1, '44555566669977', b'1', NULL, NULL, '2022-10-14 11:58:26', NULL, NULL, NULL, b'0'),
(436, 'AL on demand', 1, '543213', b'1', NULL, NULL, '2022-12-21 16:13:17', NULL, NULL, NULL, b'0'),
(437, 'AL friendz chat', 1, '543216', b'1', NULL, NULL, '2022-12-21 16:13:17', NULL, NULL, NULL, b'0'),
(438, 'AL hello tunes', 1, '543211', b'1', NULL, NULL, '2022-12-21 16:13:17', NULL, NULL, NULL, b'0'),
(439, 'AL entertainment', 1, '543212', b'1', NULL, NULL, '2022-12-21 16:13:17', NULL, NULL, NULL, b'0'),
(440, 'AL cricket', 1, '543212601', b'1', NULL, NULL, '2022-12-21 16:13:17', NULL, NULL, NULL, b'0'),
(441, NULL, 1, '123456789', b'1', '763244', '2023-03-14 16:57:45', '2023-03-14 16:47:45', '2023-03-14 16:47:45', NULL, NULL, b'0'),
(442, 'new', 2, '12345678', b'1', '984492', '2023-03-14 16:58:41', '2023-03-14 16:48:41', '2023-03-14 16:48:59', NULL, NULL, b'0'),
(443, 'Alexis', 1, '9099082148', b'1', NULL, NULL, '2023-03-14 16:49:53', NULL, NULL, NULL, b'0'),
(444, 'iOS Teacher', 2, '123456789', b'1', '833415', '2023-03-17 15:23:58', '2023-03-17 15:13:56', '2023-03-17 15:14:23', NULL, NULL, b'0'),
(445, 'Kate', 1, '5555648583', b'1', NULL, NULL, '2023-03-17 15:15:37', NULL, NULL, NULL, b'0'),
(446, 'teacher institute', 1, '9723935442', b'1', '114685', '2023-06-02 13:53:01', '2023-05-18 10:20:10', '2023-06-02 11:09:14', NULL, NULL, b'0'),
(447, NULL, 2, '9723934552', b'1', '351386', '2023-05-18 10:48:40', '2023-05-18 10:38:39', '2023-05-18 10:38:39', NULL, NULL, b'0'),
(448, 'G', 2, '9512300482', b'1', '957093', '2023-05-18 16:30:06', '2023-05-18 16:19:31', '2023-05-18 16:20:49', NULL, NULL, b'0'),
(449, 'Janmesh', 1, '8460196375', b'1', '694699', '2023-05-18 16:32:50', '2023-05-18 16:22:49', '2023-05-18 16:23:32', NULL, NULL, b'0'),
(450, NULL, 1, '8780157713', b'1', '620685', '2023-05-29 17:31:19', '2023-05-29 17:21:14', '2023-05-29 17:21:14', NULL, NULL, b'0'),
(451, NULL, 2, '6354140999', b'1', '101729', '2023-05-30 08:47:19', '2023-05-30 08:37:18', '2023-05-30 08:37:18', NULL, NULL, b'0'),
(452, NULL, 2, '9512304599', b'1', '297399', '2023-05-30 08:47:50', '2023-05-30 08:37:36', '2023-05-30 08:37:36', NULL, NULL, b'0'),
(453, 'Pratik', 2, '9601192267', b'1', '245352', '2023-06-02 15:18:26', '2023-06-02 15:08:26', '2023-06-02 15:08:53', NULL, NULL, b'0'),
(454, 'Pratik1', 2, '8780939013', b'1', '157286', '2023-06-06 11:12:42', '2023-06-02 15:11:49', '2023-06-02 15:14:24', NULL, NULL, b'0'),
(455, 'Pratik121', 1, '8780906663', b'1', '306109', '2023-06-02 18:21:48', '2023-06-02 15:17:55', '2023-06-02 15:19:33', NULL, NULL, b'0'),
(456, NULL, 1, '9990088777', b'1', NULL, '2023-06-02 15:45:51', '2023-06-02 15:35:51', '2023-06-02 15:35:51', NULL, NULL, b'0'),
(457, NULL, 1, '8780906669', b'1', '800432', '2023-06-02 18:07:24', '2023-06-02 17:57:24', '2023-06-02 17:57:24', NULL, NULL, b'0'),
(458, NULL, 2, '8980882400', b'1', '955886', '2023-06-02 18:44:14', '2023-06-02 18:34:14', '2023-06-02 18:34:14', NULL, NULL, b'0'),
(459, NULL, 2, '2132131231', b'1', '230605', '2023-06-02 18:47:02', '2023-06-02 18:37:01', '2023-06-02 18:37:01', NULL, NULL, b'0'),
(460, NULL, 1, '8320255912', b'1', '508780', '2023-06-02 20:00:48', '2023-06-02 19:38:36', '2023-06-02 19:38:36', NULL, NULL, b'0'),
(461, NULL, 1, '9913471325', b'1', '971575', '2023-06-05 16:05:29', '2023-06-05 15:55:03', '2023-06-05 15:55:03', NULL, NULL, b'0'),
(462, NULL, 1, '9979742365', b'1', '466213', '2023-06-05 16:11:43', '2023-06-05 16:01:33', '2023-06-05 16:01:33', NULL, NULL, b'0');

-- --------------------------------------------------------

--
-- Table structure for table `tuserlog`
--

CREATE TABLE IF NOT EXISTS `tuserlog` (
  `Id` int(11) NOT NULL,
  `UserId` int(11) NOT NULL,
  `LoggedInIp` varchar(15) NOT NULL,
  `LoggedInDateTime` datetime NOT NULL,
  `LoggedOutDateTime` datetime DEFAULT NULL,
  `OSTypeId` int(11) DEFAULT NULL,
  `InstituteId` int(11) NOT NULL
) ENGINE=InnoDB AUTO_INCREMENT=1757 DEFAULT CHARSET=utf8;

--
-- Dumping data for table `tuserlog`
--

INSERT INTO `tuserlog` (`Id`, `UserId`, `LoggedInIp`, `LoggedInDateTime`, `LoggedOutDateTime`, `OSTypeId`, `InstituteId`) VALUES
(1190, 303, '', '2022-04-21 15:30:13', NULL, 101, 103),
(1191, 306, '', '2022-04-21 16:40:26', NULL, 1, 104),
(1192, 306, '', '2022-04-21 22:01:27', NULL, 1, 105),
(1193, 306, '', '2022-04-21 22:02:04', NULL, 1, 104),
(1194, 304, '', '2022-04-25 10:21:34', NULL, 1, 108),
(1195, 304, '', '2022-04-25 10:51:59', NULL, 1, 108),
(1196, 304, '', '2022-04-25 13:13:48', NULL, 1, 108),
(1197, 304, '', '2022-04-25 15:16:44', NULL, 1, 108),
(1198, 304, '', '2022-04-25 15:23:22', NULL, 1, 108),
(1199, 311, '', '2022-04-25 15:26:01', '2022-04-25 15:45:03', 1, 109),
(1200, 304, '', '2022-04-25 15:34:52', '2022-04-25 15:43:39', 1, 108),
(1201, 310, '', '2022-04-25 15:35:45', '2022-04-25 15:35:54', 1, 110),
(1202, 310, '', '2022-04-25 15:38:00', '2022-04-25 15:39:03', 1, 110),
(1203, 310, '', '2022-04-25 15:40:19', '2022-04-25 15:40:45', 1, 110),
(1204, 310, '', '2022-04-25 15:47:42', '2022-04-25 15:47:48', 1, 110),
(1205, 311, '', '2022-04-25 15:48:30', '2022-04-25 15:48:51', 1, 109),
(1206, 311, '', '2022-04-25 15:51:37', '2022-04-25 15:58:44', 1, 109),
(1207, 316, '', '2022-04-25 15:57:15', NULL, 1, 111),
(1208, 316, '', '2022-04-25 15:59:16', NULL, 1, 111),
(1209, 304, '', '2022-04-25 16:04:05', NULL, 1, 108),
(1210, 314, '', '2022-04-25 16:13:05', '2022-04-25 16:53:14', 1, 111),
(1211, 316, '', '2022-04-25 16:54:22', '2022-04-25 18:41:11', 1, 111),
(1212, 304, '', '2022-04-25 17:49:22', NULL, 1, 108),
(1213, 316, '', '2022-04-25 18:42:03', NULL, 1, 111),
(1214, 314, '', '2022-04-25 18:42:54', '2022-04-25 18:51:37', 1, 111),
(1215, 316, '', '2022-04-25 18:51:56', NULL, 1, 111),
(1216, 316, '', '2022-04-25 19:03:41', '2022-04-26 11:12:35', 1, 111),
(1217, 306, '', '2022-04-25 21:09:42', '2022-04-25 21:11:15', 1, 104),
(1218, 314, '', '2022-04-26 10:26:49', NULL, 1, 111),
(1219, 304, '', '2022-04-26 10:49:02', NULL, 1, 108),
(1220, 304, '', '2022-04-26 11:08:51', '2022-04-26 11:12:17', 1, 108),
(1221, 304, '', '2022-04-26 11:12:37', NULL, 1, 108),
(1222, 304, '', '2022-04-26 11:13:05', NULL, 1, 108),
(1223, 314, '', '2022-04-26 11:13:48', '2022-04-26 11:22:31', 1, 111),
(1224, 316, '', '2022-04-26 11:22:51', '2022-04-26 11:23:41', 1, 111),
(1225, 314, '', '2022-04-26 11:24:00', '2022-04-26 12:04:39', 1, 111),
(1226, 304, '', '2022-04-26 11:39:16', '2022-04-26 11:58:22', 1, 108),
(1227, 316, '', '2022-04-26 11:48:19', NULL, 1, 111),
(1228, 315, '', '2022-04-26 11:59:29', '2022-04-26 11:59:55', 1, 108),
(1229, 304, '', '2022-04-26 12:00:32', NULL, 1, 108),
(1230, 316, '', '2022-04-26 12:05:08', '2022-04-26 12:05:33', 1, 111),
(1231, 314, '', '2022-04-26 12:06:01', '2022-04-26 12:26:59', 1, 111),
(1232, 304, '', '2022-04-26 12:13:44', NULL, 1, 108),
(1233, 316, '', '2022-04-26 12:27:25', '2022-04-26 13:17:58', 1, 111),
(1234, 314, '', '2022-04-26 12:42:00', NULL, 1, 111),
(1235, 304, '', '2022-04-26 12:52:26', NULL, 1, 108),
(1236, 314, '', '2022-04-26 13:18:18', '2022-04-26 13:21:02', 1, 111),
(1237, 316, '', '2022-04-26 13:21:21', '2022-04-26 13:22:52', 1, 111),
(1238, 314, '', '2022-04-26 13:23:08', '2022-04-26 14:47:35', 1, 111),
(1239, 304, '', '2022-04-26 14:46:27', NULL, 1, 108),
(1240, 316, '', '2022-04-26 14:47:52', '2022-04-26 15:36:02', 1, 111),
(1241, 304, '', '2022-04-26 15:15:39', NULL, 1, 108),
(1242, 306, '', '2022-04-26 15:23:35', NULL, 1, 104),
(1243, 316, '', '2022-04-26 15:36:32', '2022-04-26 15:45:01', 1, 111),
(1244, 314, '', '2022-04-26 15:46:55', '2022-04-26 16:26:00', 1, 111),
(1245, 304, '', '2022-04-26 15:48:53', '2022-04-26 16:31:02', 1, 108),
(1246, 326, '', '2022-04-26 16:15:46', '2022-04-26 17:49:30', 1, 108),
(1247, 316, '', '2022-04-26 16:26:18', NULL, 1, 111),
(1248, 316, '', '2022-04-26 16:31:30', '2022-04-26 16:46:01', 1, 111),
(1249, 314, '', '2022-04-26 16:34:42', NULL, 1, 111),
(1250, 314, '', '2022-04-26 16:36:47', NULL, 1, 111),
(1251, 306, '', '2022-04-26 16:42:22', NULL, 1, 105),
(1252, 306, '', '2022-04-26 16:42:28', NULL, 1, 104),
(1253, 304, '', '2022-04-26 16:45:43', NULL, 1, 108),
(1254, 314, '', '2022-04-26 16:47:40', '2022-04-26 17:05:55', 1, 111),
(1255, 316, '', '2022-04-26 17:06:18', '2022-04-26 17:10:37', 1, 111),
(1256, 314, '', '2022-04-26 17:11:02', '2022-04-26 18:02:04', 1, 111),
(1257, 304, '', '2022-04-26 17:22:49', '2022-04-26 18:00:59', 1, 108),
(1258, 304, '', '2022-04-26 18:02:25', NULL, 1, 108),
(1259, 328, '', '2022-04-26 18:08:09', NULL, 1, 108),
(1260, 304, '', '2022-04-26 18:38:06', NULL, 1, 108),
(1261, 306, '', '2022-04-26 19:08:41', NULL, 1, 104),
(1262, 304, '', '2022-04-27 09:58:32', '2022-04-27 09:58:36', 1, 108),
(1263, 316, '', '2022-04-27 10:06:57', NULL, 1, 111),
(1264, 304, '', '2022-04-27 10:10:27', NULL, 1, 108),
(1265, 316, '', '2022-04-27 10:11:16', NULL, 1, 111),
(1266, 314, '', '2022-04-27 10:17:00', '2022-04-27 10:28:25', 1, 111),
(1267, 314, '', '2022-04-27 10:28:46', NULL, 1, 111),
(1268, 316, '', '2022-04-27 10:53:19', NULL, 1, 111),
(1269, 316, '', '2022-04-27 11:09:18', NULL, 1, 111),
(1270, 316, '', '2022-04-27 11:22:00', '2022-04-28 10:16:39', 1, 111),
(1271, 304, '', '2022-04-27 11:49:01', NULL, 1, 108),
(1272, 304, '', '2022-04-27 12:00:49', NULL, 1, 108),
(1273, 304, '', '2022-04-27 12:11:42', NULL, 1, 108),
(1274, 304, '', '2022-04-27 12:36:13', NULL, 1, 108),
(1275, 304, '', '2022-04-27 13:10:27', NULL, 1, 108),
(1276, 304, '', '2022-04-27 13:15:09', NULL, 1, 108),
(1277, 304, '', '2022-04-27 13:15:45', NULL, 1, 108),
(1278, 314, '', '2022-04-27 15:09:48', NULL, 1, 111),
(1279, 304, '', '2022-04-27 15:32:14', NULL, 1, 108),
(1280, 304, '', '2022-04-27 15:50:29', NULL, 1, 108),
(1281, 308, '', '2022-04-27 16:08:37', NULL, 1, 104),
(1282, 306, '', '2022-04-27 16:24:11', NULL, 1, 104),
(1283, 304, '', '2022-04-27 16:25:51', '2022-04-27 18:42:01', 1, 108),
(1284, 306, '', '2022-04-27 16:35:37', NULL, 1, 104),
(1285, 306, '', '2022-04-27 16:35:48', NULL, 1, 105),
(1286, 306, '', '2022-04-27 16:36:09', NULL, 1, 104),
(1287, 314, '', '2022-04-27 16:43:27', NULL, 1, 111),
(1288, 314, '', '2022-04-27 16:51:52', '2022-04-27 18:51:02', 1, 111),
(1289, 304, '', '2022-04-27 18:51:37', NULL, 1, 108),
(1290, 304, '', '2022-04-27 19:09:41', NULL, 1, 108),
(1291, 314, '', '2022-04-28 09:47:12', NULL, 1, 111),
(1292, 316, '', '2022-04-28 10:17:27', NULL, 1, 111),
(1293, 316, '', '2022-04-28 10:34:35', '2022-04-28 10:35:46', 1, 111),
(1294, 314, '', '2022-04-28 10:36:07', '2022-04-28 11:01:12', 1, 111),
(1295, 316, '', '2022-04-28 11:01:37', '2022-04-28 11:02:23', 1, 111),
(1296, 314, '', '2022-04-28 11:03:10', '2022-04-28 11:16:20', 1, 111),
(1297, 316, '', '2022-04-28 11:17:45', '2022-04-28 11:28:40', 1, 111),
(1298, 304, '', '2022-04-28 11:17:59', '2022-04-28 11:24:31', 1, 108),
(1299, 314, '', '2022-04-28 11:24:50', '2022-04-28 12:04:33', 1, 111),
(1300, 304, '', '2022-04-28 11:29:00', NULL, 1, 108),
(1301, 316, '', '2022-04-28 12:04:54', '2022-04-28 12:05:45', 1, 111),
(1302, 314, '', '2022-04-28 12:06:04', '2022-04-28 12:36:43', 1, 111),
(1303, 316, '', '2022-04-28 12:37:03', '2022-04-28 12:37:35', 1, 111),
(1304, 314, '', '2022-04-28 12:37:57', NULL, 1, 111),
(1305, 304, '', '2022-04-28 15:07:47', '2022-04-28 15:10:32', 1, 108),
(1306, 314, '', '2022-04-28 15:11:30', '2022-04-28 15:45:29', 1, 111),
(1307, 316, '', '2022-04-28 15:45:53', '2022-04-29 18:03:09', 1, 111),
(1308, 314, '', '2022-04-28 15:49:25', NULL, 1, 111),
(1309, 304, '', '2022-04-28 16:30:20', NULL, 1, 108),
(1310, 314, '', '2022-04-28 16:39:45', NULL, 1, 111),
(1311, 304, '', '2022-04-28 17:17:55', NULL, 1, 112),
(1312, 304, '', '2022-04-28 17:18:10', NULL, 1, 108),
(1313, 304, '', '2022-04-28 17:19:49', NULL, 1, 112),
(1314, 304, '', '2022-04-28 17:20:34', NULL, 1, 108),
(1315, 304, '', '2022-04-28 18:42:40', NULL, 1, 108),
(1316, 314, '', '2022-04-28 18:54:50', NULL, 1, 111),
(1317, 304, '', '2022-04-29 10:07:43', NULL, 1, 108),
(1318, 304, '', '2022-04-29 10:30:48', NULL, 1, 108),
(1319, 304, '', '2022-04-29 10:59:55', '2022-04-29 11:04:43', 1, 108),
(1320, 314, '', '2022-04-29 11:13:48', NULL, 1, 111),
(1321, 304, '', '2022-04-29 11:33:06', NULL, 1, 108),
(1322, 306, '', '2022-04-29 11:41:20', NULL, 1, 104),
(1323, 304, '', '2022-04-29 12:18:54', NULL, 1, 108),
(1324, 304, '', '2022-04-29 15:14:19', '2022-04-29 18:31:11', 1, 108),
(1325, 314, '', '2022-04-29 18:03:35', NULL, 1, 111),
(1326, 328, '', '2022-04-29 18:31:38', '2022-04-29 18:49:03', 1, 108),
(1327, 304, '', '2022-04-29 18:50:47', '2022-05-02 10:34:23', 1, 108),
(1328, 314, '', '2022-05-02 10:34:57', '2022-05-02 10:38:33', 1, 111),
(1329, 332, '', '2022-05-02 10:37:28', NULL, 1, 113),
(1330, 332, '', '2022-05-02 10:38:07', NULL, 1, 113),
(1331, 314, '', '2022-05-02 10:38:57', '2022-05-02 10:42:29', 1, 111),
(1332, 312, '', '2022-05-02 10:43:15', '2022-05-02 10:43:46', 1, 108),
(1333, 314, '', '2022-05-02 10:44:13', NULL, 1, 111),
(1334, 304, '', '2022-05-02 11:01:22', '2022-05-02 12:03:53', 1, 108),
(1335, 314, '', '2022-05-02 11:06:47', NULL, 2, 111),
(1336, 314, '', '2022-05-02 11:08:49', NULL, 1, 111),
(1337, 314, '', '2022-05-02 11:31:08', '2022-05-02 12:52:32', 1, 111),
(1338, 304, '', '2022-05-02 12:06:46', '2022-05-02 12:17:06', 1, 108),
(1339, 315, '', '2022-05-02 12:17:34', '2022-05-02 16:55:37', 1, 108),
(1340, 311, '', '2022-05-02 12:54:00', '2022-05-02 12:54:49', 1, 109),
(1341, 304, '', '2022-05-02 12:55:25', NULL, 1, 108),
(1342, 304, '', '2022-05-02 13:04:36', NULL, 1, 108),
(1343, 314, '', '2022-05-02 13:14:32', NULL, 1, 111),
(1344, 304, '', '2022-05-02 13:14:54', NULL, 1, 108),
(1345, 304, '', '2022-05-02 14:44:09', NULL, 1, 108),
(1346, 316, '', '2022-05-02 15:35:33', NULL, 1, 111),
(1347, 316, '', '2022-05-02 16:17:58', NULL, 1, 111),
(1348, 304, '', '2022-05-02 16:56:02', NULL, 1, 108),
(1349, 306, '', '2022-05-02 17:55:25', NULL, 1, 104),
(1350, 337, '', '2022-05-02 18:34:14', '2022-05-02 18:34:31', 1, 104),
(1351, 338, '', '2022-05-02 18:37:04', '2022-05-02 18:37:21', 1, 104),
(1352, 304, '', '2022-05-02 18:38:19', '2022-05-03 11:40:35', 1, 108),
(1353, 339, '', '2022-05-02 18:39:25', '2022-05-02 18:39:49', 1, 104),
(1354, 315, '', '2022-05-02 18:41:21', '2022-05-02 18:41:36', 1, 104),
(1355, 340, '', '2022-05-02 18:43:29', '2022-05-02 18:43:37', 1, 104),
(1356, 341, '', '2022-05-02 18:53:47', '2022-05-02 18:53:59', 1, 104),
(1357, 315, '', '2022-05-03 11:18:57', '2022-05-03 12:32:26', 1, 108),
(1358, 314, '', '2022-05-03 11:41:22', '2022-05-03 15:06:11', 1, 111),
(1359, 304, '', '2022-05-03 11:44:44', NULL, 1, 108),
(1360, 304, '', '2022-05-03 12:33:09', NULL, 1, 108),
(1361, 316, '', '2022-05-03 15:06:43', '2022-05-03 15:09:45', 1, 111),
(1362, 314, '', '2022-05-03 15:10:08', NULL, 1, 111),
(1363, 314, '', '2022-05-03 15:17:04', '2022-05-03 16:36:21', 1, 111),
(1364, 304, '', '2022-05-03 15:38:24', NULL, 1, 108),
(1365, 344, '', '2022-05-03 16:13:48', NULL, 1, 104),
(1366, 304, '', '2022-05-03 16:20:55', '2022-05-03 18:45:08', 1, 108),
(1367, 345, '', '2022-05-03 16:28:09', NULL, 2, 114),
(1368, 312, '', '2022-05-03 16:36:43', '2022-05-03 16:38:47', 1, 108),
(1369, 314, '', '2022-05-03 16:39:36', '2022-05-03 16:42:45', 1, 111),
(1370, 312, '', '2022-05-03 16:43:12', '2022-05-03 17:13:08', 1, 108),
(1371, 314, '', '2022-05-03 16:50:49', NULL, 2, 111),
(1372, 314, '', '2022-05-03 17:13:35', '2022-05-03 17:31:25', 1, 111),
(1373, 314, '', '2022-05-03 18:16:07', NULL, 1, 111),
(1374, 306, '', '2022-05-03 18:28:05', NULL, 1, 104),
(1375, 306, '', '2022-05-03 18:45:33', '2022-05-04 09:47:06', 1, 104),
(1376, 304, '', '2022-05-03 19:24:56', NULL, 1, 108),
(1377, 306, '', '2022-05-04 09:48:34', '2022-05-04 11:27:33', 1, 104),
(1378, 302, '', '2022-05-04 09:50:36', '2022-05-04 12:48:06', 1, 104),
(1379, 345, '', '2022-05-04 10:43:42', '2022-05-04 10:54:21', 1, 114),
(1380, 314, '', '2022-05-04 10:50:21', '2022-05-04 11:31:26', 1, 111),
(1381, 304, '', '2022-05-04 10:54:42', NULL, 1, 108),
(1382, 349, '', '2022-05-04 11:28:38', '2022-05-04 11:30:19', 1, 115),
(1383, 304, '', '2022-05-04 11:31:49', NULL, 1, 108),
(1384, 350, '', '2022-05-04 11:33:30', '2022-05-04 11:34:06', 1, 103),
(1385, 304, '', '2022-05-04 11:35:08', '2022-05-04 12:12:32', 1, 108),
(1386, 314, '', '2022-05-04 12:12:54', NULL, 1, 111),
(1387, 306, '', '2022-05-04 12:48:35', '2022-05-05 11:13:43', 1, 104),
(1388, 304, '', '2022-05-04 16:10:54', '2022-05-05 11:31:39', 1, 108),
(1389, 316, '', '2022-05-04 18:26:53', NULL, 2, 111),
(1390, 314, '', '2022-05-05 10:34:44', NULL, 2, 111),
(1391, 314, '', '2022-05-05 10:55:14', '2022-05-05 14:42:27', 1, 111),
(1392, 306, '', '2022-05-05 11:15:52', NULL, 1, 104),
(1393, 351, '', '2022-05-05 11:34:54', NULL, 1, 116),
(1394, 352, '', '2022-05-05 11:40:51', '2022-05-05 14:40:16', 1, 116),
(1395, 351, '', '2022-05-05 12:40:48', NULL, 1, 117),
(1396, 351, '', '2022-05-05 12:40:55', NULL, 1, 116),
(1397, 351, '', '2022-05-05 12:41:35', NULL, 1, 117),
(1398, 351, '', '2022-05-05 12:41:46', NULL, 1, 116),
(1399, 351, '', '2022-05-05 12:44:20', NULL, 1, 117),
(1400, 351, '', '2022-05-05 12:44:44', NULL, 1, 116),
(1401, 351, '', '2022-05-05 12:46:58', NULL, 1, 117),
(1402, 351, '', '2022-05-05 12:47:11', NULL, 1, 116),
(1403, 351, '', '2022-05-05 12:48:10', NULL, 1, 117),
(1404, 351, '', '2022-05-05 12:48:36', '2022-05-05 13:03:05', 1, 116),
(1405, 353, '', '2022-05-05 13:03:29', '2022-05-05 13:03:53', 1, 118),
(1406, 351, '', '2022-05-05 13:04:14', '2022-05-05 13:25:24', 1, 116),
(1407, 351, '', '2022-05-05 13:25:54', NULL, 1, 116),
(1408, 316, '', '2022-05-05 13:27:33', NULL, 1, 111),
(1409, 351, '', '2022-05-05 14:40:41', '2022-05-05 14:55:21', 1, 116),
(1410, 316, '', '2022-05-05 14:43:25', '2022-05-05 14:46:24', 1, 111),
(1411, 314, '', '2022-05-05 14:46:45', '2022-05-05 14:47:20', 1, 111),
(1412, 316, '', '2022-05-05 14:48:25', '2022-05-05 14:55:59', 2, 111),
(1413, 304, '', '2022-05-05 14:55:39', NULL, 1, 108),
(1414, 304, '', '2022-05-05 14:56:18', '2022-05-05 15:34:03', 1, 108),
(1415, 316, '', '2022-05-05 15:04:31', NULL, 2, 111),
(1416, 316, '', '2022-05-05 15:05:05', '2022-05-05 16:01:57', 1, 111),
(1417, 328, '', '2022-05-05 15:18:28', '2022-05-05 16:14:21', 1, 108),
(1418, 352, '', '2022-05-05 15:34:25', NULL, 1, 116),
(1419, 304, '', '2022-05-05 15:48:50', NULL, 1, 108),
(1420, 314, '', '2022-05-05 16:02:21', '2022-05-05 17:05:30', 1, 111),
(1421, 304, '', '2022-05-05 16:16:00', '2022-05-05 16:18:38', 1, 108),
(1422, 328, '', '2022-05-05 16:19:34', NULL, 1, 108),
(1423, 328, '', '2022-05-05 16:32:02', '2022-05-05 18:20:48', 1, 108),
(1424, 351, '', '2022-05-05 17:05:10', NULL, 1, 117),
(1425, 351, '', '2022-05-05 17:05:20', NULL, 1, 116),
(1426, 316, '', '2022-05-05 17:05:53', '2022-05-05 17:58:36', 1, 111),
(1427, 351, '', '2022-05-05 17:05:56', NULL, 1, 117),
(1428, 351, '', '2022-05-05 17:06:06', NULL, 1, 116),
(1429, 351, '', '2022-05-05 17:09:04', NULL, 1, 117),
(1430, 351, '', '2022-05-05 17:10:03', NULL, 1, 116),
(1431, 351, '', '2022-05-05 17:26:26', NULL, 1, 120),
(1432, 351, '', '2022-05-05 17:27:55', NULL, 1, 116),
(1433, 351, '', '2022-05-05 17:45:47', NULL, 1, 120),
(1434, 351, '', '2022-05-05 17:46:20', NULL, 1, 116),
(1435, 314, '', '2022-05-05 17:58:54', NULL, 1, 111),
(1436, 351, '', '2022-05-05 18:00:19', NULL, 1, 120),
(1437, 351, '', '2022-05-05 18:00:50', NULL, 1, 116),
(1438, 351, '', '2022-05-05 18:01:35', NULL, 1, 120),
(1439, 351, '', '2022-05-05 18:01:40', NULL, 1, 117),
(1440, 351, '', '2022-05-05 18:02:24', NULL, 1, 116),
(1441, 351, '', '2022-05-05 18:05:04', NULL, 1, 120),
(1442, 351, '', '2022-05-05 18:05:28', NULL, 1, 116),
(1443, 351, '', '2022-05-05 18:09:14', NULL, 1, 120),
(1444, 345, '', '2022-05-05 18:09:21', NULL, 2, 114),
(1445, 351, '', '2022-05-05 18:09:26', NULL, 1, 117),
(1446, 351, '', '2022-05-05 18:09:48', NULL, 1, 116),
(1447, 351, '', '2022-05-05 18:09:53', NULL, 1, 120),
(1448, 351, '', '2022-05-05 18:09:58', '2022-05-06 14:38:46', 1, 116),
(1449, 314, '', '2022-05-05 18:21:13', '2022-05-05 18:59:46', 1, 111),
(1450, 316, '', '2022-05-05 18:58:47', '2022-05-05 19:00:52', 1, 111),
(1451, 304, '', '2022-05-05 19:00:11', '2022-05-06 17:44:57', 1, 108),
(1452, 314, '', '2022-05-05 19:01:10', '2022-05-05 19:02:16', 1, 111),
(1453, 316, '', '2022-05-05 19:02:37', NULL, 1, 111),
(1454, 308, '', '2022-05-06 09:35:43', '2022-05-08 04:00:20', 1, 104),
(1455, 328, '', '2022-05-06 11:15:04', '2022-05-06 11:50:49', 1, 108),
(1456, 314, '', '2022-05-06 11:51:17', NULL, 1, 111),
(1457, 314, '', '2022-05-06 12:22:14', NULL, 2, 111),
(1458, 314, '', '2022-05-06 12:27:07', NULL, 1, 111),
(1459, 316, '', '2022-05-06 13:21:12', NULL, 2, 111),
(1460, 316, '', '2022-05-06 13:24:43', NULL, 2, 111),
(1461, 351, '', '2022-05-06 14:39:37', NULL, 1, 116),
(1462, 314, '', '2022-05-06 16:01:38', NULL, 2, 111),
(1463, 316, '', '2022-05-06 16:02:58', NULL, 2, 111),
(1464, 316, '', '2022-05-06 16:09:57', NULL, 2, 111),
(1465, 314, '', '2022-05-06 16:11:09', '2022-05-09 12:18:06', 2, 111),
(1466, 351, '', '2022-05-06 17:45:20', '2022-05-06 18:34:50', 1, 116),
(1467, 351, '', '2022-05-06 18:36:20', '2022-05-06 18:53:58', 1, 116),
(1468, 304, '', '2022-05-06 18:54:18', NULL, 1, 108),
(1469, 304, '', '2022-05-06 18:54:56', NULL, 1, 112),
(1470, 304, '', '2022-05-06 18:55:12', '2022-05-06 19:01:34', 1, 108),
(1471, 357, '', '2022-05-06 19:02:01', NULL, 1, 125),
(1472, 351, '', '2022-05-06 19:04:19', '2022-05-07 08:10:49', 1, 116),
(1473, 304, '', '2022-05-07 08:11:10', '2022-05-07 08:11:54', 1, 108),
(1474, 351, '', '2022-05-07 08:12:14', '2022-05-09 10:44:11', 1, 116),
(1475, 306, '', '2022-05-08 04:00:55', NULL, 1, 104),
(1476, 351, '', '2022-05-09 10:50:52', '2022-05-09 10:54:27', 1, 116),
(1477, 352, '', '2022-05-09 10:58:15', '2022-05-09 15:07:30', 1, 116),
(1478, 351, '', '2022-05-09 10:59:49', '2022-05-09 15:07:37', 1, 116),
(1479, 304, '', '2022-05-09 12:18:28', NULL, 1, 108),
(1480, 304, '', '2022-05-09 15:08:10', '2022-05-09 15:22:17', 1, 108),
(1481, 352, '', '2022-05-09 15:10:47', NULL, 1, 116),
(1482, 352, '', '2022-05-09 15:22:48', '2022-05-09 15:24:20', 1, 116),
(1483, 351, '', '2022-05-09 15:23:23', NULL, 1, 116),
(1484, 352, '', '2022-05-09 15:25:00', '2022-05-10 11:08:22', 1, 116),
(1485, 304, '', '2022-05-09 18:03:41', NULL, 1, 108),
(1486, 351, '', '2022-05-10 11:08:44', '2022-05-10 11:49:48', 1, 116),
(1487, 352, '', '2022-05-10 11:50:10', NULL, 1, 116),
(1488, 351, '', '2022-05-10 12:27:07', '2022-05-10 14:36:35', 1, 116),
(1489, 352, '', '2022-05-10 14:37:53', '2022-05-10 15:30:30', 1, 116),
(1490, 351, '', '2022-05-10 15:30:49', NULL, 1, 116),
(1491, 351, '', '2022-05-10 16:03:25', '2022-05-11 10:53:47', 1, 116),
(1492, 352, '', '2022-05-11 10:19:41', NULL, 1, 116),
(1493, 352, '', '2022-05-11 10:54:06', '2022-05-11 11:39:07', 1, 116),
(1494, 351, '', '2022-05-11 10:55:08', NULL, 1, 116),
(1495, 314, '', '2022-05-11 11:17:36', NULL, 2, 111),
(1496, 351, '', '2022-05-11 11:44:45', NULL, 1, 116),
(1497, 351, '', '2022-05-11 11:50:32', '2022-05-11 14:41:01', 2, 116),
(1498, 314, '', '2022-05-11 12:45:19', '2022-05-11 14:44:48', 1, 111),
(1499, 316, '', '2022-05-11 14:38:23', NULL, 2, 111),
(1500, 351, '', '2022-05-11 14:41:24', NULL, 1, 116),
(1501, 352, '', '2022-05-11 14:45:19', '2022-05-11 14:46:10', 1, 116),
(1502, 351, '', '2022-05-11 14:46:30', NULL, 1, 116),
(1503, 351, '', '2022-05-11 15:19:50', '2022-05-11 16:25:26', 1, 116),
(1504, 314, '', '2022-05-11 15:26:00', '2022-05-11 16:26:47', 2, 111),
(1505, 352, '', '2022-05-11 15:44:51', NULL, 2, 116),
(1506, 352, '', '2022-05-11 15:55:59', NULL, 2, 116),
(1507, 352, '', '2022-05-11 16:25:46', '2022-05-11 16:33:56', 1, 116),
(1508, 316, '', '2022-05-11 16:27:09', NULL, 1, 111),
(1509, 360, '127.1.1.1', '2022-05-12 12:14:35', NULL, 1, 126),
(1510, 351, '', '2022-05-12 12:15:42', NULL, 2, 116),
(1511, 316, '', '2022-05-12 12:47:07', NULL, 2, 111),
(1512, 351, '', '2022-05-12 13:01:50', NULL, 1, 117),
(1513, 351, '', '2022-05-12 13:01:58', NULL, 1, 116),
(1514, 351, '', '2022-05-12 13:04:59', NULL, 1, 116),
(1515, 351, '', '2022-05-12 16:01:09', NULL, 2, 116),
(1516, 351, '', '2022-05-12 16:04:10', '2022-05-12 16:15:26', 2, 116),
(1517, 351, '', '2022-05-12 16:16:07', '2022-05-13 15:30:44', 1, 116),
(1518, 352, '', '2022-05-13 15:31:08', '2022-05-13 15:43:43', 1, 116),
(1519, 351, '', '2022-05-13 15:44:07', '2022-05-13 15:53:17', 1, 116),
(1520, 352, '', '2022-05-13 15:53:59', '2022-05-13 16:00:44', 1, 116),
(1521, 351, '', '2022-05-13 16:01:22', NULL, 1, 116),
(1522, 351, '', '2022-05-13 17:27:19', NULL, 1, 116),
(1523, 351, '', '2022-05-13 19:45:58', NULL, 1, 117),
(1524, 306, '', '2022-05-13 23:15:14', NULL, 1, 104),
(1525, 306, '', '2022-05-13 23:30:10', NULL, 1, 105),
(1526, 351, '', '2022-05-16 09:59:39', '2022-05-16 11:11:40', 1, 116),
(1527, 314, '', '2022-05-16 10:39:12', NULL, 2, 111),
(1528, 314, '', '2022-05-16 11:12:08', '2022-05-16 15:39:42', 1, 111),
(1529, 351, '', '2022-05-16 15:40:07', '2022-05-16 16:26:14', 1, 116),
(1530, 316, '', '2022-05-16 15:43:52', NULL, 2, 111),
(1531, 314, '', '2022-05-16 15:48:51', NULL, 2, 111),
(1532, 314, '', '2022-05-16 16:26:36', NULL, 1, 111),
(1533, 314, '', '2022-05-16 16:48:58', NULL, 1, 111),
(1534, 351, '', '2022-05-16 18:31:26', '2022-05-16 18:43:17', 1, 116),
(1535, 315, '', '2022-05-16 18:35:39', '2022-05-16 18:35:52', 1, 108),
(1536, 361, '', '2022-05-16 18:39:17', NULL, 1, 116),
(1537, 361, '', '2022-05-16 18:43:57', '2022-05-17 19:09:24', 1, 116),
(1538, 351, '', '2022-05-17 10:38:42', NULL, 1, 116),
(1539, 351, '', '2022-05-17 15:00:25', NULL, 2, 116),
(1540, 351, '', '2022-05-17 16:08:15', NULL, 2, 116),
(1541, 314, '', '2022-05-17 16:09:30', NULL, 2, 111),
(1542, 314, '', '2022-05-17 16:34:41', NULL, 2, 111),
(1543, 352, '', '2022-05-17 17:45:52', NULL, 2, 116),
(1544, 352, '', '2022-05-17 17:56:44', NULL, 1, 116),
(1545, 352, '', '2022-05-17 17:58:26', NULL, 2, 116),
(1546, 351, '', '2022-05-17 19:09:46', NULL, 1, 116),
(1547, 352, '', '2022-05-18 10:32:35', NULL, 2, 116),
(1548, 351, '', '2022-05-18 10:51:31', NULL, 1, 116),
(1549, 351, '', '2022-05-18 11:01:42', NULL, 2, 116),
(1550, 351, '', '2022-05-18 11:17:13', '2022-05-18 11:59:52', 1, 116),
(1551, 352, '', '2022-05-18 12:00:29', '2022-05-18 18:21:48', 1, 116),
(1552, 351, '', '2022-05-18 12:01:05', '2022-05-18 16:08:22', 1, 116),
(1553, 351, '', '2022-05-18 16:10:16', '2022-05-18 16:10:23', 1, 116),
(1554, 351, '', '2022-05-18 16:14:49', '2022-05-18 16:15:42', 1, 116),
(1555, 351, '', '2022-05-18 16:49:35', NULL, 1, 116),
(1556, 351, '', '2022-05-18 17:34:27', '2022-05-18 17:52:59', 2, 116),
(1557, 351, '', '2022-05-18 17:57:51', NULL, 2, 116),
(1558, 351, '', '2022-05-18 18:22:14', NULL, 1, 116),
(1559, 314, '', '2022-05-18 19:13:48', NULL, 2, 111),
(1560, 351, '', '2022-05-19 10:40:10', NULL, 2, 116),
(1561, 351, '', '2022-05-19 16:43:11', NULL, 1, 116),
(1562, 351, '', '2022-05-19 17:18:00', NULL, 1, 116),
(1563, 316, '', '2022-05-20 12:44:18', NULL, 2, 111),
(1564, 314, '', '2022-05-20 12:55:53', NULL, 2, 111),
(1565, 314, '', '2022-05-20 12:58:43', NULL, 2, 111),
(1566, 314, '', '2022-05-20 13:01:11', NULL, 2, 111),
(1567, 314, '', '2022-05-20 13:03:08', '2022-05-23 15:57:45', 1, 111),
(1568, 351, '', '2022-05-20 16:59:11', '2022-05-23 15:15:09', 2, 116),
(1569, 365, '', '2022-05-23 15:15:32', NULL, 1, 116),
(1570, 366, '', '2022-05-23 15:21:55', '2022-05-23 15:26:48', 1, 116),
(1571, 351, '', '2022-05-23 15:27:33', '2022-05-23 15:44:40', 1, 116),
(1572, 366, '', '2022-05-23 15:45:01', '2022-05-23 16:05:27', 1, 116),
(1573, 304, '', '2022-05-23 15:58:09', NULL, 1, 108),
(1574, 351, '', '2022-05-23 16:05:49', NULL, 1, 116),
(1575, 351, '', '2022-05-24 10:21:05', '2022-05-24 11:36:14', 1, 116),
(1576, 314, '', '2022-05-24 10:48:55', '2022-05-24 11:14:42', 1, 111),
(1577, 316, '', '2022-05-24 11:15:09', NULL, 1, 111),
(1578, 316, '', '2022-05-24 11:37:00', '2022-05-24 12:17:20', 2, 111),
(1579, 314, '', '2022-05-24 12:12:11', NULL, 2, 111),
(1580, 314, '', '2022-05-24 12:18:13', '2022-05-24 12:41:07', 1, 111),
(1581, 316, '', '2022-05-24 12:41:33', '2022-05-24 15:02:10', 1, 111),
(1582, 314, '', '2022-05-24 15:02:32', NULL, 1, 111),
(1583, 314, '', '2022-05-24 15:19:30', NULL, 1, 111),
(1584, 316, '', '2022-05-24 15:29:28', NULL, 2, 111),
(1585, 314, '', '2022-05-24 15:31:52', '2022-05-24 15:59:13', 2, 111),
(1586, 316, '', '2022-05-24 15:59:33', '2022-05-24 16:30:39', 1, 111),
(1587, 314, '', '2022-05-24 16:30:59', '2022-05-25 11:41:43', 1, 111),
(1588, 316, '', '2022-05-24 17:20:03', NULL, 1, 111),
(1589, 316, '', '2022-05-24 17:37:29', '2022-05-24 18:29:19', 1, 111),
(1590, 351, '', '2022-05-24 18:21:35', '2022-05-25 10:40:12', 2, 116),
(1591, 352, '', '2022-05-25 10:40:37', NULL, 1, 116),
(1592, 352, '', '2022-05-25 10:40:57', '2022-05-25 14:01:41', 2, 116),
(1593, 311, '', '2022-05-25 11:23:41', NULL, 1, 109),
(1594, 316, '', '2022-05-25 11:42:07', NULL, 1, 111),
(1595, 316, '', '2022-05-25 12:04:00', NULL, 1, 111),
(1596, 314, '', '2022-05-25 12:16:49', '2022-05-25 14:39:35', 1, 111),
(1597, 316, '', '2022-05-25 12:33:00', NULL, 2, 111),
(1598, 351, '', '2022-05-25 14:02:00', '2022-05-25 15:08:35', 1, 116),
(1599, 306, '', '2022-05-25 14:32:03', '2022-05-31 15:12:35', 1, 104),
(1600, 311, '', '2022-05-25 14:41:07', '2022-05-25 14:41:15', 1, 109),
(1601, 316, '', '2022-05-25 14:41:32', NULL, 1, 111),
(1602, 352, '', '2022-05-25 15:08:55', '2022-05-25 16:27:23', 1, 116),
(1603, 316, '', '2022-05-25 15:13:09', '2022-05-25 15:29:21', 1, 111),
(1604, 314, '', '2022-05-25 15:29:40', '2022-05-25 15:30:01', 1, 111),
(1605, 316, '', '2022-05-25 15:30:19', '2022-05-25 15:35:36', 1, 111),
(1606, 351, '', '2022-05-25 15:35:53', '2022-05-25 15:38:37', 1, 116),
(1607, 316, '', '2022-05-25 15:39:04', NULL, 1, 111),
(1608, 314, '', '2022-05-25 16:06:26', '2022-05-25 16:21:24', 1, 111),
(1609, 316, '', '2022-05-25 16:06:54', NULL, 1, 111),
(1610, 316, '', '2022-05-25 16:21:47', NULL, 1, 111),
(1611, 351, '', '2022-05-25 16:27:40', '2022-05-25 16:28:20', 1, 116),
(1612, 352, '', '2022-05-25 16:31:55', '2022-05-25 16:48:06', 1, 116),
(1613, 316, '', '2022-05-25 16:33:50', '2022-05-25 16:33:54', 1, 111),
(1614, 314, '', '2022-05-25 16:34:12', '2022-05-25 16:55:15', 1, 111),
(1615, 351, '', '2022-05-25 16:48:44', NULL, 1, 116),
(1616, 351, '', '2022-05-25 16:48:59', '2022-05-25 17:50:43', 2, 116),
(1617, 316, '', '2022-05-25 16:55:34', NULL, 1, 111),
(1618, 352, '', '2022-05-25 17:32:43', NULL, 2, 116),
(1619, 352, '', '2022-05-25 17:50:36', NULL, 2, 116),
(1620, 352, '', '2022-05-25 17:51:02', '2022-05-26 11:30:39', 1, 116),
(1621, 351, '', '2022-05-26 10:10:47', NULL, 2, 116),
(1622, 311, '', '2022-05-26 10:44:46', '2022-05-26 10:44:55', 1, 109),
(1623, 311, '', '2022-05-26 10:45:14', NULL, 1, 109),
(1624, 351, '', '2022-05-26 11:30:59', NULL, 1, 116),
(1625, 316, '', '2022-05-30 10:08:26', '2022-05-30 10:44:47', 1, 111),
(1626, 314, '', '2022-05-30 10:45:07', NULL, 1, 111),
(1627, 314, '', '2022-05-30 10:59:54', NULL, 1, 111),
(1628, 316, '', '2022-05-30 11:05:45', NULL, 1, 111),
(1629, 351, '', '2022-05-30 11:51:48', NULL, 1, 116),
(1630, 351, '', '2022-05-31 12:40:56', NULL, 2, 116),
(1631, 351, '', '2022-05-31 12:47:18', NULL, 2, 116),
(1632, 373, '', '2022-05-31 15:19:31', '2022-05-31 15:19:43', 1, 127),
(1633, 373, '', '2022-05-31 15:41:26', NULL, 1, 127),
(1634, 351, '', '2022-06-01 10:42:15', NULL, 2, 116),
(1635, 351, '', '2022-06-01 17:21:40', NULL, 2, 116),
(1636, 351, '', '2022-06-02 12:32:21', NULL, 2, 116),
(1637, 351, '', '2022-06-02 12:38:01', NULL, 2, 116),
(1638, 304, '', '2022-06-07 10:17:06', NULL, 1, 108),
(1639, 332, '', '2022-06-07 10:20:15', '2022-06-07 10:20:23', 1, 113),
(1640, 351, '', '2022-06-07 10:20:49', NULL, 1, 116),
(1641, 351, '', '2022-06-08 10:19:13', '2022-06-09 14:41:17', 1, 116),
(1642, 351, '', '2022-06-09 16:55:57', NULL, 1, 116),
(1643, 316, '', '2022-06-14 10:41:54', NULL, 2, 111),
(1644, 311, '', '2022-06-17 10:31:55', NULL, 2, 109),
(1645, 314, '', '2022-06-20 17:06:47', NULL, 2, 111),
(1646, 316, '', '2022-06-20 17:08:33', NULL, 2, 111),
(1647, 314, '', '2022-06-21 11:08:46', NULL, 2, 111),
(1648, 316, '', '2022-06-21 12:37:03', '2022-06-21 15:15:15', 1, 111),
(1649, 314, '', '2022-06-21 15:15:53', '2022-06-21 15:28:56', 1, 111),
(1650, 316, '', '2022-06-21 15:29:21', NULL, 1, 111),
(1651, 316, '', '2022-06-21 16:59:17', NULL, 2, 111),
(1652, 304, '', '2022-06-22 11:57:41', NULL, 2, 108),
(1653, 332, '', '2022-06-24 19:34:18', NULL, 2, 113),
(1654, 316, '', '2022-06-24 19:35:39', NULL, 2, 111),
(1655, 316, '', '2022-06-28 11:17:54', NULL, 2, 111),
(1656, 316, '', '2022-06-28 12:50:02', NULL, 1, 111),
(1657, 306, '', '2022-06-28 16:01:02', NULL, 1, 104),
(1658, 376, '', '2022-06-28 16:31:42', NULL, 1, 104),
(1659, 316, '', '2022-06-30 12:37:14', NULL, 2, 111),
(1660, 316, '', '2022-07-02 17:43:30', '2022-07-04 12:29:50', 2, 111),
(1661, 314, '', '2022-07-04 12:27:39', NULL, 2, 111),
(1662, 314, '', '2022-07-04 12:30:12', NULL, 1, 111),
(1663, 316, '', '2022-07-07 11:31:50', NULL, 2, 111),
(1664, 304, '', '2022-07-07 15:29:10', NULL, 1, 108),
(1665, 351, '', '2022-07-08 12:02:51', NULL, 1, 116),
(1666, 314, '', '2022-07-08 14:42:29', NULL, 2, 111),
(1667, 332, '', '2022-07-11 11:10:51', NULL, 2, 113),
(1668, 316, '', '2022-07-11 11:12:04', NULL, 2, 111),
(1669, 314, '', '2022-07-12 14:34:07', NULL, 2, 111),
(1670, 314, '', '2022-07-13 16:31:23', NULL, 2, 111),
(1671, 316, '', '2022-07-13 16:45:12', NULL, 2, 111),
(1672, 314, '', '2022-07-13 16:46:20', NULL, 2, 111),
(1673, 316, '', '2022-07-14 16:09:45', NULL, 2, 111),
(1674, 314, '', '2022-07-15 12:53:28', NULL, 2, 111),
(1675, 316, '', '2022-07-18 17:44:45', NULL, 2, 111),
(1676, 306, '', '2022-07-18 18:46:15', '2022-07-20 16:37:04', 1, 104),
(1677, 378, '', '2022-07-20 16:31:31', NULL, 1, 104),
(1678, 378, '', '2022-07-20 16:38:22', '2022-07-20 16:41:33', 1, 104),
(1679, 306, '', '2022-07-20 16:43:00', NULL, 1, 104),
(1680, 319, '', '2022-07-22 11:46:43', NULL, 1, 104),
(1681, 306, '', '2022-07-25 17:21:08', NULL, 1, 105),
(1682, 306, '', '2022-07-25 17:21:28', '2022-07-25 17:50:50', 1, 104),
(1683, 319, '', '2022-07-25 17:51:33', '2022-08-17 10:05:03', 1, 104),
(1684, 314, '', '2022-07-26 11:05:41', '2022-07-26 11:20:54', 1, 111),
(1685, 316, '', '2022-07-26 11:21:13', NULL, 1, 111),
(1686, 306, '', '2022-08-17 10:29:00', '2022-08-17 10:34:54', 1, 104),
(1687, 306, '', '2022-08-19 17:54:09', NULL, 1, 104),
(1688, 306, '', '2022-08-22 11:49:18', NULL, 1, 128),
(1689, 351, '', '2022-08-22 12:29:46', NULL, 1, 116),
(1690, 304, '', '2022-08-24 13:25:50', NULL, 1, 108),
(1691, 306, '', '2022-08-24 19:11:11', NULL, 1, 104),
(1692, 351, '', '2022-08-25 14:45:05', NULL, 1, 116),
(1693, 306, '', '2022-08-25 16:51:07', '2022-08-25 18:02:59', 1, 104),
(1694, 306, '', '2022-08-25 18:21:02', NULL, 1, 104),
(1695, 316, '', '2022-08-29 10:49:17', '2023-06-02 18:03:42', 1, 111),
(1696, 351, '', '2022-09-19 16:13:23', NULL, 1, 116),
(1697, 304, '', '2022-10-12 16:11:11', NULL, 1, 112),
(1698, 304, '', '2022-10-13 10:09:54', NULL, 1, 112),
(1699, 306, '', '2022-10-20 16:14:40', NULL, 1, 104),
(1700, 319, '', '2022-11-10 18:26:43', '2022-11-10 18:29:58', 1, 104),
(1701, 306, '', '2022-11-10 18:30:25', NULL, 1, 104),
(1702, 304, '', '2022-12-12 12:37:41', NULL, 1, 112),
(1703, 442, '', '2023-03-14 16:49:02', NULL, 2, 130),
(1704, 444, '', '2023-03-17 15:14:30', '2023-03-17 17:03:31', 2, 131),
(1705, 306, '', '2023-03-28 12:06:09', NULL, 1, 104),
(1706, 306, '', '2023-03-28 13:46:52', NULL, 1, 104),
(1707, 304, '', '2023-05-18 10:10:54', '2023-05-18 10:19:45', 1, 108),
(1708, 304, '', '2023-05-18 10:21:13', '2023-05-18 10:21:43', 1, 108),
(1709, 446, '', '2023-05-18 10:22:30', '2023-06-02 11:12:14', 1, 108),
(1710, 304, '', '2023-05-18 10:39:37', NULL, 1, 108),
(1711, 448, '', '2023-05-18 16:20:55', '2023-05-29 12:32:56', 1, 132),
(1712, 449, '', '2023-05-18 16:23:32', '2023-05-29 11:40:51', 1, 132),
(1713, 306, '', '2023-05-29 12:07:42', '2023-05-29 12:35:02', 1, 104),
(1714, 304, '', '2023-05-29 12:33:57', '2023-05-29 12:40:13', 1, 108),
(1715, 306, '', '2023-05-29 12:36:16', NULL, 1, 104),
(1716, 313, '', '2023-05-29 12:41:01', NULL, 1, 108),
(1717, 306, '', '2023-05-31 19:20:40', '2023-06-01 16:14:58', 1, 104),
(1718, 311, '', '2023-05-31 19:34:45', '2023-06-02 11:45:39', 1, 109),
(1719, 306, '', '2023-06-01 16:32:18', NULL, 1, 104),
(1720, 308, '', '2023-06-01 18:28:09', NULL, 1, 104),
(1721, 304, '', '2023-06-02 10:29:59', '2023-06-02 11:07:00', 1, 112),
(1722, 304, '', '2023-06-02 11:07:53', '2023-06-02 11:08:29', 1, 112),
(1723, 446, '', '2023-06-02 11:09:14', NULL, 1, 112),
(1724, 304, '', '2023-06-02 11:12:51', '2023-06-02 11:44:23', 1, 112),
(1725, 446, '', '2023-06-02 11:23:36', '2023-06-02 13:15:31', 1, 108),
(1726, 304, '', '2023-06-02 11:44:59', '2023-06-02 15:17:28', 1, 112),
(1727, 313, '', '2023-06-02 11:46:15', NULL, 1, 112),
(1728, 313, '', '2023-06-02 11:48:27', NULL, 1, 112),
(1729, 446, '', '2023-06-02 13:43:11', '2023-06-02 15:08:07', 1, 112),
(1730, 453, '', '2023-06-02 15:09:06', '2023-06-02 15:11:07', 1, 133),
(1731, 306, '', '2023-06-02 15:13:34', NULL, 1, 106),
(1732, 454, '', '2023-06-02 15:14:46', NULL, 1, 134),
(1733, 455, '', '2023-06-02 15:19:34', NULL, 1, 134),
(1734, 455, '', '2023-06-02 15:38:02', NULL, 1, 134),
(1735, 455, '', '2023-06-02 16:00:10', '2023-06-02 17:12:11', 1, 134),
(1736, 315, '', '2023-06-02 16:07:44', '2023-06-02 17:13:01', 1, 134),
(1737, 455, '', '2023-06-02 17:23:46', '2023-06-02 17:26:23', 1, 134),
(1738, 454, '', '2023-06-02 17:26:16', NULL, 1, 134),
(1739, 455, '', '2023-06-02 17:26:47', '2023-06-02 17:37:49', 1, 134),
(1740, 313, '', '2023-06-02 17:28:32', '2023-06-02 17:33:36', 1, 134),
(1741, 454, '', '2023-06-02 17:34:13', '2023-06-02 17:34:19', 1, 134),
(1742, 313, '', '2023-06-02 17:34:43', '2023-06-02 17:42:48', 1, 134),
(1743, 455, '', '2023-06-02 17:40:45', NULL, 1, 134),
(1744, 455, '', '2023-06-02 17:43:21', '2023-06-02 17:56:49', 1, 134),
(1745, 313, '', '2023-06-02 17:44:14', '2023-06-02 17:46:48', 1, 134),
(1746, 313, '', '2023-06-02 17:47:29', NULL, 1, 134),
(1747, 455, '', '2023-06-02 17:57:49', '2023-06-02 17:58:36', 1, 134),
(1748, 454, '', '2023-06-02 17:59:27', '2023-06-02 17:59:32', 1, 134),
(1749, 313, '', '2023-06-02 17:59:50', '2023-06-02 18:06:38', 1, 134),
(1750, 454, '', '2023-06-02 18:04:32', '2023-06-02 18:33:50', 1, 134),
(1751, 313, '', '2023-06-02 18:06:44', NULL, 1, 134),
(1752, 455, '', '2023-06-02 18:09:38', NULL, 1, 134),
(1753, 455, '', '2023-06-02 18:11:53', NULL, 1, 134),
(1754, 304, '', '2023-06-06 11:01:07', '2023-06-06 11:01:23', 1, 112),
(1755, 304, '', '2023-06-06 11:01:54', '2023-06-06 11:02:05', 1, 108),
(1756, 454, '', '2023-06-06 11:02:49', NULL, 1, 134);

-- --------------------------------------------------------

--
-- Table structure for table `tviewhistory`
--

CREATE TABLE IF NOT EXISTS `tviewhistory` (
  `StatusId` int(11) NOT NULL,
  `DocumentId` int(11) DEFAULT NULL COMMENT 'For StudyMaterial - AssignContentId\nFor Homework - HomeworkId',
  `StudentId` int(11) DEFAULT NULL,
  `ViewCount` int(11) DEFAULT NULL,
  `CreatedDateTime` datetime NOT NULL
) ENGINE=InnoDB DEFAULT CHARSET=latin1;

--
-- Dumping data for table `tviewhistory`
--

INSERT INTO `tviewhistory` (`StatusId`, `DocumentId`, `StudentId`, `ViewCount`, `CreatedDateTime`) VALUES
(25, 448, 283, 5, '2022-04-26 11:16:42'),
(25, 461, 277, 1, '2022-04-27 16:52:06'),
(25, 459, 283, 22, '2022-04-27 22:47:22'),
(25, 460, 295, 1, '2022-04-29 18:32:27'),
(25, 465, 285, 4, '2022-05-02 12:30:12'),
(25, 461, 307, 1, '2022-05-03 16:18:14'),
(25, 465, 295, 7, '2022-05-05 15:20:05'),
(25, 568, 313, 7, '2022-05-06 11:38:24'),
(25, 567, 313, 5, '2022-05-09 12:22:31'),
(25, 566, 313, 2, '2022-05-09 12:23:26'),
(25, 564, 313, 3, '2022-05-09 12:24:33'),
(25, 582, 283, 3, '2022-06-21 15:18:28'),
(25, 580, 283, 9, '2022-07-04 13:19:25'),
(25, 611, 293, 7, '2022-07-25 17:48:27'),
(25, 581, 283, 1, '2022-07-26 11:12:42'),
(25, 614, 414, 1, '2023-05-18 16:26:13');

--
-- Indexes for dumped tables
--

--
-- Indexes for table `tadmin`
--
ALTER TABLE `tadmin`
  ADD PRIMARY KEY (`Id`);

--
-- Indexes for table `talertlog`
--
ALTER TABLE `talertlog`
  ADD PRIMARY KEY (`Id`);

--
-- Indexes for table `tassignbatch`
--
ALTER TABLE `tassignbatch`
  ADD UNIQUE KEY `UKAssignBatch` (`BatchId`,`StudentId`);

--
-- Indexes for table `tbankaccountdetail`
--
ALTER TABLE `tbankaccountdetail`
  ADD PRIMARY KEY (`Id`);

--
-- Indexes for table `tbatch`
--
ALTER TABLE `tbatch`
  ADD PRIMARY KEY (`Id`);

--
-- Indexes for table `tbloodgroupmaster`
--
ALTER TABLE `tbloodgroupmaster`
  ADD PRIMARY KEY (`Id`);

--
-- Indexes for table `tcategorymaster`
--
ALTER TABLE `tcategorymaster`
  ADD PRIMARY KEY (`Id`);

--
-- Indexes for table `tchat`
--
ALTER TABLE `tchat`
  ADD PRIMARY KEY (`Id`);

--
-- Indexes for table `tchatgroupmaster`
--
ALTER TABLE `tchatgroupmaster`
  ADD PRIMARY KEY (`Id`);

--
-- Indexes for table `tconfigurationmaster`
--
ALTER TABLE `tconfigurationmaster`
  ADD PRIMARY KEY (`Id`);

--
-- Indexes for table `tetest`
--
ALTER TABLE `tetest`
  ADD PRIMARY KEY (`Id`);

--
-- Indexes for table `tetestmaintype`
--
ALTER TABLE `tetestmaintype`
  ADD PRIMARY KEY (`Id`);

--
-- Indexes for table `tetestquestionoptions`
--
ALTER TABLE `tetestquestionoptions`
  ADD PRIMARY KEY (`Id`);

--
-- Indexes for table `tetestquestions`
--
ALTER TABLE `tetestquestions`
  ADD PRIMARY KEY (`Id`);

--
-- Indexes for table `teteststudentanswer`
--
ALTER TABLE `teteststudentanswer`
  ADD PRIMARY KEY (`Id`);

--
-- Indexes for table `tetestsubtype`
--
ALTER TABLE `tetestsubtype`
  ADD PRIMARY KEY (`Id`);

--
-- Indexes for table `teventmaster`
--
ALTER TABLE `teventmaster`
  ADD PRIMARY KEY (`Id`);

--
-- Indexes for table `tfeesetup`
--
ALTER TABLE `tfeesetup`
  ADD PRIMARY KEY (`Id`);

--
-- Indexes for table `tgatewayproduct`
--
ALTER TABLE `tgatewayproduct`
  ADD PRIMARY KEY (`Id`);

--
-- Indexes for table `tgendermaster`
--
ALTER TABLE `tgendermaster`
  ADD PRIMARY KEY (`Id`);

--
-- Indexes for table `thomework`
--
ALTER TABLE `thomework`
  ADD PRIMARY KEY (`Id`),
  ADD KEY `BatchId_idx` (`BatchId`),
  ADD KEY `TeacherId_idx` (`TeacherId`);

--
-- Indexes for table `thomeworkassign`
--
ALTER TABLE `thomeworkassign`
  ADD PRIMARY KEY (`Id`);

--
-- Indexes for table `tinstitute`
--
ALTER TABLE `tinstitute`
  ADD PRIMARY KEY (`Id`);

--
-- Indexes for table `tnoticeboard`
--
ALTER TABLE `tnoticeboard`
  ADD PRIMARY KEY (`Id`);

--
-- Indexes for table `tnotification`
--
ALTER TABLE `tnotification`
  ADD PRIMARY KEY (`Id`);

--
-- Indexes for table `tonlinelecture`
--
ALTER TABLE `tonlinelecture`
  ADD PRIMARY KEY (`Id`);

--
-- Indexes for table `tonlinelecturemeetingaccount`
--
ALTER TABLE `tonlinelecturemeetingaccount`
  ADD PRIMARY KEY (`Id`);

--
-- Indexes for table `tonlinelecturemeetingsettings`
--
ALTER TABLE `tonlinelecturemeetingsettings`
  ADD PRIMARY KEY (`Id`,`MeetingAccountId`);

--
-- Indexes for table `tparaquestions`
--
ALTER TABLE `tparaquestions`
  ADD PRIMARY KEY (`Id`),
  ADD KEY `TestId_idx` (`TestId`);

--
-- Indexes for table `tpaymenttransaction`
--
ALTER TABLE `tpaymenttransaction`
  ADD PRIMARY KEY (`Id`);

--
-- Indexes for table `tpaytypemaster`
--
ALTER TABLE `tpaytypemaster`
  ADD PRIMARY KEY (`Id`);

--
-- Indexes for table `tquestiontype`
--
ALTER TABLE `tquestiontype`
  ADD PRIMARY KEY (`Id`);

--
-- Indexes for table `tresult`
--
ALTER TABLE `tresult`
  ADD PRIMARY KEY (`Id`);

--
-- Indexes for table `troletypemaster`
--
ALTER TABLE `troletypemaster`
  ADD PRIMARY KEY (`Id`);

--
-- Indexes for table `tsignalrconnection`
--
ALTER TABLE `tsignalrconnection`
  ADD PRIMARY KEY (`Id`);

--
-- Indexes for table `tstatemaster`
--
ALTER TABLE `tstatemaster`
  ADD PRIMARY KEY (`Id`);

--
-- Indexes for table `tstatusmaster`
--
ALTER TABLE `tstatusmaster`
  ADD PRIMARY KEY (`Id`);

--
-- Indexes for table `tstatustypemaster`
--
ALTER TABLE `tstatustypemaster`
  ADD PRIMARY KEY (`Id`);

--
-- Indexes for table `tstudent`
--
ALTER TABLE `tstudent`
  ADD PRIMARY KEY (`Id`);

--
-- Indexes for table `tstudymaterialcomment`
--
ALTER TABLE `tstudymaterialcomment`
  ADD PRIMARY KEY (`Id`);

--
-- Indexes for table `tsubcategorymaster`
--
ALTER TABLE `tsubcategorymaster`
  ADD PRIMARY KEY (`Id`);

--
-- Indexes for table `tsubjectmaster`
--
ALTER TABLE `tsubjectmaster`
  ADD PRIMARY KEY (`Id`);

--
-- Indexes for table `tteacher`
--
ALTER TABLE `tteacher`
  ADD PRIMARY KEY (`Id`);

--
-- Indexes for table `tteachercontent`
--
ALTER TABLE `tteachercontent`
  ADD PRIMARY KEY (`Id`),
  ADD FULLTEXT KEY `ContentPath` (`ContentPath`);

--
-- Indexes for table `tteachercontentassign`
--
ALTER TABLE `tteachercontentassign`
  ADD PRIMARY KEY (`Id`);

--
-- Indexes for table `ttimetable`
--
ALTER TABLE `ttimetable`
  ADD PRIMARY KEY (`Id`);

--
-- Indexes for table `ttransactionstatusmaster`
--
ALTER TABLE `ttransactionstatusmaster`
  ADD PRIMARY KEY (`Id`);

--
-- Indexes for table `ttranvida_lmsctionstatusmaster`
--
ALTER TABLE `ttranvida_lmsctionstatusmaster`
  ADD PRIMARY KEY (`Id`);

--
-- Indexes for table `tuser`
--
ALTER TABLE `tuser`
  ADD PRIMARY KEY (`Id`);

--
-- Indexes for table `tuserlog`
--
ALTER TABLE `tuserlog`
  ADD PRIMARY KEY (`Id`);

--
-- AUTO_INCREMENT for dumped tables
--

--
-- AUTO_INCREMENT for table `tadmin`
--
ALTER TABLE `tadmin`
  MODIFY `Id` int(11) NOT NULL AUTO_INCREMENT;
--
-- AUTO_INCREMENT for table `talertlog`
--
ALTER TABLE `talertlog`
  MODIFY `Id` int(11) NOT NULL AUTO_INCREMENT,AUTO_INCREMENT=21;
--
-- AUTO_INCREMENT for table `tbankaccountdetail`
--
ALTER TABLE `tbankaccountdetail`
  MODIFY `Id` int(11) NOT NULL AUTO_INCREMENT,AUTO_INCREMENT=40;
--
-- AUTO_INCREMENT for table `tbatch`
--
ALTER TABLE `tbatch`
  MODIFY `Id` int(11) NOT NULL AUTO_INCREMENT,AUTO_INCREMENT=227;
--
-- AUTO_INCREMENT for table `tbloodgroupmaster`
--
ALTER TABLE `tbloodgroupmaster`
  MODIFY `Id` int(11) NOT NULL AUTO_INCREMENT,AUTO_INCREMENT=9;
--
-- AUTO_INCREMENT for table `tcategorymaster`
--
ALTER TABLE `tcategorymaster`
  MODIFY `Id` int(11) NOT NULL AUTO_INCREMENT,AUTO_INCREMENT=6;
--
-- AUTO_INCREMENT for table `tchat`
--
ALTER TABLE `tchat`
  MODIFY `Id` bigint(20) NOT NULL AUTO_INCREMENT,AUTO_INCREMENT=10;
--
-- AUTO_INCREMENT for table `tchatgroupmaster`
--
ALTER TABLE `tchatgroupmaster`
  MODIFY `Id` int(11) NOT NULL AUTO_INCREMENT,AUTO_INCREMENT=3;
--
-- AUTO_INCREMENT for table `tconfigurationmaster`
--
ALTER TABLE `tconfigurationmaster`
  MODIFY `Id` int(11) NOT NULL AUTO_INCREMENT,AUTO_INCREMENT=14;
--
-- AUTO_INCREMENT for table `tetest`
--
ALTER TABLE `tetest`
  MODIFY `Id` int(11) NOT NULL AUTO_INCREMENT,AUTO_INCREMENT=1187;
--
-- AUTO_INCREMENT for table `tetestmaintype`
--
ALTER TABLE `tetestmaintype`
  MODIFY `Id` int(11) NOT NULL AUTO_INCREMENT,AUTO_INCREMENT=4;
--
-- AUTO_INCREMENT for table `tetestquestionoptions`
--
ALTER TABLE `tetestquestionoptions`
  MODIFY `Id` int(11) NOT NULL AUTO_INCREMENT,AUTO_INCREMENT=2695;
--
-- AUTO_INCREMENT for table `tetestquestions`
--
ALTER TABLE `tetestquestions`
  MODIFY `Id` int(11) NOT NULL AUTO_INCREMENT,AUTO_INCREMENT=1325;
--
-- AUTO_INCREMENT for table `teteststudentanswer`
--
ALTER TABLE `teteststudentanswer`
  MODIFY `Id` int(11) NOT NULL AUTO_INCREMENT,AUTO_INCREMENT=207;
--
-- AUTO_INCREMENT for table `teventmaster`
--
ALTER TABLE `teventmaster`
  MODIFY `Id` int(11) NOT NULL AUTO_INCREMENT,AUTO_INCREMENT=52;
--
-- AUTO_INCREMENT for table `tfeesetup`
--
ALTER TABLE `tfeesetup`
  MODIFY `Id` int(11) NOT NULL AUTO_INCREMENT,AUTO_INCREMENT=66868;
--
-- AUTO_INCREMENT for table `tgatewayproduct`
--
ALTER TABLE `tgatewayproduct`
  MODIFY `Id` int(11) NOT NULL AUTO_INCREMENT,AUTO_INCREMENT=2;
--
-- AUTO_INCREMENT for table `tgendermaster`
--
ALTER TABLE `tgendermaster`
  MODIFY `Id` int(11) NOT NULL AUTO_INCREMENT,AUTO_INCREMENT=4;
--
-- AUTO_INCREMENT for table `thomework`
--
ALTER TABLE `thomework`
  MODIFY `Id` int(11) NOT NULL AUTO_INCREMENT,AUTO_INCREMENT=185;
--
-- AUTO_INCREMENT for table `thomeworkassign`
--
ALTER TABLE `thomeworkassign`
  MODIFY `Id` int(11) NOT NULL AUTO_INCREMENT,AUTO_INCREMENT=580;
--
-- AUTO_INCREMENT for table `tinstitute`
--
ALTER TABLE `tinstitute`
  MODIFY `Id` int(11) NOT NULL AUTO_INCREMENT,AUTO_INCREMENT=135;
--
-- AUTO_INCREMENT for table `tnoticeboard`
--
ALTER TABLE `tnoticeboard`
  MODIFY `Id` int(11) NOT NULL AUTO_INCREMENT,AUTO_INCREMENT=196;
--
-- AUTO_INCREMENT for table `tnotification`
--
ALTER TABLE `tnotification`
  MODIFY `Id` int(11) NOT NULL AUTO_INCREMENT,AUTO_INCREMENT=101;
--
-- AUTO_INCREMENT for table `tonlinelecture`
--
ALTER TABLE `tonlinelecture`
  MODIFY `Id` int(11) NOT NULL AUTO_INCREMENT,AUTO_INCREMENT=72;
--
-- AUTO_INCREMENT for table `tonlinelecturemeetingaccount`
--
ALTER TABLE `tonlinelecturemeetingaccount`
  MODIFY `Id` int(11) NOT NULL AUTO_INCREMENT,AUTO_INCREMENT=12;
--
-- AUTO_INCREMENT for table `tonlinelecturemeetingsettings`
--
ALTER TABLE `tonlinelecturemeetingsettings`
  MODIFY `Id` int(11) NOT NULL AUTO_INCREMENT,AUTO_INCREMENT=8;
--
-- AUTO_INCREMENT for table `tparaquestions`
--
ALTER TABLE `tparaquestions`
  MODIFY `Id` int(11) NOT NULL AUTO_INCREMENT,AUTO_INCREMENT=75;
--
-- AUTO_INCREMENT for table `tpaymenttransaction`
--
ALTER TABLE `tpaymenttransaction`
  MODIFY `Id` int(11) NOT NULL AUTO_INCREMENT,AUTO_INCREMENT=114;
--
-- AUTO_INCREMENT for table `tquestiontype`
--
ALTER TABLE `tquestiontype`
  MODIFY `Id` int(11) NOT NULL AUTO_INCREMENT,AUTO_INCREMENT=4;
--
-- AUTO_INCREMENT for table `tresult`
--
ALTER TABLE `tresult`
  MODIFY `Id` int(11) NOT NULL AUTO_INCREMENT,AUTO_INCREMENT=95;
--
-- AUTO_INCREMENT for table `troletypemaster`
--
ALTER TABLE `troletypemaster`
  MODIFY `Id` int(11) NOT NULL AUTO_INCREMENT,AUTO_INCREMENT=5;
--
-- AUTO_INCREMENT for table `tsignalrconnection`
--
ALTER TABLE `tsignalrconnection`
  MODIFY `Id` int(11) NOT NULL AUTO_INCREMENT,AUTO_INCREMENT=22;
--
-- AUTO_INCREMENT for table `tstatemaster`
--
ALTER TABLE `tstatemaster`
  MODIFY `Id` int(11) NOT NULL AUTO_INCREMENT,AUTO_INCREMENT=2;
--
-- AUTO_INCREMENT for table `tstudent`
--
ALTER TABLE `tstudent`
  MODIFY `Id` int(11) NOT NULL AUTO_INCREMENT,AUTO_INCREMENT=422;
--
-- AUTO_INCREMENT for table `tstudymaterialcomment`
--
ALTER TABLE `tstudymaterialcomment`
  MODIFY `Id` int(11) NOT NULL AUTO_INCREMENT,AUTO_INCREMENT=195;
--
-- AUTO_INCREMENT for table `tsubcategorymaster`
--
ALTER TABLE `tsubcategorymaster`
  MODIFY `Id` int(11) NOT NULL AUTO_INCREMENT,AUTO_INCREMENT=49;
--
-- AUTO_INCREMENT for table `tsubjectmaster`
--
ALTER TABLE `tsubjectmaster`
  MODIFY `Id` int(11) NOT NULL AUTO_INCREMENT,AUTO_INCREMENT=3;
--
-- AUTO_INCREMENT for table `tteacher`
--
ALTER TABLE `tteacher`
  MODIFY `Id` int(11) NOT NULL AUTO_INCREMENT,AUTO_INCREMENT=172;
--
-- AUTO_INCREMENT for table `tteachercontent`
--
ALTER TABLE `tteachercontent`
  MODIFY `Id` int(11) NOT NULL AUTO_INCREMENT,AUTO_INCREMENT=556;
--
-- AUTO_INCREMENT for table `tteachercontentassign`
--
ALTER TABLE `tteachercontentassign`
  MODIFY `Id` int(11) NOT NULL AUTO_INCREMENT,AUTO_INCREMENT=616;
--
-- AUTO_INCREMENT for table `ttimetable`
--
ALTER TABLE `ttimetable`
  MODIFY `Id` int(11) NOT NULL AUTO_INCREMENT,AUTO_INCREMENT=601;
--
-- AUTO_INCREMENT for table `ttransactionstatusmaster`
--
ALTER TABLE `ttransactionstatusmaster`
  MODIFY `Id` int(11) NOT NULL AUTO_INCREMENT,AUTO_INCREMENT=7;
--
-- AUTO_INCREMENT for table `ttranvida_lmsctionstatusmaster`
--
ALTER TABLE `ttranvida_lmsctionstatusmaster`
  MODIFY `Id` int(11) NOT NULL AUTO_INCREMENT,AUTO_INCREMENT=7;
--
-- AUTO_INCREMENT for table `tuser`
--
ALTER TABLE `tuser`
  MODIFY `Id` int(11) NOT NULL AUTO_INCREMENT,AUTO_INCREMENT=464;
--
-- AUTO_INCREMENT for table `tuserlog`
--
ALTER TABLE `tuserlog`
  MODIFY `Id` int(11) NOT NULL AUTO_INCREMENT,AUTO_INCREMENT=1757;
--
-- Constraints for dumped tables
--

--
-- Constraints for table `thomework`
--
ALTER TABLE `thomework`
  ADD CONSTRAINT `BatchId` FOREIGN KEY (`BatchId`) REFERENCES `tbatch` (`Id`),
  ADD CONSTRAINT `TeacherId` FOREIGN KEY (`TeacherId`) REFERENCES `tteacher` (`Id`);

--
-- Constraints for table `tparaquestions`
--
ALTER TABLE `tparaquestions`
  ADD CONSTRAINT `TestId` FOREIGN KEY (`TestId`) REFERENCES `tetest` (`Id`);

