INSERT INTO `mantis_filters_table` (`id`, `user_id`, `project_id`, `is_public`, `name`, `filter_string`) VALUES
(189, 63, -16, 0, '', 'v9#{"_version":"v9","_view_type":"simple","category_id":["0"],"severity":[0],"status":[50],"per_page":50,"highlight_changed":6,"reporter_id":[0],"handler_id":[0],"project_id":[-3],"sort":"last_updated,status,reporter_id","dir":"ASC,ASC,DESC","filter_by_date":false,"start_month":5,"start_day":1,"start_year":2023,"end_month":5,"end_day":15,"end_year":2023,"filter_by_last_updated_date":false,"last_updated_start_month":5,"last_updated_start_day":1,"last_updated_start_year":2023,"last_updated_end_month":5,"last_updated_end_day":15,"last_updated_end_year":2023,"search":"","hide_status":[90],"resolution":[0],"build":["0"],"version":["0"],"fixed_in_version":["0"],"target_version":["0"],"priority":[0],"monitor_user_id":[0],"view_state":0,"custom_fields":{"4":["0"],"3":["0"],"6":["0"],"8":["0"],"9":["0"],"12":["0"],"10":["0"],"11":["0"],"13":["0","0","0"],"17":["0"],"16":["0"],"18":["0"],"19":["0"],"20":["0"],"21":["0"],"22":["0"],"23":["0"],"24":["0"],"25":["0"],"26":["0"]},"sticky":true,"relationship_type":-1,"relationship_bug":0,"profile_id":[0],"platform":["0"],"os":["0"],"os_build":["0"],"tag_string":"","tag_select":0,"note_user_id":[0],"match_type":0}'),
(191, 117, -14, 0, '', 'v9#{"_version":"v9","_view_type":"simple","category_id":["0"],"severity":[0],"status":[0],"per_page":50,"highlight_changed":6,"reporter_id":[0],"handler_id":[0],"project_id":[-3],"sort":"last_updated","dir":"DESC","filter_by_date":false,"start_month":8,"start_day":1,"start_year":2021,"end_month":8,"end_day":27,"end_year":2021,"filter_by_last_updated_date":false,"last_updated_start_month":8,"last_updated_start_day":1,"last_updated_start_year":2021,"last_updated_end_month":8,"last_updated_end_day":27,"last_updated_end_year":2021,"search":"","hide_status":[80],"resolution":[0],"build":["0"],"version":["0"],"fixed_in_version":["0"],"target_version":["0"],"priority":[0],"monitor_user_id":[0],"view_state":0,"custom_fields":{"4":["0"],"3":["0"],"6":["0"],"8":["0"],"9":["0"],"12":["0"],"10":["0"],"11":["0"],"13":["0"],"17":["0"],"16":["0"],"18":["0"],"19":["0"],"20":["0"],"21":["0"],"22":["0"],"23":["0"],"24":["0"]},"sticky":true,"relationship_type":-1,"relationship_bug":0,"profile_id":[0],"platform":["0"],"os":["0"],"os_build":["0"],"tag_string":"","tag_select":0,"note_user_id":[0],"match_type":0}'),
(190, 49, -15, 0, '', 'v9#{"_version":"v9","_view_type":"advanced","category_id":["0"],"severity":[0],"status":[90],"per_page":50,"highlight_changed":6,"reporter_id":[0],"handler_id":[0],"project_id":[-3],"sort":"last_updated","dir":"DESC","filter_by_date":false,"start_month":3,"start_day":1,"start_year":2023,"end_month":3,"end_day":15,"end_year":2023,"filter_by_last_updated_date":false,"last_updated_start_month":3,"last_updated_start_day":1,"last_updated_start_year":2023,"last_updated_end_month":3,"last_updated_end_day":15,"last_updated_end_year":2023,"search":"","hide_status":[-2],"resolution":[0],"build":["0"],"version":["0"],"fixed_in_version":["0"],"target_version":["0"],"priority":[0],"monitor_user_id":[0],"view_state":0,"custom_fields":{"4":["0"],"3":["0"],"6":["0"],"8":["0"],"9":["0"],"12":["0"],"10":["0"],"11":["0"],"13":["0","0","0"],"17":["0","0","0"],"16":["0"],"18":["0"],"19":["0"],"20":["0"],"21":["0"],"22":["0"],"23":["0"],"24":["0"],"25":["0"],"26":["0"]},"sticky":true,"relationship_type":-1,"relationship_bug":0,"profile_id":[0],"platform":["0"],"os":["0"],"os_build":["0"],"tag_string":"","tag_select":0,"note_user_id":[0],"match_type":0}'),
(192, 144, -10, 0, '', 'v9#{"_version":"v9","_view_type":"simple","category_id":["0"],"severity":[0],"status":[0],"per_page":50,"highlight_changed":6,"reporter_id":[0],"handler_id":[0],"project_id":[-3],"sort":"last_updated","dir":"DESC","filter_by_date":false,"start_month":11,"start_day":1,"start_year":2022,"end_month":11,"end_day":25,"end_year":2022,"filter_by_last_updated_date":false,"last_updated_start_month":11,"last_updated_start_day":1,"last_updated_start_year":2022,"last_updated_end_month":11,"last_updated_end_day":25,"last_updated_end_year":2022,"search":"","hide_status":[-2],"resolution":[0],"build":["0"],"version":["0"],"fixed_in_version":["0"],"target_version":["0"],"priority":[0],"monitor_user_id":[0],"view_state":0,"custom_fields":{"4":["0"],"3":["0"],"6":["0"],"8":["0"],"9":["0"],"12":["0"],"10":["0"],"11":["0"],"13":["0"],"17":["0"],"16":["0"],"18":["0"],"19":["0"],"20":["0"],"21":["0"],"22":["0"],"23":["0"],"24":["0"],"25":["0"]},"sticky":true,"relationship_type":-1,"relationship_bug":0,"profile_id":[0],"platform":["0"],"os":["0"],"os_build":["0"],"tag_string":"","tag_select":0,"note_user_id":[0],"match_type":0}'),
(193, 108, -15, 0, '', 'v9#{"_version":"v9","_view_type":"simple","category_id":["0"],"severity":[0],"status":[0],"per_page":50,"highlight_changed":6,"reporter_id":[0],"handler_id":[108],"project_id":[-3],"sort":"last_updated","dir":"DESC","filter_by_date":false,"start_month":7,"start_day":1,"start_year":2021,"end_month":7,"end_day":21,"end_year":2021,"filter_by_last_updated_date":false,"last_updated_start_month":7,"last_updated_start_day":1,"last_updated_start_year":2021,"last_updated_end_month":7,"last_updated_end_day":21,"last_updated_end_year":2021,"search":"","hide_status":[90],"resolution":[0],"build":["0"],"version":["0"],"fixed_in_version":["0"],"target_version":["0"],"priority":[0],"monitor_user_id":[0],"view_state":0,"custom_fields":{"4":["0"],"3":["0"],"6":["0"],"8":["0"],"9":["0"],"12":["0"],"10":["0"],"11":["0"],"13":["0","0","0"],"17":["0","0","0"],"16":["0"],"18":["0"],"19":["0"],"20":["0"],"21":["0"],"22":["0"],"23":["0"],"24":["0"]},"sticky":true,"relationship_type":-1,"relationship_bug":0,"profile_id":[0],"platform":["0"],"os":["0"],"os_build":["0"],"tag_string":"","tag_select":0,"note_user_id":[0],"match_type":0,"_source_query_id":193}'),
(234, 154, -5, 0, '', 'v9#{"_version":"v9","_view_type":"simple","category_id":["0"],"severity":[0],"status":[80],"per_page":50,"highlight_changed":6,"reporter_id":[0],"handler_id":[0],"project_id":[-3],"sort":"id,summary,last_updated","dir":"ASC,ASC,DESC","filter_by_date":false,"start_month":6,"start_day":1,"start_year":2023,"end_month":6,"end_day":6,"end_year":2023,"filter_by_last_updated_date":false,"last_updated_start_month":6,"last_updated_start_day":1,"last_updated_start_year":2023,"last_updated_end_month":6,"last_updated_end_day":6,"last_updated_end_year":2023,"search":"","hide_status":[-2],"resolution":[0],"build":["0"],"version":["0"],"fixed_in_version":["0"],"target_version":["0"],"priority":[0],"monitor_user_id":[0],"view_state":0,"custom_fields":{"4":["0"],"3":["0"],"6":["0"],"8":["0"],"9":["0"],"12":["0"],"10":["0"],"11":["0"],"13":["0","1","1"],"17":["0","1","1"],"16":["0"],"18":["0"],"19":["0"],"20":["0"],"21":["0"],"22":["0"],"23":["0"],"24":["0"],"25":["0"],"26":["0"]},"sticky":true,"relationship_type":-1,"relationship_bug":0,"profile_id":[0],"platform":["0"],"os":["0"],"os_build":["0"],"tag_string":"","tag_select":0,"note_user_id":[0],"match_type":0}'),
(194, 141, -15, 0, '', 'v9#{"_version":"v9","_view_type":"advanced","category_id":["0"],"severity":[0],"status":[50],"per_page":50,"highlight_changed":6,"reporter_id":[0],"handler_id":[141],"project_id":[-3],"sort":"last_updated,status","dir":"DESC,ASC","filter_by_date":false,"start_month":2,"start_day":1,"start_year":2023,"end_month":2,"end_day":2,"end_year":2023,"filter_by_last_updated_date":false,"last_updated_start_month":2,"last_updated_start_day":1,"last_updated_start_year":2023,"last_updated_end_month":2,"last_updated_end_day":2,"last_updated_end_year":2023,"search":"","hide_status":[-2],"resolution":[0],"build":["0"],"version":["0"],"fixed_in_version":["0"],"target_version":["0"],"priority":[0],"monitor_user_id":[0],"view_state":0,"custom_fields":{"4":["0"],"3":["0"],"6":["0"],"8":["0"],"9":["0"],"12":["0"],"10":["0"],"11":["0"],"13":["0","0","0"],"17":["0","0","0"],"16":["0"],"18":["0"],"19":["0"],"20":["0"],"21":["0"],"22":["0"],"23":["0"],"24":["0"],"25":["0"],"26":["0"]},"sticky":true,"relationship_type":-1,"relationship_bug":0,"profile_id":[0],"platform":["0"],"os":["0"],"os_build":["0"],"tag_string":"","tag_select":0,"note_user_id":[0],"match_type":0,"_source_query_id":194}'),
(195, 141, 0, 0, '', 'v9#{"_version":"v9","_view_type":"simple","category_id":["0"],"severity":[0],"status":[50],"per_page":50,"highlight_changed":6,"reporter_id":[0],"handler_id":[141],"project_id":[-3],"sort":"custom_Time Line,last_updated,status","dir":"DESC,DESC,ASC","filter_by_date":false,"start_month":10,"start_day":1,"start_year":2022,"end_month":10,"end_day":11,"end_year":2022,"filter_by_last_updated_date":false,"last_updated_start_month":10,"last_updated_start_day":1,"last_updated_start_year":2022,"last_updated_end_month":10,"last_updated_end_day":11,"last_updated_end_year":2022,"search":"","hide_status":[-2],"resolution":[0],"build":["0"],"version":["0"],"fixed_in_version":["0"],"target_version":["0"],"priority":[0],"monitor_user_id":[0],"view_state":0,"custom_fields":{"4":["0"],"3":["0"],"6":["0"],"8":["0"],"9":["0"],"12":["0"],"10":["0"],"11":["0"],"13":["0","1","1"],"17":["0","0","0"],"16":["0"],"18":["0"],"19":["0"],"20":["0"],"21":["0"],"22":["0"],"23":["0"],"24":["0"],"25":["0"]},"sticky":true,"relationship_type":-1,"relationship_bug":0,"profile_id":[0],"platform":["0"],"os":["0"],"os_build":["0"],"tag_string":"","tag_select":0,"note_user_id":[0],"match_type":0,"_source_query_id":195}'),
(196, 133, -14, 0, '', 'v9#{"_version":"v9","_view_type":"advanced","category_id":["0"],"severity":[0],"status":[0],"per_page":50,"highlight_changed":6,"reporter_id":[0],"handler_id":[0],"project_id":[-3],"sort":"last_updated","dir":"DESC","filter_by_date":false,"start_month":8,"start_day":1,"start_year":2021,"end_month":8,"end_day":17,"end_year":2021,"filter_by_last_updated_date":false,"last_updated_start_month":8,"last_updated_start_day":1,"last_updated_start_year":2021,"last_updated_end_month":8,"last_updated_end_day":17,"last_updated_end_year":2021,"search":"","hide_status":[-2],"resolution":[0],"build":["0"],"version":["0"],"fixed_in_version":["0"],"target_version":["0"],"priority":[0],"monitor_user_id":[0],"view_state":0,"custom_fields":{"4":["0"],"3":["0"],"6":["0"],"8":["0"],"9":["0"],"12":["0"],"10":["0"],"11":["0"],"13":["0"],"17":["0"],"16":["0"],"18":["0"],"19":["0"],"20":["0"],"21":["0"],"22":["0"],"23":["0"],"24":["0"]},"sticky":true,"relationship_type":-1,"relationship_bug":0,"profile_id":[0],"platform":["0"],"os":["0"],"os_build":["0"],"tag_string":"","tag_select":0,"note_user_id":[0],"match_type":0,"_source_query_id":196}'),
(202, 49, -16, 0, '', 'v9#{"_version":"v9","_view_type":"simple","category_id":["0"],"severity":[0],"status":[0],"highlight_changed":6,"reporter_id":[0],"handler_id":[0],"project_id":[-3],"resolution":[0],"build":["0"],"version":["0"],"hide_status":[90],"monitor_user_id":[0],"sort":"last_updated","dir":"DESC","per_page":50,"match_type":0,"platform":["0"],"os":["0"],"os_build":["0"],"fixed_in_version":["0"],"target_version":["0"],"profile_id":[0],"priority":[0],"note_user_id":[0],"sticky":true,"filter_by_date":false,"start_month":"02","end_month":"02","start_day":1,"end_day":"01","start_year":"2023","end_year":"2023","filter_by_last_updated_date":false,"last_updated_start_month":"02","last_updated_end_month":"02","last_updated_start_day":1,"last_updated_end_day":"01","last_updated_start_year":"2023","last_updated_end_year":"2023","search":"","view_state":0,"tag_string":"","tag_select":0,"relationship_type":-1,"relationship_bug":0,"custom_fields":{"4":["0"],"3":["0"],"6":["0"],"8":["0"],"9":["0"],"12":["0"],"10":["0"],"11":["0"],"13":["0"],"17":["0"],"16":["0"],"18":["0"],"19":["0"],"20":["0"],"21":["0"],"22":["0"],"23":["0"],"24":["0"],"25":["0"],"26":["0"]},"_source_query_id":202}'),
(214, 109, -11, 0, '', 'v9#{"_version":"v9","_view_type":"simple","category_id":["0"],"severity":[0],"status":[0],"per_page":50,"highlight_changed":6,"reporter_id":[0],"handler_id":[172],"project_id":[-3],"sort":"priority,last_updated","dir":"ASC,DESC","filter_by_date":false,"start_month":1,"start_day":1,"start_year":2023,"end_month":1,"end_day":11,"end_year":2023,"filter_by_last_updated_date":false,"last_updated_start_month":1,"last_updated_start_day":1,"last_updated_start_year":2023,"last_updated_end_month":1,"last_updated_end_day":11,"last_updated_end_year":2023,"search":"","hide_status":[-2],"resolution":[0],"build":["0"],"version":["0"],"fixed_in_version":["0"],"target_version":["0"],"priority":[0],"monitor_user_id":[0],"view_state":0,"custom_fields":{"4":["0"],"3":["0"],"6":["0"],"8":["0"],"9":["0"],"12":["0"],"10":["0"],"11":["0"],"13":["0","0","0"],"17":["0"],"16":["0"],"18":["0"],"19":["0"],"20":["0"],"21":["0"],"22":["0"],"23":["0"],"24":["0"],"25":["0"]},"sticky":true,"relationship_type":-1,"relationship_bug":0,"profile_id":[0],"platform":["0"],"os":["0"],"os_build":["0"],"tag_string":"","tag_select":0,"note_user_id":[0],"match_type":0}'),
(198, 49, -13, 0, '', 'v9#{"_version":"v9","_view_type":"advanced","category_id":["0"],"severity":[0],"status":[0],"per_page":50,"highlight_changed":6,"reporter_id":[0],"handler_id":[0],"project_id":[-3],"sort":"last_updated","dir":"DESC","filter_by_date":false,"start_month":7,"start_day":1,"start_year":2021,"end_month":7,"end_day":27,"end_year":2021,"filter_by_last_updated_date":false,"last_updated_start_month":7,"last_updated_start_day":1,"last_updated_start_year":2021,"last_updated_end_month":7,"last_updated_end_day":27,"last_updated_end_year":2021,"search":"","hide_status":[-2],"resolution":[0],"build":["0"],"version":["0"],"fixed_in_version":["0"],"target_version":["0"],"priority":[0],"monitor_user_id":[0],"view_state":0,"custom_fields":{"4":["0"],"3":["0"],"6":["0"],"8":["0"],"9":["0"],"12":["0"],"10":["0"],"11":["0"],"13":["0"],"17":["0"],"16":["0"],"18":["0"],"19":["0"],"20":["0"],"21":["0"],"22":["0"],"23":["0"]},"sticky":true,"relationship_type":-1,"relationship_bug":0,"profile_id":[0],"platform":["0"],"os":["0"],"os_build":["0"],"tag_string":"","tag_select":0,"note_user_id":[0],"match_type":0,"_source_query_id":198}'),
(199, 49, -14, 0, '', 'v9#{"_version":"v9","_view_type":"advanced","category_id":["0"],"severity":[0],"status":[0],"per_page":50,"highlight_changed":6,"reporter_id":[0],"handler_id":[0],"project_id":[-3],"sort":"last_updated","dir":"DESC","filter_by_date":false,"start_month":2,"start_day":1,"start_year":2023,"end_month":2,"end_day":23,"end_year":2023,"filter_by_last_updated_date":true,"last_updated_start_month":2,"last_updated_start_day":17,"last_updated_start_year":2023,"last_updated_end_month":2,"last_updated_end_day":23,"last_updated_end_year":2023,"search":"","hide_status":[-2],"resolution":[0],"build":["0"],"version":["0"],"fixed_in_version":["0"],"target_version":["0"],"priority":[0],"monitor_user_id":[0],"view_state":0,"custom_fields":{"4":["0"],"3":["0"],"6":["0"],"8":["0"],"9":["0"],"12":["0"],"10":["0"],"11":["0"],"13":["0"],"17":["0"],"16":["0"],"18":["0"],"19":["0"],"20":["0"],"21":["0"],"22":["0"],"23":["0"],"24":["0"],"25":["0"]},"sticky":true,"relationship_type":-1,"relationship_bug":0,"profile_id":[0],"platform":["0"],"os":["0"],"os_build":["0"],"tag_string":"","tag_select":0,"note_user_id":[0],"match_type":0}'),
(200, 1, -13, 0, '', 'v9#{"_version":"v9","_view_type":"advanced","category_id":["0"],"severity":[0],"status":[0],"per_page":50,"highlight_changed":6,"reporter_id":[0],"handler_id":[0],"project_id":[-3],"sort":"last_updated","dir":"DESC","filter_by_date":false,"start_month":7,"start_day":1,"start_year":2021,"end_month":7,"end_day":27,"end_year":2021,"filter_by_last_updated_date":false,"last_updated_start_month":7,"last_updated_start_day":1,"last_updated_start_year":2021,"last_updated_end_month":7,"last_updated_end_day":27,"last_updated_end_year":2021,"search":"","hide_status":[-2],"resolution":[0],"build":["0"],"version":["0"],"fixed_in_version":["0"],"target_version":["0"],"priority":[0],"monitor_user_id":[0],"view_state":0,"custom_fields":{"4":["0"],"3":["0"],"6":["0"],"8":["0"],"9":["0"],"12":["0"],"10":["0"],"11":["0"],"13":["0"],"17":["0"],"16":["0"],"18":["0"],"19":["0"],"20":["0"],"21":["0"],"22":["0"],"23":["0"]},"sticky":true,"relationship_type":-1,"relationship_bug":0,"profile_id":[0],"platform":["0"],"os":["0"],"os_build":["0"],"tag_string":"","tag_select":0,"note_user_id":[0],"match_type":0}'),
(201, 140, -5, 0, '', 'v9#{"_version":"v9","_view_type":"simple","category_id":["0"],"severity":[0],"status":[0],"highlight_changed":6,"reporter_id":[0],"handler_id":[0],"project_id":[-3],"resolution":[0],"build":["0"],"version":["0"],"hide_status":[90],"monitor_user_id":[0],"sort":"last_updated","dir":"DESC","per_page":50,"match_type":0,"platform":["0"],"os":["0"],"os_build":["0"],"fixed_in_version":["0"],"target_version":["0"],"profile_id":[0],"priority":[0],"note_user_id":[0],"sticky":true,"filter_by_date":false,"start_month":"07","end_month":"07","start_day":1,"end_day":"28","start_year":"2021","end_year":"2021","filter_by_last_updated_date":false,"last_updated_start_month":"07","last_updated_end_month":"07","last_updated_start_day":1,"last_updated_end_day":"28","last_updated_start_year":"2021","last_updated_end_year":"2021","search":"","view_state":0,"tag_string":"","tag_select":0,"relationship_type":-1,"relationship_bug":0,"custom_fields":{"4":["0"],"3":["0"],"6":["0"],"8":["0"],"9":["0"],"12":["0"],"10":["0"],"11":["0"],"13":["0"],"17":["0"],"16":["0"],"18":["0"],"19":["0"],"20":["0"],"21":["0"],"22":["0"],"23":["0"]}}'),
(203, 146, -16, 0, '', 'v9#{"_version":"v9","_view_type":"simple","category_id":["0"],"severity":[0],"status":[0],"per_page":50,"highlight_changed":6,"reporter_id":[0],"handler_id":[0],"project_id":[-3],"sort":"last_updated","dir":"DESC","filter_by_date":false,"start_month":5,"start_day":1,"start_year":2023,"end_month":5,"end_day":19,"end_year":2023,"filter_by_last_updated_date":false,"last_updated_start_month":5,"last_updated_start_day":1,"last_updated_start_year":2023,"last_updated_end_month":5,"last_updated_end_day":19,"last_updated_end_year":2023,"search":"","hide_status":[50],"resolution":[0],"build":["0"],"version":["0"],"fixed_in_version":["0"],"target_version":["0"],"priority":[0],"monitor_user_id":[0],"view_state":0,"custom_fields":{"4":["0"],"3":["0"],"6":["0"],"8":["0"],"9":["0"],"12":["0"],"10":["0"],"11":["0"],"13":["0","0","0"],"17":["0"],"16":["0"],"18":["0"],"19":["0"],"20":["0"],"21":["0"],"22":["0"],"23":["0"],"24":["0"],"25":["0"],"26":["0"]},"sticky":true,"relationship_type":-1,"relationship_bug":0,"profile_id":[0],"platform":["0"],"os":["0"],"os_build":["0"],"tag_string":"","tag_select":0,"note_user_id":[0],"match_type":0}'),
(204, 148, -16, 0, '', 'v9#{"_version":"v9","_view_type":"advanced","category_id":["0"],"severity":[0],"status":[80],"per_page":50,"highlight_changed":6,"reporter_id":[0],"handler_id":[0],"project_id":[-3],"sort":"last_updated","dir":"DESC","filter_by_date":false,"start_month":5,"start_day":1,"start_year":2023,"end_month":5,"end_day":24,"end_year":2023,"filter_by_last_updated_date":false,"last_updated_start_month":5,"last_updated_start_day":1,"last_updated_start_year":2023,"last_updated_end_month":5,"last_updated_end_day":24,"last_updated_end_year":2023,"search":"","hide_status":[-2],"resolution":[0],"build":["0"],"version":["0"],"fixed_in_version":["0"],"target_version":["0"],"priority":[0],"monitor_user_id":[0],"view_state":0,"custom_fields":{"4":["0"],"3":["0"],"6":["0"],"8":["0"],"9":["0"],"12":["0"],"10":["0"],"11":["0"],"13":["0","0","0"],"17":["0"],"16":["0"],"18":["0"],"19":["0"],"20":["0"],"21":["0"],"22":["0"],"23":["0"],"24":["0"],"25":["0"],"26":["0"]},"sticky":true,"relationship_type":-1,"relationship_bug":0,"profile_id":[0],"platform":["0"],"os":["0"],"os_build":["0"],"tag_string":"","tag_select":0,"note_user_id":[0],"match_type":0}'),
(211, 147, -16, 0, '', 'v9#{"_version":"v9","_view_type":"simple","category_id":["0"],"severity":[0],"status":[80],"per_page":50,"highlight_changed":6,"reporter_id":[0],"handler_id":[0],"project_id":[-3],"sort":"last_updated","dir":"DESC","filter_by_date":false,"start_month":9,"start_day":1,"start_year":2021,"end_month":9,"end_day":4,"end_year":2021,"filter_by_last_updated_date":false,"last_updated_start_month":9,"last_updated_start_day":1,"last_updated_start_year":2021,"last_updated_end_month":9,"last_updated_end_day":4,"last_updated_end_year":2021,"search":"","hide_status":[-2],"resolution":[0],"build":["0"],"version":["0"],"fixed_in_version":["0"],"target_version":["0"],"priority":[0],"monitor_user_id":[0],"view_state":0,"custom_fields":{"4":["0"],"3":["0"],"6":["0"],"8":["0"],"9":["0"],"12":["0"],"10":["0"],"11":["0"],"13":["0","0","0"],"17":["0"],"16":["0"],"18":["0"],"19":["0"],"20":["0"],"21":["0"],"22":["0"],"23":["0"],"24":["0"]},"sticky":true,"relationship_type":-1,"relationship_bug":0,"profile_id":[0],"platform":["0"],"os":["0"],"os_build":["0"],"tag_string":"","tag_select":0,"note_user_id":[0],"match_type":0}'),
(205, 80, -16, 0, '', 'v9#{"_version":"v9","_view_type":"simple","category_id":["0"],"severity":[0],"status":[50],"per_page":50,"highlight_changed":6,"reporter_id":[0],"handler_id":[0],"project_id":[-3],"sort":"last_updated","dir":"DESC","filter_by_date":false,"start_month":12,"start_day":1,"start_year":2021,"end_month":12,"end_day":29,"end_year":2021,"filter_by_last_updated_date":false,"last_updated_start_month":12,"last_updated_start_day":1,"last_updated_start_year":2021,"last_updated_end_month":12,"last_updated_end_day":29,"last_updated_end_year":2021,"search":"","hide_status":[-2],"resolution":[0],"build":["0"],"version":["0"],"fixed_in_version":["0"],"target_version":["0"],"priority":[0],"monitor_user_id":[0],"view_state":0,"custom_fields":{"4":["0"],"3":["0"],"6":["0"],"8":["0"],"9":["0"],"12":["0"],"10":["0"],"11":["0"],"13":["0","0","0"],"17":["0"],"16":["0"],"18":["0"],"19":["0"],"20":["0"],"21":["0"],"22":["0"],"23":["0"],"24":["0"]},"sticky":true,"relationship_type":-1,"relationship_bug":0,"profile_id":[0],"platform":["0"],"os":["0"],"os_build":["0"],"tag_string":"","tag_select":0,"note_user_id":[0],"match_type":0}'),
(206, 145, -10, 0, '', 'v9#{"_version":"v9","_view_type":"simple","category_id":["0"],"severity":[0],"status":[0],"per_page":50,"highlight_changed":6,"reporter_id":[0],"handler_id":[0],"project_id":[-3],"sort":"last_updated","dir":"DESC","filter_by_date":false,"start_month":3,"start_day":1,"start_year":2022,"end_month":3,"end_day":7,"end_year":2022,"filter_by_last_updated_date":false,"last_updated_start_month":3,"last_updated_start_day":1,"last_updated_start_year":2022,"last_updated_end_month":3,"last_updated_end_day":7,"last_updated_end_year":2022,"search":"0015932","hide_status":[90],"resolution":[0],"build":["0"],"version":["0"],"fixed_in_version":["0"],"target_version":["0"],"priority":[0],"monitor_user_id":[0],"view_state":0,"custom_fields":{"4":["0"],"3":["0"],"6":["0"],"8":["0"],"9":["0"],"12":["0"],"10":["0"],"11":["0"],"13":["0"],"17":["0"],"16":["0"],"18":["0"],"19":["0"],"20":["0"],"21":["0"],"22":["0"],"23":["0"],"24":["0"]},"sticky":true,"relationship_type":-1,"relationship_bug":0,"profile_id":[0],"platform":["0"],"os":["0"],"os_build":["0"],"tag_string":"","tag_select":0,"note_user_id":[0],"match_type":0}'),
(207, 133, -15, 0, '', 'v9#{"_version":"v9","_view_type":"simple","category_id":["0"],"severity":[0],"status":[0],"per_page":50,"highlight_changed":6,"reporter_id":[133],"handler_id":[0],"project_id":[-3],"sort":"last_updated","dir":"DESC","filter_by_date":false,"start_month":9,"start_day":1,"start_year":2021,"end_month":9,"end_day":7,"end_year":2021,"filter_by_last_updated_date":false,"last_updated_start_month":9,"last_updated_start_day":1,"last_updated_start_year":2021,"last_updated_end_month":9,"last_updated_end_day":7,"last_updated_end_year":2021,"search":"","hide_status":[-2],"resolution":[0],"build":["0"],"version":["0"],"fixed_in_version":["0"],"target_version":["0"],"priority":[0],"monitor_user_id":[0],"view_state":0,"custom_fields":{"4":["0"],"3":["0"],"6":["0"],"8":["0"],"9":["0"],"12":["0"],"10":["0"],"11":["0"],"13":["0","0","0"],"17":["0","0","0"],"16":["0"],"18":["0"],"19":["0"],"20":["0"],"21":["0"],"22":["0"],"23":["0"],"24":["0"]},"sticky":true,"relationship_type":-1,"relationship_bug":0,"profile_id":[0],"platform":["0"],"os":["0"],"os_build":["0"],"tag_string":"","tag_select":0,"note_user_id":[0],"match_type":0}'),
(209, 117, -10, 0, '', 'v9#{"_version":"v9","_view_type":"simple","category_id":["0"],"severity":[0],"status":[0],"highlight_changed":6,"reporter_id":[0],"handler_id":[0],"project_id":[-3],"resolution":[0],"build":["0"],"version":["0"],"hide_status":[90],"monitor_user_id":[0],"sort":"last_updated","dir":"DESC","per_page":50,"match_type":0,"platform":["0"],"os":["0"],"os_build":["0"],"fixed_in_version":["0"],"target_version":["0"],"profile_id":[0],"priority":[0],"note_user_id":[0],"sticky":true,"filter_by_date":false,"start_month":"08","end_month":"08","start_day":1,"end_day":"27","start_year":"2021","end_year":"2021","filter_by_last_updated_date":false,"last_updated_start_month":"08","last_updated_end_month":"08","last_updated_start_day":1,"last_updated_end_day":"27","last_updated_start_year":"2021","last_updated_end_year":"2021","search":"","view_state":0,"tag_string":"","tag_select":0,"relationship_type":-1,"relationship_bug":0,"custom_fields":{"4":["0"],"3":["0"],"6":["0"],"8":["0"],"9":["0"],"12":["0"],"10":["0"],"11":["0"],"13":["0"],"17":["0"],"16":["0"],"18":["0"],"19":["0"],"20":["0"],"21":["0"],"22":["0"],"23":["0"],"24":["0"]}}'),
(208, 63, 0, 0, '', 'v9#{"_version":"v9","_view_type":"simple","category_id":["0"],"severity":[0],"status":[0],"per_page":50,"highlight_changed":6,"reporter_id":[0],"handler_id":[63],"project_id":[-3],"sort":"last_updated","dir":"DESC","filter_by_date":false,"start_month":8,"start_day":1,"start_year":2021,"end_month":8,"end_day":24,"end_year":2021,"filter_by_last_updated_date":false,"last_updated_start_month":8,"last_updated_start_day":1,"last_updated_start_year":2021,"last_updated_end_month":8,"last_updated_end_day":24,"last_updated_end_year":2021,"search":"","hide_status":[90],"resolution":[0],"build":["0"],"version":["0"],"fixed_in_version":["0"],"target_version":["0"],"priority":[0],"monitor_user_id":[0],"view_state":0,"custom_fields":{"4":["0"],"3":["0"],"6":["0"],"8":["0"],"9":["0"],"12":["0"],"10":["0"],"11":["0"],"13":["0","0","0"],"17":["0","0","0"],"16":["0"],"18":["0"],"19":["0"],"20":["0"],"21":["0"],"22":["0"],"23":["0"],"24":["0"],"25":["0"]},"sticky":true,"relationship_type":-1,"relationship_bug":0,"profile_id":[0],"platform":["0"],"os":["0"],"os_build":["0"],"tag_string":"","tag_select":0,"note_user_id":[0],"match_type":0,"_source_query_id":208}'),
(210, 111, -15, 0, '', 'v9#{"_version":"v9","_view_type":"simple","category_id":["0"],"severity":[0],"status":[0],"per_page":50,"highlight_changed":6,"reporter_id":[0],"handler_id":[111],"project_id":[-3],"sort":"last_updated","dir":"DESC","filter_by_date":false,"start_month":8,"start_day":1,"start_year":2021,"end_month":8,"end_day":31,"end_year":2021,"filter_by_last_updated_date":false,"last_updated_start_month":8,"last_updated_start_day":1,"last_updated_start_year":2021,"last_updated_end_month":8,"last_updated_end_day":31,"last_updated_end_year":2021,"search":"","hide_status":[90],"resolution":[0],"build":["0"],"version":["0"],"fixed_in_version":["0"],"target_version":["0"],"priority":[0],"monitor_user_id":[0],"view_state":0,"custom_fields":{"4":["0"],"3":["0"],"6":["0"],"8":["0"],"9":["0"],"12":["0"],"10":["0"],"11":["0"],"13":["0","0","0"],"17":["0","0","0"],"16":["0"],"18":["0"],"19":["0"],"20":["0"],"21":["0"],"22":["0"],"23":["0"],"24":["0"]},"sticky":true,"relationship_type":-1,"relationship_bug":0,"profile_id":[0],"platform":["0"],"os":["0"],"os_build":["0"],"tag_string":"","tag_select":0,"note_user_id":[0],"match_type":0,"_source_query_id":210}'),
(217, 119, -15, 0, '', 'v9#{"_version":"v9","_view_type":"advanced","category_id":["0"],"severity":[0],"status":[10,20,30,40,50],"per_page":50,"highlight_changed":6,"reporter_id":[0],"handler_id":[119],"project_id":[-3],"sort":"last_updated","dir":"DESC","filter_by_date":false,"start_month":5,"start_day":1,"start_year":2022,"end_month":5,"end_day":13,"end_year":2022,"filter_by_last_updated_date":false,"last_updated_start_month":5,"last_updated_start_day":1,"last_updated_start_year":2022,"last_updated_end_month":5,"last_updated_end_day":13,"last_updated_end_year":2022,"search":"","hide_status":[-2],"resolution":[0],"build":["0"],"version":["0"],"fixed_in_version":["0"],"target_version":["0"],"priority":[0],"monitor_user_id":[0],"view_state":0,"custom_fields":{"4":["0"],"3":["0"],"6":["0"],"8":["0"],"9":["0"],"12":["0"],"10":["0"],"11":["0"],"13":["0","0","0"],"17":["0","0","0"],"16":["0"],"18":["0"],"19":["0"],"20":["0"],"21":["0"],"22":["0"],"23":["0"],"24":["0"]},"sticky":true,"relationship_type":-1,"relationship_bug":0,"profile_id":[0],"platform":["0"],"os":["0"],"os_build":["0"],"tag_string":"","tag_select":0,"note_user_id":[0],"match_type":0}'),
(226, 151, -6, 0, '', 'v9#{"_version":"v9","_view_type":"simple","category_id":["0"],"severity":[0],"status":[0],"highlight_changed":6,"reporter_id":[0],"handler_id":[0],"project_id":[-3],"resolution":[0],"build":["0"],"version":["0"],"hide_status":[90],"monitor_user_id":[0],"sort":"last_updated","dir":"DESC","per_page":50,"match_type":0,"platform":["0"],"os":["0"],"os_build":["0"],"fixed_in_version":["0"],"target_version":["0"],"profile_id":[0],"priority":[0],"note_user_id":[0],"sticky":true,"filter_by_date":false,"start_month":"12","end_month":"12","start_day":1,"end_day":"04","start_year":"2021","end_year":"2021","filter_by_last_updated_date":false,"last_updated_start_month":"12","last_updated_end_month":"12","last_updated_start_day":1,"last_updated_end_day":"04","last_updated_start_year":"2021","last_updated_end_year":"2021","search":"","view_state":0,"tag_string":"","tag_select":0,"relationship_type":-1,"relationship_bug":0,"custom_fields":{"4":["0"],"3":["0"],"6":["0"],"8":["0"],"9":["0"],"12":["0"],"10":["0"],"11":["0"],"13":["0"],"17":["0"],"16":["0"],"18":["0"],"19":["0"],"20":["0"],"21":["0"],"22":["0"],"23":["0"],"24":["0"]},"_source_query_id":226}'),
(247, 101, 0, 0, '', 'v9#{"_version":"v9","_view_type":"simple","category_id":["0"],"severity":[0],"status":[50],"per_page":50,"highlight_changed":6,"reporter_id":[0],"handler_id":[101],"project_id":[-3],"sort":"last_updated","dir":"DESC","filter_by_date":false,"start_month":4,"start_day":1,"start_year":2022,"end_month":4,"end_day":8,"end_year":2022,"filter_by_last_updated_date":false,"last_updated_start_month":4,"last_updated_start_day":1,"last_updated_start_year":2022,"last_updated_end_month":4,"last_updated_end_day":8,"last_updated_end_year":2022,"search":"","hide_status":[90],"resolution":[0],"build":["0"],"version":["0"],"fixed_in_version":["0"],"target_version":["0"],"priority":[0],"monitor_user_id":[0],"view_state":0,"custom_fields":{"4":["0"],"3":["0"],"6":["0"],"8":["0"],"9":["0"],"12":["0"],"10":["0"],"11":["0"],"13":["0","0","0"],"17":["0"],"16":["0"],"18":["0"],"19":["0"],"20":["0"],"21":["0"],"22":["0"],"23":["0"],"24":["0"],"25":["0"]},"sticky":true,"relationship_type":-1,"relationship_bug":0,"profile_id":[0],"platform":["0"],"os":["0"],"os_build":["0"],"tag_string":"","tag_select":0,"note_user_id":[0],"match_type":0,"_source_query_id":247}'),
(213, 85, -11, 0, '', 'v9#{"_version":"v9","_view_type":"advanced","category_id":["0"],"severity":[0],"status":[80],"per_page":50,"highlight_changed":6,"reporter_id":[0],"handler_id":[0],"project_id":[-3],"sort":"last_updated","dir":"DESC","filter_by_date":false,"start_month":10,"start_day":1,"start_year":2021,"end_month":10,"end_day":16,"end_year":2021,"filter_by_last_updated_date":false,"last_updated_start_month":10,"last_updated_start_day":1,"last_updated_start_year":2021,"last_updated_end_month":10,"last_updated_end_day":16,"last_updated_end_year":2021,"search":"","hide_status":[-2],"resolution":[0],"build":["0"],"version":["0"],"fixed_in_version":["0"],"target_version":["0"],"priority":[0],"monitor_user_id":[0],"view_state":0,"custom_fields":{"4":["0"],"3":["0"],"6":["0"],"8":["0"],"9":["0"],"12":["0"],"10":["0"],"11":["0"],"13":["0","0","0"],"17":["0"],"16":["0"],"18":["0"],"19":["0"],"20":["0"],"21":["0"],"22":["0"],"23":["0"],"24":["0"]},"sticky":true,"relationship_type":-1,"relationship_bug":0,"profile_id":[0],"platform":["0"],"os":["0"],"os_build":["0"],"tag_string":"","tag_select":0,"note_user_id":[0],"match_type":0,"_source_query_id":213}'),
(212, 128, -11, 0, '', 'v9#{"_version":"v9","_view_type":"simple","category_id":["0"],"severity":[0],"status":[90],"per_page":50,"highlight_changed":6,"reporter_id":[0],"handler_id":[0],"project_id":[-3],"sort":"last_updated","dir":"DESC","filter_by_date":false,"start_month":11,"start_day":1,"start_year":2022,"end_month":11,"end_day":4,"end_year":2022,"filter_by_last_updated_date":false,"last_updated_start_month":11,"last_updated_start_day":1,"last_updated_start_year":2022,"last_updated_end_month":11,"last_updated_end_day":4,"last_updated_end_year":2022,"search":"medical","hide_status":[-2],"resolution":[0],"build":["0"],"version":["0"],"fixed_in_version":["0"],"target_version":["0"],"priority":[0],"monitor_user_id":[0],"view_state":0,"custom_fields":{"4":["0"],"3":["0"],"6":["0"],"8":["0"],"9":["0"],"12":["0"],"10":["0"],"11":["0"],"13":["0","0","0"],"17":["0"],"16":["0"],"18":["0"],"19":["0"],"20":["0"],"21":["0"],"22":["0"],"23":["0"],"24":["0"],"25":["0"]},"sticky":true,"relationship_type":-1,"relationship_bug":0,"profile_id":[0],"platform":["0"],"os":["0"],"os_build":["0"],"tag_string":"","tag_select":0,"note_user_id":[0],"match_type":0}'),
(227, 151, -11, 0, '', 'v9#{"_version":"v9","_view_type":"simple","category_id":["0"],"severity":[0],"status":[80],"per_page":50,"highlight_changed":6,"reporter_id":[0],"handler_id":[0],"project_id":[-3],"sort":"last_updated","dir":"DESC","filter_by_date":false,"start_month":6,"start_day":1,"start_year":2023,"end_month":6,"end_day":6,"end_year":2023,"filter_by_last_updated_date":false,"last_updated_start_month":6,"last_updated_start_day":1,"last_updated_start_year":2023,"last_updated_end_month":6,"last_updated_end_day":6,"last_updated_end_year":2023,"search":"","hide_status":[90],"resolution":[0],"build":["0"],"version":["0"],"fixed_in_version":["0"],"target_version":["0"],"priority":[0],"monitor_user_id":[0],"view_state":0,"custom_fields":{"4":["0"],"3":["0"],"6":["0"],"8":["0"],"9":["0"],"12":["0"],"10":["0"],"11":["0"],"13":["0","0","0"],"17":["0"],"16":["0"],"18":["0"],"19":["0"],"20":["0"],"21":["0"],"22":["0"],"23":["0"],"24":["0"],"25":["0"],"26":["0"]},"sticky":true,"relationship_type":-1,"relationship_bug":0,"profile_id":[0],"platform":["0"],"os":["0"],"os_build":["0"],"tag_string":"","tag_select":0,"note_user_id":[0],"match_type":0}'),
(215, 102, -11, 0, '', 'v9#{"_version":"v9","_view_type":"simple","category_id":["0"],"severity":[0],"status":[50],"per_page":100,"highlight_changed":6,"reporter_id":[0],"handler_id":[102],"project_id":[-3],"sort":"category_id","dir":"ASC","filter_by_date":false,"start_month":12,"start_day":1,"start_year":2022,"end_month":12,"end_day":7,"end_year":2022,"filter_by_last_updated_date":false,"last_updated_start_month":12,"last_updated_start_day":1,"last_updated_start_year":2022,"last_updated_end_month":12,"last_updated_end_day":7,"last_updated_end_year":2022,"search":"","hide_status":[-2],"resolution":[0],"build":["0"],"version":["0"],"fixed_in_version":["0"],"target_version":["0"],"priority":[0],"monitor_user_id":[0],"view_state":0,"custom_fields":{"4":["0"],"3":["0"],"6":["0"],"8":["0"],"9":["0"],"12":["0"],"10":["0"],"11":["0"],"13":["0","0","0"],"17":["0"],"16":["0"],"18":["0"],"19":["0"],"20":["0"],"21":["0"],"22":["0"],"23":["0"],"24":["0"],"25":["0"]},"sticky":true,"relationship_type":-1,"relationship_bug":0,"profile_id":[0],"platform":["0"],"os":["0"],"os_build":["0"],"tag_string":"","tag_select":0,"note_user_id":[0],"match_type":0}'),
(216, 70, -11, 0, '', 'v9#{"_version":"v9","_view_type":"simple","category_id":["0"],"severity":[0],"status":[80],"per_page":50,"highlight_changed":6,"reporter_id":[0],"handler_id":[0],"project_id":[-3],"sort":"last_updated","dir":"DESC","filter_by_date":false,"start_month":1,"start_day":1,"start_year":2022,"end_month":1,"end_day":31,"end_year":2022,"filter_by_last_updated_date":false,"last_updated_start_month":1,"last_updated_start_day":1,"last_updated_start_year":2022,"last_updated_end_month":1,"last_updated_end_day":31,"last_updated_end_year":2022,"search":"","hide_status":[-2],"resolution":[0],"build":["0"],"version":["0"],"fixed_in_version":["0"],"target_version":["0"],"priority":[0],"monitor_user_id":[0],"view_state":0,"custom_fields":{"4":["0"],"3":["0"],"6":["0"],"8":["0"],"9":["0"],"12":["0"],"10":["0"],"11":["0"],"13":["0","1","1"],"17":["0"],"16":["0"],"18":["0"],"19":["0"],"20":["0"],"21":["0"],"22":["0"],"23":["0"],"24":["0"],"25":["0"]},"sticky":true,"relationship_type":-1,"relationship_bug":0,"profile_id":[0],"platform":["0"],"os":["0"],"os_build":["0"],"tag_string":"","tag_select":0,"note_user_id":[0],"match_type":0,"_source_query_id":216}'),
(218, 109, 0, 0, '', 'v9#{"_version":"v9","_view_type":"simple","category_id":["0"],"severity":[0],"status":[80],"per_page":50,"highlight_changed":6,"reporter_id":[0],"handler_id":[109],"project_id":[-3],"sort":"last_updated,priority,id","dir":"DESC,DESC,DESC","filter_by_date":false,"start_month":4,"start_day":1,"start_year":2023,"end_month":4,"end_day":26,"end_year":2023,"filter_by_last_updated_date":false,"last_updated_start_month":4,"last_updated_start_day":1,"last_updated_start_year":2023,"last_updated_end_month":4,"last_updated_end_day":26,"last_updated_end_year":2023,"search":"","hide_status":[-2],"resolution":[0],"build":["0"],"version":["0"],"fixed_in_version":["0"],"target_version":["0"],"priority":[0],"monitor_user_id":[0],"view_state":0,"custom_fields":{"4":["0"],"3":["0"],"6":["0"],"8":["0"],"9":["0"],"12":["0"],"10":["0"],"11":["0"],"13":["0","0","0"],"17":["0","0","0"],"16":["0"],"18":["0"],"19":["0"],"20":["0"],"21":["0"],"22":["0"],"23":["0"],"24":["0"],"25":["0"],"26":["0"]},"sticky":true,"relationship_type":-1,"relationship_bug":0,"profile_id":[0],"platform":["0"],"os":["0"],"os_build":["0"],"tag_string":"","tag_select":0,"note_user_id":[0],"match_type":0}'),
(219, 123, 0, 0, '', 'v9#{"_version":"v9","_view_type":"simple","category_id":["0"],"severity":[0],"status":[0],"per_page":50,"highlight_changed":6,"reporter_id":[0],"handler_id":[109],"project_id":[-3],"sort":"last_updated","dir":"DESC","filter_by_date":false,"start_month":2,"start_day":1,"start_year":2022,"end_month":2,"end_day":9,"end_year":2022,"filter_by_last_updated_date":false,"last_updated_start_month":2,"last_updated_start_day":1,"last_updated_start_year":2022,"last_updated_end_month":2,"last_updated_end_day":9,"last_updated_end_year":2022,"search":"","hide_status":[90],"resolution":[0],"build":["0"],"version":["0"],"fixed_in_version":["0"],"target_version":["0"],"priority":[0],"monitor_user_id":[0],"view_state":0,"custom_fields":{"4":["0"],"3":["0"],"6":["0"],"8":["0"],"9":["0"],"12":["0"],"10":["0"],"11":["0"],"13":["0","0","0"],"17":["0","0","0"],"16":["0"],"18":["0"],"19":["0"],"20":["0"],"21":["0"],"22":["0"],"23":["0"],"24":["0"]},"sticky":true,"relationship_type":-1,"relationship_bug":0,"profile_id":[0],"platform":["0"],"os":["0"],"os_build":["0"],"tag_string":"","tag_select":0,"note_user_id":[0],"match_type":0}'),
(223, 150, 0, 0, '', 'v9#{"_version":"v9","_view_type":"simple","category_id":["0"],"severity":[0],"status":[0],"per_page":50,"highlight_changed":6,"reporter_id":[0],"handler_id":[150],"project_id":[-3],"sort":"last_updated","dir":"DESC","filter_by_date":false,"start_month":11,"start_day":1,"start_year":2021,"end_month":11,"end_day":15,"end_year":2021,"filter_by_last_updated_date":false,"last_updated_start_month":11,"last_updated_start_day":1,"last_updated_start_year":2021,"last_updated_end_month":11,"last_updated_end_day":15,"last_updated_end_year":2021,"search":"","hide_status":[90],"resolution":[0],"build":["0"],"version":["0"],"fixed_in_version":["0"],"target_version":["0"],"priority":[0],"monitor_user_id":[0],"view_state":0,"custom_fields":{"4":["0"],"3":["0"],"6":["0"],"8":["0"],"9":["0"],"12":["0"],"10":["0"],"11":["0"],"13":["0","0","0"],"17":["0","0","0"],"16":["0"],"18":["0"],"19":["0"],"20":["0"],"21":["0"],"22":["0"],"23":["0"],"24":["0"]},"sticky":true,"relationship_type":-1,"relationship_bug":0,"profile_id":[0],"platform":["0"],"os":["0"],"os_build":["0"],"tag_string":"","tag_select":0,"note_user_id":[0],"match_type":0}'),
(231, 102, -14, 0, '', 'v9#{"_version":"v9","_view_type":"simple","category_id":["0"],"severity":[0],"status":[0],"highlight_changed":6,"reporter_id":[0],"handler_id":[0],"project_id":[-3],"resolution":[0],"build":["0"],"version":["0"],"hide_status":[90],"monitor_user_id":[0],"sort":"last_updated","dir":"DESC","per_page":50,"match_type":0,"platform":["0"],"os":["0"],"os_build":["0"],"fixed_in_version":["0"],"target_version":["0"],"profile_id":[0],"priority":[0],"note_user_id":[0],"sticky":true,"filter_by_date":false,"start_month":"02","end_month":"02","start_day":1,"end_day":"09","start_year":"2022","end_year":"2022","filter_by_last_updated_date":false,"last_updated_start_month":"02","last_updated_end_month":"02","last_updated_start_day":1,"last_updated_end_day":"09","last_updated_start_year":"2022","last_updated_end_year":"2022","search":"","view_state":0,"tag_string":"","tag_select":0,"relationship_type":-1,"relationship_bug":0,"custom_fields":{"4":["0"],"3":["0"],"6":["0"],"8":["0"],"9":["0"],"12":["0"],"10":["0"],"11":["0"],"13":["0"],"17":["0"],"16":["0"],"18":["0"],"19":["0"],"20":["0"],"21":["0"],"22":["0"],"23":["0"],"24":["0"]},"_source_query_id":231}'),
(232, 116, 0, 0, '', 'v9#{"_version":"v9","_view_type":"simple","category_id":["0"],"severity":[0],"status":[0],"per_page":50,"highlight_changed":6,"reporter_id":[0],"handler_id":[116],"project_id":[-3],"sort":"last_updated","dir":"DESC","filter_by_date":false,"start_month":3,"start_day":1,"start_year":2022,"end_month":3,"end_day":28,"end_year":2022,"filter_by_last_updated_date":false,"last_updated_start_month":3,"last_updated_start_day":1,"last_updated_start_year":2022,"last_updated_end_month":3,"last_updated_end_day":28,"last_updated_end_year":2022,"search":"","hide_status":[50],"resolution":[0],"build":["0"],"version":["0"],"fixed_in_version":["0"],"target_version":["0"],"priority":[0],"monitor_user_id":[0],"view_state":0,"custom_fields":{"4":["0"],"3":["0"],"6":["0"],"8":["0"],"9":["0"],"12":["0"],"10":["0"],"11":["0"],"13":["0","0","0"],"17":["0","0","0"],"16":["0"],"18":["0"],"19":["0"],"20":["0"],"21":["0"],"22":["0"],"23":["0"],"24":["0"]},"sticky":true,"relationship_type":-1,"relationship_bug":0,"profile_id":[0],"platform":["0"],"os":["0"],"os_build":["0"],"tag_string":"","tag_select":0,"note_user_id":[0],"match_type":0}'),
(220, 119, 0, 0, '', 'v9#{"_version":"v9","_view_type":"simple","category_id":["0"],"severity":[0],"status":[90],"per_page":50,"highlight_changed":6,"reporter_id":[0],"handler_id":[119],"project_id":[-3],"sort":"last_updated","dir":"DESC","filter_by_date":false,"start_month":11,"start_day":1,"start_year":2021,"end_month":11,"end_day":22,"end_year":2021,"filter_by_last_updated_date":false,"last_updated_start_month":11,"last_updated_start_day":1,"last_updated_start_year":2021,"last_updated_end_month":11,"last_updated_end_day":22,"last_updated_end_year":2021,"search":"","hide_status":[-2],"resolution":[0],"build":["0"],"version":["0"],"fixed_in_version":["0"],"target_version":["0"],"priority":[0],"monitor_user_id":[0],"view_state":0,"custom_fields":{"4":["0"],"3":["0"],"6":["0"],"8":["0"],"9":["0"],"12":["0"],"10":["0"],"11":["0"],"13":["0","0","0"],"17":["0","0","0"],"16":["0"],"18":["0"],"19":["0"],"20":["0"],"21":["0"],"22":["0"],"23":["0"],"24":["0"]},"sticky":true,"relationship_type":-1,"relationship_bug":0,"profile_id":[0],"platform":["0"],"os":["0"],"os_build":["0"],"tag_string":"","tag_select":0,"note_user_id":[0],"match_type":0}'),
(221, 49, -10, 0, '', 'v9#{"_version":"v9","_view_type":"advanced","category_id":["0"],"severity":[0],"status":[0],"per_page":50,"highlight_changed":6,"reporter_id":[0],"handler_id":[0],"project_id":[-3],"sort":"last_updated","dir":"DESC","filter_by_date":false,"start_month":5,"start_day":1,"start_year":2023,"end_month":5,"end_day":4,"end_year":2023,"filter_by_last_updated_date":true,"last_updated_start_month":4,"last_updated_start_day":28,"last_updated_start_year":2023,"last_updated_end_month":5,"last_updated_end_day":4,"last_updated_end_year":2023,"search":"","hide_status":[-2],"resolution":[0],"build":["0"],"version":["0"],"fixed_in_version":["0"],"target_version":["0"],"priority":[0],"monitor_user_id":[0],"view_state":0,"custom_fields":{"4":["0"],"3":["0"],"6":["0"],"8":["0"],"9":["0"],"12":["0"],"10":["0"],"11":["0"],"13":["0"],"17":["0"],"16":["0"],"18":["0"],"19":["0"],"20":["0"],"21":["0"],"22":["0"],"23":["0"],"24":["0"],"25":["0"],"26":["0"]},"sticky":true,"relationship_type":-1,"relationship_bug":0,"profile_id":[0],"platform":["0"],"os":["0"],"os_build":["0"],"tag_string":"","tag_select":0,"note_user_id":[0],"match_type":0}'),
(222, 149, -5, 0, '', 'v9#{"_version":"v9","_view_type":"simple","category_id":["0"],"severity":[0],"status":[0],"per_page":50,"highlight_changed":6,"reporter_id":[0],"handler_id":[149],"project_id":[-3],"sort":"last_updated","dir":"DESC","filter_by_date":false,"start_month":10,"start_day":1,"start_year":2021,"end_month":10,"end_day":27,"end_year":2021,"filter_by_last_updated_date":false,"last_updated_start_month":10,"last_updated_start_day":1,"last_updated_start_year":2021,"last_updated_end_month":10,"last_updated_end_day":27,"last_updated_end_year":2021,"search":"","hide_status":[90],"resolution":[0],"build":["0"],"version":["0"],"fixed_in_version":["0"],"target_version":["0"],"priority":[0],"monitor_user_id":[0],"view_state":0,"custom_fields":{"4":["0"],"3":["0"],"6":["0"],"8":["0"],"9":["0"],"12":["0"],"10":["0"],"11":["0"],"13":["0","0","0"],"17":["0","0","0"],"16":["0"],"18":["0"],"19":["0"],"20":["0"],"21":["0"],"22":["0"],"23":["0"],"24":["0"]},"sticky":true,"relationship_type":-1,"relationship_bug":0,"profile_id":[0],"platform":["0"],"os":["0"],"os_build":["0"],"tag_string":"","tag_select":0,"note_user_id":[0],"match_type":0}'),
(271, 164, -14, 0, '', 'v9#{"_version":"v9","_view_type":"simple","category_id":["0"],"severity":[0],"status":[0],"highlight_changed":6,"reporter_id":[0],"handler_id":[0],"project_id":[-3],"resolution":[0],"build":["0"],"version":["0"],"hide_status":[90],"monitor_user_id":[0],"sort":"last_updated","dir":"DESC","per_page":50,"match_type":0,"platform":["0"],"os":["0"],"os_build":["0"],"fixed_in_version":["0"],"target_version":["0"],"profile_id":[0],"priority":[0],"note_user_id":[0],"sticky":true,"filter_by_date":false,"start_month":"03","end_month":"03","start_day":1,"end_day":"17","start_year":"2023","end_year":"2023","filter_by_last_updated_date":false,"last_updated_start_month":"03","last_updated_end_month":"03","last_updated_start_day":1,"last_updated_end_day":"17","last_updated_start_year":"2023","last_updated_end_year":"2023","search":"","view_state":0,"tag_string":"","tag_select":0,"relationship_type":-1,"relationship_bug":0,"custom_fields":{"4":["0"],"3":["0"],"6":["0"],"8":["0"],"9":["0"],"12":["0"],"10":["0"],"11":["0"],"13":["0"],"17":["0"],"16":["0"],"18":["0"],"19":["0"],"20":["0"],"21":["0"],"22":["0"],"23":["0"],"24":["0"],"25":["0"],"26":["0"]}}'),
(270, 155, -15, 0, '', 'v9#{"_version":"v9","_view_type":"advanced","category_id":["0"],"severity":[0],"status":[0],"per_page":50,"highlight_changed":6,"reporter_id":[0],"handler_id":[-1],"project_id":[-3],"sort":"custom_Time Line,last_updated","dir":"DESC,DESC","filter_by_date":false,"start_month":1,"start_day":1,"start_year":2023,"end_month":1,"end_day":11,"end_year":2023,"filter_by_last_updated_date":false,"last_updated_start_month":1,"last_updated_start_day":1,"last_updated_start_year":2023,"last_updated_end_month":1,"last_updated_end_day":11,"last_updated_end_year":2023,"search":"","hide_status":[-2],"resolution":[0],"build":["0"],"version":["0"],"fixed_in_version":["0"],"target_version":["0"],"priority":[0],"monitor_user_id":[0],"view_state":0,"custom_fields":{"4":["0"],"3":["0"],"6":["0"],"8":["0"],"9":["0"],"12":["0"],"10":["0"],"11":["0"],"13":["0","0","0"],"17":["0","0","0"],"16":["0"],"18":["0"],"19":["0"],"20":["0"],"21":["0"],"22":["0"],"23":["0"],"24":["0"],"25":["0"],"26":["0"]},"sticky":true,"relationship_type":-1,"relationship_bug":0,"profile_id":[0],"platform":["0"],"os":["0"],"os_build":["0"],"tag_string":"","tag_select":0,"note_user_id":[0],"match_type":0,"_source_query_id":270}');
INSERT INTO `mantis_filters_table` (`id`, `user_id`, `project_id`, `is_public`, `name`, `filter_string`) VALUES
(253, 159, -10, 0, '', 'v9#{"_version":"v9","_view_type":"simple","category_id":["0"],"severity":[0],"status":[0],"highlight_changed":6,"reporter_id":[0],"handler_id":[0],"project_id":[-3],"resolution":[0],"build":["0"],"version":["0"],"hide_status":[90],"monitor_user_id":[0],"sort":"last_updated","dir":"DESC","per_page":50,"match_type":0,"platform":["0"],"os":["0"],"os_build":["0"],"fixed_in_version":["0"],"target_version":["0"],"profile_id":[0],"priority":[0],"note_user_id":[0],"sticky":true,"filter_by_date":false,"start_month":"04","end_month":"04","start_day":1,"end_day":"18","start_year":"2022","end_year":"2022","filter_by_last_updated_date":false,"last_updated_start_month":"04","last_updated_end_month":"04","last_updated_start_day":1,"last_updated_end_day":"18","last_updated_start_year":"2022","last_updated_end_year":"2022","search":"","view_state":0,"tag_string":"","tag_select":0,"relationship_type":-1,"relationship_bug":0,"custom_fields":{"4":["0"],"3":["0"],"6":["0"],"8":["0"],"9":["0"],"12":["0"],"10":["0"],"11":["0"],"13":["0"],"17":["0"],"16":["0"],"18":["0"],"19":["0"],"20":["0"],"21":["0"],"22":["0"],"23":["0"],"24":["0"]}}'),
(224, 150, -5, 0, '', 'v9#{"_version":"v9","_view_type":"simple","category_id":["0"],"severity":[0],"status":[50],"per_page":50,"highlight_changed":6,"reporter_id":[0],"handler_id":[150],"project_id":[-3],"sort":"last_updated","dir":"DESC","filter_by_date":false,"start_month":1,"start_day":1,"start_year":2022,"end_month":1,"end_day":31,"end_year":2022,"filter_by_last_updated_date":false,"last_updated_start_month":1,"last_updated_start_day":1,"last_updated_start_year":2022,"last_updated_end_month":1,"last_updated_end_day":31,"last_updated_end_year":2022,"search":"","hide_status":[-2],"resolution":[0],"build":["0"],"version":["0"],"fixed_in_version":["0"],"target_version":["0"],"priority":[0],"monitor_user_id":[0],"view_state":0,"custom_fields":{"4":["0"],"3":["0"],"6":["0"],"8":["0"],"9":["0"],"12":["0"],"10":["0"],"11":["0"],"13":["3","1","1643653798"],"17":["0","0","0"],"16":["0"],"18":["0"],"19":["0"],"20":["0"],"21":["0"],"22":["0"],"23":["0"],"24":["0"]},"sticky":true,"relationship_type":-1,"relationship_bug":0,"profile_id":[0],"platform":["0"],"os":["0"],"os_build":["0"],"tag_string":"","tag_select":0,"note_user_id":[0],"match_type":0}'),
(230, 146, -5, 0, '', 'v9#{"_version":"v9","_view_type":"advanced","category_id":["0"],"severity":[0],"status":[50],"per_page":50,"highlight_changed":6,"reporter_id":[0],"handler_id":[168],"project_id":[-3],"sort":"custom_Time Line","dir":"ASC","filter_by_date":false,"start_month":6,"start_day":1,"start_year":2023,"end_month":6,"end_day":2,"end_year":2023,"filter_by_last_updated_date":false,"last_updated_start_month":6,"last_updated_start_day":1,"last_updated_start_year":2023,"last_updated_end_month":6,"last_updated_end_day":2,"last_updated_end_year":2023,"search":"","hide_status":[-2],"resolution":[0],"build":["0"],"version":["0"],"fixed_in_version":["0"],"target_version":["0"],"priority":[0],"monitor_user_id":[0],"view_state":0,"custom_fields":{"4":["0"],"3":["0"],"6":["0"],"8":["0"],"9":["0"],"12":["0"],"10":["0"],"11":["0"],"13":["0","1","1"],"17":["0","0","0"],"16":["0"],"18":["0"],"19":["0"],"20":["0"],"21":["0"],"22":["0"],"23":["0"],"24":["0"],"25":["0"],"26":["0"]},"sticky":true,"relationship_type":-1,"relationship_bug":0,"profile_id":[0],"platform":["0"],"os":["0"],"os_build":["0"],"tag_string":"","tag_select":0,"note_user_id":[0],"match_type":0}'),
(225, 116, -15, 0, '', 'v9#{"_version":"v9","_view_type":"simple","category_id":["0"],"severity":[0],"status":[0],"per_page":50,"highlight_changed":6,"reporter_id":[0],"handler_id":[116],"project_id":[-3],"sort":"last_updated","dir":"DESC","filter_by_date":false,"start_month":6,"start_day":1,"start_year":2022,"end_month":6,"end_day":1,"end_year":2022,"filter_by_last_updated_date":false,"last_updated_start_month":6,"last_updated_start_day":1,"last_updated_start_year":2022,"last_updated_end_month":6,"last_updated_end_day":1,"last_updated_end_year":2022,"search":"","hide_status":[-2],"resolution":[0],"build":["0"],"version":["0"],"fixed_in_version":["0"],"target_version":["0"],"priority":[0],"monitor_user_id":[0],"view_state":0,"custom_fields":{"4":["0"],"3":["0"],"6":["0"],"8":["0"],"9":["0"],"12":["0"],"10":["0"],"11":["0"],"13":["0","0","0"],"17":["0","0","0"],"16":["0"],"18":["0"],"19":["0"],"20":["0"],"21":["0"],"22":["0"],"23":["0"],"24":["0"]},"sticky":true,"relationship_type":-1,"relationship_bug":0,"profile_id":[0],"platform":["0"],"os":["0"],"os_build":["0"],"tag_string":"","tag_select":0,"note_user_id":[0],"match_type":0}'),
(228, 152, -8, 0, '', 'v9#{"_version":"v9","_view_type":"simple","category_id":["0"],"severity":[0],"status":[0],"per_page":50,"highlight_changed":6,"reporter_id":[0],"handler_id":[0],"project_id":[-3],"sort":"last_updated","dir":"ASC","filter_by_date":false,"start_month":6,"start_day":1,"start_year":2023,"end_month":6,"end_day":2,"end_year":2023,"filter_by_last_updated_date":false,"last_updated_start_month":6,"last_updated_start_day":1,"last_updated_start_year":2023,"last_updated_end_month":6,"last_updated_end_day":2,"last_updated_end_year":2023,"search":"","hide_status":[90],"resolution":[0],"build":["0"],"version":["0"],"fixed_in_version":["0"],"target_version":["0"],"priority":[0],"monitor_user_id":[0],"view_state":0,"custom_fields":{"4":["0"],"3":["0"],"6":["0"],"8":["0"],"9":["0"],"12":["0"],"10":["0"],"11":["0"],"13":["0","0","0"],"17":["0","0","0"],"16":["0"],"18":["0"],"19":["0"],"20":["0"],"21":["0"],"22":["0"],"23":["0"],"24":["0"],"25":["0"],"26":["0"]},"sticky":true,"relationship_type":-1,"relationship_bug":0,"profile_id":[0],"platform":["0"],"os":["0"],"os_build":["0"],"tag_string":"","tag_select":0,"note_user_id":[0],"match_type":0,"_source_query_id":228}'),
(229, 151, 0, 0, '', 'v9#{"_version":"v9","_view_type":"simple","category_id":["0"],"severity":[0],"status":[0],"per_page":50,"highlight_changed":6,"reporter_id":[0],"handler_id":[109],"project_id":[-3],"sort":"last_updated","dir":"DESC","filter_by_date":false,"start_month":5,"start_day":1,"start_year":2023,"end_month":5,"end_day":17,"end_year":2023,"filter_by_last_updated_date":false,"last_updated_start_month":5,"last_updated_start_day":1,"last_updated_start_year":2023,"last_updated_end_month":5,"last_updated_end_day":17,"last_updated_end_year":2023,"search":"","hide_status":[90],"resolution":[0],"build":["0"],"version":["0"],"fixed_in_version":["0"],"target_version":["0"],"priority":[0],"monitor_user_id":[0],"view_state":0,"custom_fields":{"4":["0"],"3":["0"],"6":["0"],"8":["0"],"9":["0"],"12":["0"],"10":["0"],"11":["0"],"13":["0","0","0"],"17":["0"],"16":["0"],"18":["0"],"19":["0"],"20":["0"],"21":["0"],"22":["0"],"23":["0"],"24":["0"],"25":["0"],"26":["0"]},"sticky":true,"relationship_type":-1,"relationship_bug":0,"profile_id":[0],"platform":["0"],"os":["0"],"os_build":["0"],"tag_string":"","tag_select":0,"note_user_id":[0],"match_type":0}'),
(269, 159, -14, 0, '', 'v9#{"_version":"v9","_view_type":"simple","category_id":["0"],"severity":[0],"status":[0],"highlight_changed":6,"reporter_id":[0],"handler_id":[0],"project_id":[-3],"resolution":[0],"build":["0"],"version":["0"],"hide_status":[90],"monitor_user_id":[0],"sort":"last_updated","dir":"DESC","per_page":50,"match_type":0,"platform":["0"],"os":["0"],"os_build":["0"],"fixed_in_version":["0"],"target_version":["0"],"profile_id":[0],"priority":[0],"note_user_id":[0],"sticky":true,"filter_by_date":false,"start_month":"06","end_month":"06","start_day":1,"end_day":"15","start_year":"2022","end_year":"2022","filter_by_last_updated_date":false,"last_updated_start_month":"06","last_updated_end_month":"06","last_updated_start_day":1,"last_updated_end_day":"15","last_updated_start_year":"2022","last_updated_end_year":"2022","search":"","view_state":0,"tag_string":"","tag_select":0,"relationship_type":-1,"relationship_bug":0,"custom_fields":{"4":["0"],"3":["0"],"6":["0"],"8":["0"],"9":["0"],"12":["0"],"10":["0"],"11":["0"],"13":["0"],"17":["0"],"16":["0"],"18":["0"],"19":["0"],"20":["0"],"21":["0"],"22":["0"],"23":["0"],"24":["0"]}}'),
(233, 151, -10, 0, '', 'v9#{"_version":"v9","_view_type":"simple","category_id":["0"],"severity":[0],"status":[0],"highlight_changed":6,"reporter_id":[0],"handler_id":[0],"project_id":[-3],"resolution":[0],"build":["0"],"version":["0"],"hide_status":[90],"monitor_user_id":[0],"sort":"last_updated","dir":"DESC","per_page":50,"match_type":0,"platform":["0"],"os":["0"],"os_build":["0"],"fixed_in_version":["0"],"target_version":["0"],"profile_id":[0],"priority":[0],"note_user_id":[0],"sticky":true,"filter_by_date":false,"start_month":"06","end_month":"06","start_day":1,"end_day":"02","start_year":"2023","end_year":"2023","filter_by_last_updated_date":false,"last_updated_start_month":"06","last_updated_end_month":"06","last_updated_start_day":1,"last_updated_end_day":"02","last_updated_start_year":"2023","last_updated_end_year":"2023","search":"","view_state":0,"tag_string":"","tag_select":0,"relationship_type":-1,"relationship_bug":0,"custom_fields":{"4":["0"],"3":["0"],"6":["0"],"8":["0"],"9":["0"],"12":["0"],"10":["0"],"11":["0"],"13":["0"],"17":["0"],"16":["0"],"18":["0"],"19":["0"],"20":["0"],"21":["0"],"22":["0"],"23":["0"],"24":["0"],"25":["0"],"26":["0"]},"_source_query_id":233}'),
(246, 158, -5, 0, '', 'v9#{"_version":"v9","_view_type":"simple","category_id":["0"],"severity":[0],"status":[50],"per_page":50,"highlight_changed":6,"reporter_id":[0],"handler_id":[158],"project_id":[-3],"sort":"last_updated","dir":"DESC","filter_by_date":false,"start_month":4,"start_day":1,"start_year":2022,"end_month":4,"end_day":5,"end_year":2022,"filter_by_last_updated_date":false,"last_updated_start_month":4,"last_updated_start_day":1,"last_updated_start_year":2022,"last_updated_end_month":4,"last_updated_end_day":5,"last_updated_end_year":2022,"search":"","hide_status":[90],"resolution":[0],"build":["0"],"version":["0"],"fixed_in_version":["0"],"target_version":["0"],"priority":[0],"monitor_user_id":[0],"view_state":0,"custom_fields":{"4":["0"],"3":["0"],"6":["0"],"8":["0"],"9":["0"],"12":["0"],"10":["0"],"11":["0"],"13":["0","0","0"],"17":["0","0","0"],"16":["0"],"18":["0"],"19":["0"],"20":["0"],"21":["0"],"22":["0"],"23":["0"],"24":["0"]},"sticky":true,"relationship_type":-1,"relationship_bug":0,"profile_id":[0],"platform":["0"],"os":["0"],"os_build":["0"],"tag_string":"","tag_select":0,"note_user_id":[0],"match_type":0}'),
(257, 49, -18, 0, '', 'v9#{"_version":"v9","_view_type":"simple","category_id":["0"],"severity":[0],"status":[0],"highlight_changed":6,"reporter_id":[0],"handler_id":[0],"project_id":[-3],"resolution":[0],"build":["0"],"version":["0"],"hide_status":[90],"monitor_user_id":[0],"sort":"last_updated","dir":"DESC","per_page":50,"match_type":0,"platform":["0"],"os":["0"],"os_build":["0"],"fixed_in_version":["0"],"target_version":["0"],"profile_id":[0],"priority":[0],"note_user_id":[0],"sticky":true,"filter_by_date":false,"start_month":"05","end_month":"05","start_day":1,"end_day":"07","start_year":"2022","end_year":"2022","filter_by_last_updated_date":false,"last_updated_start_month":"05","last_updated_end_month":"05","last_updated_start_day":1,"last_updated_end_day":"07","last_updated_start_year":"2022","last_updated_end_year":"2022","search":"","view_state":0,"tag_string":"","tag_select":0,"relationship_type":-1,"relationship_bug":0,"custom_fields":{"4":["0"],"3":["0"],"6":["0"],"8":["0"],"9":["0"],"12":["0"],"10":["0"],"11":["0"],"13":["0"],"17":["0"],"16":["0"],"18":["0"],"19":["0"],"20":["0"],"21":["0"],"22":["0"],"23":["0"],"24":["0"],"25":["0"],"26":["0"]},"_source_query_id":257}'),
(235, 153, 0, 0, '', 'v9#{"_version":"v9","_view_type":"simple","category_id":["0"],"severity":[0],"status":[80],"per_page":50,"highlight_changed":6,"reporter_id":[153],"handler_id":[0],"project_id":[-3],"sort":"last_updated","dir":"DESC","filter_by_date":false,"start_month":3,"start_day":1,"start_year":2023,"end_month":3,"end_day":7,"end_year":2023,"filter_by_last_updated_date":false,"last_updated_start_month":3,"last_updated_start_day":1,"last_updated_start_year":2023,"last_updated_end_month":3,"last_updated_end_day":7,"last_updated_end_year":2023,"search":"","hide_status":[-2],"resolution":[0],"build":["0"],"version":["0"],"fixed_in_version":["0"],"target_version":["0"],"priority":[0],"monitor_user_id":[0],"view_state":0,"custom_fields":{"4":["0"],"3":["0"],"6":["0"],"8":["0"],"9":["0"],"12":["0"],"10":["0"],"11":["0"],"13":["0","0","0"],"17":["0","0","0"],"16":["0"],"18":["0"],"19":["0"],"20":["0"],"21":["0"],"22":["0"],"23":["0"],"24":["0"],"25":["0"],"26":["0"]},"sticky":true,"relationship_type":-1,"relationship_bug":0,"profile_id":[0],"platform":["0"],"os":["0"],"os_build":["0"],"tag_string":"","tag_select":0,"note_user_id":[0],"match_type":0,"_source_query_id":235}'),
(236, 153, -5, 0, '', 'v9#{"_version":"v9","_view_type":"advanced","category_id":["0"],"severity":[0],"status":[80],"per_page":50,"highlight_changed":6,"reporter_id":[153],"handler_id":[0],"project_id":[-3],"sort":"last_updated,id","dir":"DESC,ASC","filter_by_date":false,"start_month":6,"start_day":1,"start_year":2023,"end_month":6,"end_day":5,"end_year":2023,"filter_by_last_updated_date":false,"last_updated_start_month":6,"last_updated_start_day":1,"last_updated_start_year":2023,"last_updated_end_month":6,"last_updated_end_day":5,"last_updated_end_year":2023,"search":"","hide_status":[-2],"resolution":[0],"build":["0"],"version":["0"],"fixed_in_version":["0"],"target_version":["0"],"priority":[0],"monitor_user_id":[0],"view_state":0,"custom_fields":{"4":["0"],"3":["0"],"6":["0"],"8":["0"],"9":["0"],"12":["0"],"10":["0"],"11":["0"],"13":["0","0","0"],"17":["0","0","0"],"16":["0"],"18":["0"],"19":["0"],"20":["0"],"21":["0"],"22":["0"],"23":["0"],"24":["0"],"25":["0"],"26":["0"]},"sticky":true,"relationship_type":-1,"relationship_bug":0,"profile_id":[0],"platform":["0"],"os":["0"],"os_build":["0"],"tag_string":"","tag_select":0,"note_user_id":[0],"match_type":0,"_source_query_id":236}'),
(237, 154, -7, 0, '', 'v9#{"_version":"v9","_view_type":"simple","category_id":["0"],"severity":[0],"status":[80],"per_page":50,"highlight_changed":6,"reporter_id":[154],"handler_id":[0],"project_id":[-3],"sort":"summary,last_updated","dir":"DESC,DESC","filter_by_date":false,"start_month":3,"start_day":1,"start_year":2023,"end_month":3,"end_day":23,"end_year":2023,"filter_by_last_updated_date":false,"last_updated_start_month":3,"last_updated_start_day":1,"last_updated_start_year":2023,"last_updated_end_month":3,"last_updated_end_day":23,"last_updated_end_year":2023,"search":"","hide_status":[-2],"resolution":[0],"build":["0"],"version":["0"],"fixed_in_version":["0"],"target_version":["0"],"priority":[0],"monitor_user_id":[0],"view_state":0,"custom_fields":{"4":["0"],"3":["0"],"6":["0"],"8":["0"],"9":["0"],"12":["0"],"10":["0"],"11":["0"],"13":["0","0","0"],"17":["0"],"16":["0"],"18":["0"],"19":["0"],"20":["0"],"21":["0"],"22":["0"],"23":["0"],"24":["0"],"25":["0"],"26":["0"]},"sticky":true,"relationship_type":-1,"relationship_bug":0,"profile_id":[0],"platform":["0"],"os":["0"],"os_build":["0"],"tag_string":"","tag_select":0,"note_user_id":[0],"match_type":0,"_source_query_id":237}'),
(239, 134, -5, 0, '', 'v9#{"_version":"v9","_view_type":"simple","category_id":["0"],"severity":[0],"status":[0],"highlight_changed":6,"reporter_id":[0],"handler_id":[0],"project_id":[-3],"resolution":[0],"build":["0"],"version":["0"],"hide_status":[90],"monitor_user_id":[0],"sort":"last_updated","dir":"DESC","per_page":50,"match_type":0,"platform":["0"],"os":["0"],"os_build":["0"],"fixed_in_version":["0"],"target_version":["0"],"profile_id":[0],"priority":[0],"note_user_id":[0],"sticky":true,"filter_by_date":false,"start_month":"03","end_month":"03","start_day":1,"end_day":"07","start_year":"2022","end_year":"2022","filter_by_last_updated_date":false,"last_updated_start_month":"03","last_updated_end_month":"03","last_updated_start_day":1,"last_updated_end_day":"07","last_updated_start_year":"2022","last_updated_end_year":"2022","search":"","view_state":0,"tag_string":"","tag_select":0,"relationship_type":-1,"relationship_bug":0,"custom_fields":{"4":["0"],"3":["0"],"6":["0"],"8":["0"],"9":["0"],"12":["0"],"10":["0"],"11":["0"],"13":["0"],"17":["0"],"16":["0"],"18":["0"],"19":["0"],"20":["0"],"21":["0"],"22":["0"],"23":["0"],"24":["0"]}}'),
(238, 154, 0, 0, '', 'v9#{"_version":"v9","_view_type":"simple","category_id":["0"],"severity":[0],"status":[90],"per_page":50,"highlight_changed":6,"reporter_id":[0],"handler_id":[0],"project_id":[-3],"sort":"last_updated","dir":"DESC","filter_by_date":false,"start_month":5,"start_day":1,"start_year":2023,"end_month":5,"end_day":18,"end_year":2023,"filter_by_last_updated_date":false,"last_updated_start_month":5,"last_updated_start_day":1,"last_updated_start_year":2023,"last_updated_end_month":5,"last_updated_end_day":18,"last_updated_end_year":2023,"search":"","hide_status":[-2],"resolution":[0],"build":["0"],"version":["0"],"fixed_in_version":["0"],"target_version":["0"],"priority":[0],"monitor_user_id":[0],"view_state":0,"custom_fields":{"4":["0"],"3":["0"],"6":["0"],"8":["0"],"9":["0"],"12":["0"],"10":["0"],"11":["0"],"13":["0","0","0"],"17":["0","0","0"],"16":["0"],"18":["0"],"19":["0"],"20":["0"],"21":["0"],"22":["0"],"23":["0"],"24":["0"],"25":["0"],"26":["0"]},"sticky":true,"relationship_type":-1,"relationship_bug":0,"profile_id":[0],"platform":["0"],"os":["0"],"os_build":["0"],"tag_string":"","tag_select":0,"note_user_id":[0],"match_type":0}'),
(241, 155, 0, 0, '', 'v9#{"_version":"v9","_view_type":"advanced","category_id":["0"],"severity":[0],"status":[20,50],"per_page":50,"highlight_changed":6,"reporter_id":[0],"handler_id":[155],"project_id":[0],"sort":"custom_Time Line","dir":"ASC","filter_by_date":false,"start_month":6,"start_day":1,"start_year":2023,"end_month":6,"end_day":6,"end_year":2023,"filter_by_last_updated_date":false,"last_updated_start_month":6,"last_updated_start_day":1,"last_updated_start_year":2023,"last_updated_end_month":6,"last_updated_end_day":6,"last_updated_end_year":2023,"search":"","hide_status":[-2],"resolution":[0],"build":["0"],"version":["0"],"fixed_in_version":["0"],"target_version":["0"],"priority":[0],"monitor_user_id":[0],"view_state":0,"custom_fields":{"4":["0"],"3":["0"],"6":["0"],"8":["0"],"9":["0"],"12":["0"],"10":["0"],"11":["0"],"13":["0","1","1"],"17":["0","0","0"],"16":["0"],"18":["0"],"19":["0"],"20":["0"],"21":["0"],"22":["0"],"23":["0"],"24":["0"],"25":["0"],"26":["0"]},"sticky":true,"relationship_type":-1,"relationship_bug":0,"profile_id":[0],"platform":["0"],"os":["0"],"os_build":["0"],"tag_string":"","tag_select":0,"note_user_id":[0],"match_type":0}'),
(240, 156, -5, 0, '', 'v9#{"_version":"v9","_view_type":"advanced","category_id":["0"],"severity":[0],"status":[20,50],"per_page":50,"highlight_changed":6,"reporter_id":[0],"handler_id":[156],"project_id":[-3],"sort":"custom_Time Line,custom_Dead Line,category_id,last_updated","dir":"ASC,ASC,ASC,DESC","filter_by_date":false,"start_month":3,"start_day":1,"start_year":2023,"end_month":3,"end_day":6,"end_year":2023,"filter_by_last_updated_date":false,"last_updated_start_month":3,"last_updated_start_day":1,"last_updated_start_year":2023,"last_updated_end_month":3,"last_updated_end_day":6,"last_updated_end_year":2023,"search":"","hide_status":[-2],"resolution":[0],"build":["0"],"version":["0"],"fixed_in_version":["0"],"target_version":["0"],"priority":[0],"monitor_user_id":[0],"view_state":0,"custom_fields":{"4":["0"],"3":["0"],"6":["0"],"8":["0"],"9":["0"],"12":["0"],"10":["0"],"11":["0"],"13":["0","1","1"],"17":["0","0","0"],"16":["0"],"18":["0"],"19":["0"],"20":["0"],"21":["0"],"22":["0"],"23":["0"],"24":["0"],"25":["0"]},"sticky":true,"relationship_type":-1,"relationship_bug":0,"profile_id":[0],"platform":["0"],"os":["0"],"os_build":["0"],"tag_string":"","tag_select":0,"note_user_id":[0],"match_type":0}'),
(251, 159, -6, 0, '', 'v9#{"_version":"v9","_view_type":"simple","category_id":["0"],"severity":[0],"status":[0],"highlight_changed":6,"reporter_id":[0],"handler_id":[0],"project_id":[-3],"resolution":[0],"build":["0"],"version":["0"],"hide_status":[90],"monitor_user_id":[0],"sort":"last_updated","dir":"DESC","per_page":50,"match_type":0,"platform":["0"],"os":["0"],"os_build":["0"],"fixed_in_version":["0"],"target_version":["0"],"profile_id":[0],"priority":[0],"note_user_id":[0],"sticky":true,"filter_by_date":false,"start_month":"04","end_month":"04","start_day":1,"end_day":"13","start_year":"2022","end_year":"2022","filter_by_last_updated_date":false,"last_updated_start_month":"04","last_updated_end_month":"04","last_updated_start_day":1,"last_updated_end_day":"13","last_updated_start_year":"2022","last_updated_end_year":"2022","search":"","view_state":0,"tag_string":"","tag_select":0,"relationship_type":-1,"relationship_bug":0,"custom_fields":{"4":["0"],"3":["0"],"6":["0"],"8":["0"],"9":["0"],"12":["0"],"10":["0"],"11":["0"],"13":["0"],"17":["0"],"16":["0"],"18":["0"],"19":["0"],"20":["0"],"21":["0"],"22":["0"],"23":["0"],"24":["0"]},"_source_query_id":251}'),
(245, 157, -15, 0, '', 'v9#{"_version":"v9","_view_type":"simple","category_id":["0"],"severity":[0],"status":[0],"per_page":50,"highlight_changed":6,"reporter_id":[0],"handler_id":[0],"project_id":[-3],"sort":"last_updated","dir":"DESC","filter_by_date":false,"start_month":5,"start_day":1,"start_year":2022,"end_month":5,"end_day":9,"end_year":2022,"filter_by_last_updated_date":false,"last_updated_start_month":5,"last_updated_start_day":1,"last_updated_start_year":2022,"last_updated_end_month":5,"last_updated_end_day":9,"last_updated_end_year":2022,"search":"","hide_status":[90],"resolution":[0],"build":["0"],"version":["0"],"fixed_in_version":["0"],"target_version":["0"],"priority":[0],"monitor_user_id":[0],"view_state":0,"custom_fields":{"4":["0"],"3":["0"],"6":["0"],"8":["0"],"9":["0"],"12":["0"],"10":["0"],"11":["0"],"13":["0","0","0"],"17":["0","0","0"],"16":["0"],"18":["0"],"19":["0"],"20":["0"],"21":["0"],"22":["0"],"23":["0"],"24":["0"],"25":["0"]},"sticky":true,"relationship_type":-1,"relationship_bug":0,"profile_id":[0],"platform":["0"],"os":["0"],"os_build":["0"],"tag_string":"","tag_select":0,"note_user_id":[0],"match_type":0,"_source_query_id":245}'),
(242, 146, -7, 0, '', 'v9#{"_version":"v9","_view_type":"advanced","category_id":["0"],"severity":[0],"status":[50],"per_page":50,"highlight_changed":6,"reporter_id":[0],"handler_id":[101],"project_id":[-3],"sort":"last_updated","dir":"DESC","filter_by_date":false,"start_month":2,"start_day":1,"start_year":2023,"end_month":2,"end_day":7,"end_year":2023,"filter_by_last_updated_date":false,"last_updated_start_month":2,"last_updated_start_day":1,"last_updated_start_year":2023,"last_updated_end_month":2,"last_updated_end_day":7,"last_updated_end_year":2023,"search":"","hide_status":[-2],"resolution":[0],"build":["0"],"version":["0"],"fixed_in_version":["0"],"target_version":["0"],"priority":[0],"monitor_user_id":[0],"view_state":0,"custom_fields":{"4":["0"],"3":["0"],"6":["0"],"8":["0"],"9":["0"],"12":["0"],"10":["0"],"11":["0"],"13":["0","0","0"],"17":["0"],"16":["0"],"18":["0"],"19":["0"],"20":["0"],"21":["0"],"22":["0"],"23":["0"],"24":["0"],"25":["0"],"26":["0"]},"sticky":true,"relationship_type":-1,"relationship_bug":0,"profile_id":[0],"platform":["0"],"os":["0"],"os_build":["0"],"tag_string":"","tag_select":0,"note_user_id":[0],"match_type":0,"_source_query_id":242}'),
(244, 153, -7, 0, '', 'v9#{"_version":"v9","_view_type":"advanced","category_id":["Defect"],"severity":[0],"status":[80],"per_page":50,"highlight_changed":6,"reporter_id":[153],"handler_id":[0],"project_id":[-3],"sort":"custom_Time Line,id,last_updated,custom_Licence","dir":"ASC,ASC,ASC,ASC","filter_by_date":false,"start_month":6,"start_day":1,"start_year":2023,"end_month":6,"end_day":6,"end_year":2023,"filter_by_last_updated_date":false,"last_updated_start_month":6,"last_updated_start_day":1,"last_updated_start_year":2023,"last_updated_end_month":6,"last_updated_end_day":6,"last_updated_end_year":2023,"search":"","hide_status":[-2],"resolution":[0],"build":["0"],"version":["0"],"fixed_in_version":["0"],"target_version":["0"],"priority":[0],"monitor_user_id":[0],"view_state":0,"custom_fields":{"4":["0"],"3":["0"],"6":["0"],"8":["0"],"9":["0"],"12":["0"],"10":["0"],"11":["0"],"13":["0","0","0"],"17":["0"],"16":["0"],"18":["0"],"19":["0"],"20":["0"],"21":["0"],"22":["0"],"23":["0"],"24":["0"],"25":["0"],"26":["0"]},"sticky":true,"relationship_type":-1,"relationship_bug":0,"profile_id":[0],"platform":["0"],"os":["0"],"os_build":["0"],"tag_string":"","tag_select":0,"note_user_id":[0],"match_type":0}'),
(248, 101, -5, 0, '', 'v9#{"_version":"v9","_view_type":"simple","category_id":["0"],"severity":[0],"status":[0],"highlight_changed":6,"reporter_id":[0],"handler_id":[0],"project_id":[-3],"resolution":[0],"build":["0"],"version":["0"],"hide_status":[90],"monitor_user_id":[0],"sort":"last_updated","dir":"DESC","per_page":50,"match_type":0,"platform":["0"],"os":["0"],"os_build":["0"],"fixed_in_version":["0"],"target_version":["0"],"profile_id":[0],"priority":[0],"note_user_id":[0],"sticky":true,"filter_by_date":false,"start_month":"04","end_month":"04","start_day":1,"end_day":"08","start_year":"2022","end_year":"2022","filter_by_last_updated_date":false,"last_updated_start_month":"04","last_updated_end_month":"04","last_updated_start_day":1,"last_updated_end_day":"08","last_updated_start_year":"2022","last_updated_end_year":"2022","search":"","view_state":0,"tag_string":"","tag_select":0,"relationship_type":-1,"relationship_bug":0,"custom_fields":{"4":["0"],"3":["0"],"6":["0"],"8":["0"],"9":["0"],"12":["0"],"10":["0"],"11":["0"],"13":["0"],"17":["0"],"16":["0"],"18":["0"],"19":["0"],"20":["0"],"21":["0"],"22":["0"],"23":["0"],"24":["0"]}}'),
(250, 146, -17, 0, '', 'v9#{"_version":"v9","_view_type":"advanced","category_id":["0"],"severity":[0],"status":[0],"per_page":50,"highlight_changed":6,"reporter_id":[0],"handler_id":[0],"project_id":[-3],"sort":"status,summary","dir":"ASC,ASC","filter_by_date":false,"start_month":6,"start_day":1,"start_year":2023,"end_month":6,"end_day":2,"end_year":2023,"filter_by_last_updated_date":true,"last_updated_start_month":5,"last_updated_start_day":27,"last_updated_start_year":2023,"last_updated_end_month":6,"last_updated_end_day":2,"last_updated_end_year":2023,"search":"","hide_status":[-2],"resolution":[0],"build":["0"],"version":["0"],"fixed_in_version":["0"],"target_version":["0"],"priority":[0],"monitor_user_id":[0],"view_state":0,"custom_fields":{"4":["0"],"3":["0"],"6":["0"],"8":["0"],"9":["0"],"12":["0"],"10":["0"],"11":["0"],"13":["0","0","0"],"17":["0"],"16":["0"],"18":["0"],"19":["0"],"20":["0"],"21":["0"],"22":["0"],"23":["0"],"24":["0"],"25":["0"],"26":["0"]},"sticky":true,"relationship_type":-1,"relationship_bug":0,"profile_id":[0],"platform":["0"],"os":["0"],"os_build":["0"],"tag_string":"","tag_select":0,"note_user_id":[0],"match_type":0}'),
(249, 49, -17, 0, '', 'v9#{"_version":"v9","_view_type":"simple","category_id":["0"],"severity":[0],"status":[0],"highlight_changed":6,"reporter_id":[0],"handler_id":[0],"project_id":[-3],"resolution":[0],"build":["0"],"version":["0"],"hide_status":[90],"monitor_user_id":[0],"sort":"last_updated","dir":"DESC","per_page":50,"match_type":0,"platform":["0"],"os":["0"],"os_build":["0"],"fixed_in_version":["0"],"target_version":["0"],"profile_id":[0],"priority":[0],"note_user_id":[0],"sticky":true,"filter_by_date":false,"start_month":"08","end_month":"08","start_day":1,"end_day":"01","start_year":"2022","end_year":"2022","filter_by_last_updated_date":false,"last_updated_start_month":"08","last_updated_end_month":"08","last_updated_start_day":1,"last_updated_end_day":"01","last_updated_start_year":"2022","last_updated_end_year":"2022","search":"","view_state":0,"tag_string":"","tag_select":0,"relationship_type":-1,"relationship_bug":0,"custom_fields":{"4":["0"],"3":["0"],"6":["0"],"8":["0"],"9":["0"],"12":["0"],"10":["0"],"11":["0"],"13":["0"],"17":["0"],"16":["0"],"18":["0"],"19":["0"],"20":["0"],"21":["0"],"22":["0"],"23":["0"],"24":["0"],"25":["0"],"26":["0"]},"_source_query_id":249}'),
(252, 148, -17, 0, '', 'v9#{"_version":"v9","_view_type":"advanced","category_id":["0"],"severity":[0],"status":[50],"per_page":50,"highlight_changed":6,"reporter_id":[0],"handler_id":[0],"project_id":[-3],"sort":"last_updated","dir":"DESC","filter_by_date":false,"start_month":5,"start_day":1,"start_year":2023,"end_month":5,"end_day":24,"end_year":2023,"filter_by_last_updated_date":false,"last_updated_start_month":5,"last_updated_start_day":1,"last_updated_start_year":2023,"last_updated_end_month":5,"last_updated_end_day":24,"last_updated_end_year":2023,"search":"","hide_status":[-2],"resolution":[0],"build":["0"],"version":["0"],"fixed_in_version":["0"],"target_version":["0"],"priority":[0],"monitor_user_id":[0],"view_state":0,"custom_fields":{"4":["0"],"3":["0"],"6":["0"],"8":["0"],"9":["0"],"12":["0"],"10":["0"],"11":["0"],"13":["0","0","0"],"17":["0"],"16":["0"],"18":["0"],"19":["0"],"20":["0"],"21":["0"],"22":["0"],"23":["0"],"24":["0"],"25":["0"],"26":["0"]},"sticky":true,"relationship_type":-1,"relationship_bug":0,"profile_id":[0],"platform":["0"],"os":["0"],"os_build":["0"],"tag_string":"","tag_select":0,"note_user_id":[0],"match_type":1}'),
(258, 52, -18, 0, '', 'v9#{"_version":"v9","_view_type":"advanced","category_id":["0"],"severity":[0],"status":[10,20,30,40,50],"per_page":50,"highlight_changed":6,"reporter_id":[0],"handler_id":[0],"project_id":[-3],"sort":"last_updated","dir":"DESC","filter_by_date":false,"start_month":3,"start_day":1,"start_year":2023,"end_month":3,"end_day":10,"end_year":2023,"filter_by_last_updated_date":false,"last_updated_start_month":3,"last_updated_start_day":1,"last_updated_start_year":2023,"last_updated_end_month":3,"last_updated_end_day":10,"last_updated_end_year":2023,"search":"","hide_status":[-2],"resolution":[0],"build":["0"],"version":["0"],"fixed_in_version":["0"],"target_version":["0"],"priority":[0],"monitor_user_id":[0],"view_state":0,"custom_fields":{"4":["0"],"3":["0"],"6":["0"],"8":["0"],"9":["0"],"12":["0"],"10":["0"],"11":["0"],"13":["0","0","0"],"17":["0","0","0"],"16":["0"],"18":["0"],"19":["0"],"20":["0"],"21":["0"],"22":["0"],"23":["0"],"24":["0"],"25":["0"],"26":["0"]},"sticky":true,"relationship_type":-1,"relationship_bug":0,"profile_id":[0],"platform":["0"],"os":["0"],"os_build":["0"],"tag_string":"","tag_select":0,"note_user_id":[0],"match_type":0,"_source_query_id":258}'),
(254, 159, -11, 0, '', 'v9#{"_version":"v9","_view_type":"simple","category_id":["0"],"severity":[0],"status":[90],"per_page":50,"highlight_changed":6,"reporter_id":[159],"handler_id":[0],"project_id":[-3],"sort":"last_updated","dir":"DESC","filter_by_date":false,"start_month":6,"start_day":1,"start_year":2022,"end_month":6,"end_day":15,"end_year":2022,"filter_by_last_updated_date":false,"last_updated_start_month":6,"last_updated_start_day":1,"last_updated_start_year":2022,"last_updated_end_month":6,"last_updated_end_day":15,"last_updated_end_year":2022,"search":"","hide_status":[-2],"resolution":[0],"build":["0"],"version":["0"],"fixed_in_version":["0"],"target_version":["0"],"priority":[0],"monitor_user_id":[0],"view_state":0,"custom_fields":{"4":["0"],"3":["0"],"6":["0"],"8":["0"],"9":["0"],"12":["0"],"10":["0"],"11":["0"],"13":["0","0","0"],"17":["0"],"16":["0"],"18":["0"],"19":["0"],"20":["0"],"21":["0"],"22":["0"],"23":["0"],"24":["0"]},"sticky":true,"relationship_type":-1,"relationship_bug":0,"profile_id":[0],"platform":["0"],"os":["0"],"os_build":["0"],"tag_string":"","tag_select":0,"note_user_id":[0],"match_type":0}'),
(256, 157, -17, 0, '', 'v9#{"_version":"v9","_view_type":"advanced","category_id":["0"],"severity":[0],"status":[50],"per_page":50,"highlight_changed":6,"reporter_id":[0],"handler_id":[0],"project_id":[-3],"sort":"last_updated","dir":"DESC","filter_by_date":false,"start_month":5,"start_day":1,"start_year":2023,"end_month":5,"end_day":15,"end_year":2023,"filter_by_last_updated_date":false,"last_updated_start_month":5,"last_updated_start_day":1,"last_updated_start_year":2023,"last_updated_end_month":5,"last_updated_end_day":15,"last_updated_end_year":2023,"search":"","hide_status":[-2],"resolution":[0],"build":["0"],"version":["0"],"fixed_in_version":["0"],"target_version":["0"],"priority":[0],"monitor_user_id":[0],"view_state":0,"custom_fields":{"4":["0"],"3":["0"],"6":["0"],"8":["0"],"9":["0"],"12":["0"],"10":["0"],"11":["0"],"13":["0","0","0"],"17":["0"],"16":["0"],"18":["0"],"19":["0"],"20":["0"],"21":["0"],"22":["0"],"23":["0"],"24":["0"],"25":["0"],"26":["0"]},"sticky":true,"relationship_type":-1,"relationship_bug":0,"profile_id":[0],"platform":["0"],"os":["0"],"os_build":["0"],"tag_string":"","tag_select":0,"note_user_id":[0],"match_type":0,"_source_query_id":256}'),
(255, 115, -17, 0, '', 'v9#{"_version":"v9","_view_type":"simple","category_id":["0"],"severity":[0],"status":[0],"per_page":50,"highlight_changed":8,"reporter_id":[0],"handler_id":[0],"project_id":[-3],"sort":"last_updated","dir":"DESC","filter_by_date":false,"start_month":6,"start_day":1,"start_year":2023,"end_month":6,"end_day":5,"end_year":2023,"filter_by_last_updated_date":true,"last_updated_start_month":5,"last_updated_start_day":29,"last_updated_start_year":2023,"last_updated_end_month":6,"last_updated_end_day":29,"last_updated_end_year":2023,"search":"","hide_status":[-2],"resolution":[0],"build":["0"],"version":["0"],"fixed_in_version":["0"],"target_version":["0"],"priority":[0],"monitor_user_id":[0],"view_state":0,"custom_fields":{"4":["0"],"3":["0"],"6":["0"],"8":["0"],"9":["0"],"12":["0"],"10":["0"],"11":["0"],"13":["0","1","1"],"17":["0"],"16":["0"],"18":["0"],"19":["0"],"20":["0"],"21":["0"],"22":["0"],"23":["0"],"24":["0"],"25":["0"],"26":["0"]},"sticky":true,"relationship_type":-1,"relationship_bug":0,"profile_id":[0],"platform":["0"],"os":["0"],"os_build":["0"],"tag_string":"","tag_select":0,"note_user_id":[0],"match_type":0}'),
(264, 162, -14, 0, '', 'v9#{"_version":"v9","_view_type":"simple","category_id":["0"],"severity":[0],"status":[90],"per_page":50,"highlight_changed":6,"reporter_id":[0],"handler_id":[176],"project_id":[-3],"sort":"last_updated","dir":"DESC","filter_by_date":false,"start_month":5,"start_day":1,"start_year":2023,"end_month":5,"end_day":11,"end_year":2023,"filter_by_last_updated_date":false,"last_updated_start_month":5,"last_updated_start_day":1,"last_updated_start_year":2023,"last_updated_end_month":5,"last_updated_end_day":11,"last_updated_end_year":2023,"search":"","hide_status":[-2],"resolution":[0],"build":["0"],"version":["0"],"fixed_in_version":["0"],"target_version":["0"],"priority":[0],"monitor_user_id":[0],"view_state":0,"custom_fields":{"4":["0"],"3":["0"],"6":["0"],"8":["0"],"9":["0"],"12":["0"],"10":["0"],"11":["0"],"13":["0"],"17":["0"],"16":["0"],"18":["0"],"19":["0"],"20":["0"],"21":["0"],"22":["0"],"23":["0"],"24":["0"],"25":["0"],"26":["0"]},"sticky":true,"relationship_type":-1,"relationship_bug":0,"profile_id":[0],"platform":["0"],"os":["0"],"os_build":["0"],"tag_string":"","tag_select":0,"note_user_id":[0],"match_type":0}'),
(265, 146, -18, 0, '', 'v9#{"_version":"v9","_view_type":"simple","category_id":["0"],"severity":[0],"status":[0],"highlight_changed":6,"reporter_id":[0],"handler_id":[0],"project_id":[-3],"resolution":[0],"build":["0"],"version":["0"],"hide_status":[90],"monitor_user_id":[0],"sort":"last_updated","dir":"DESC","per_page":50,"match_type":0,"platform":["0"],"os":["0"],"os_build":["0"],"fixed_in_version":["0"],"target_version":["0"],"profile_id":[0],"priority":[0],"note_user_id":[0],"sticky":true,"filter_by_date":false,"start_month":"05","end_month":"05","start_day":1,"end_day":"25","start_year":"2022","end_year":"2022","filter_by_last_updated_date":false,"last_updated_start_month":"05","last_updated_end_month":"05","last_updated_start_day":1,"last_updated_end_day":"25","last_updated_start_year":"2022","last_updated_end_year":"2022","search":"","view_state":0,"tag_string":"","tag_select":0,"relationship_type":-1,"relationship_bug":0,"custom_fields":{"4":["0"],"3":["0"],"6":["0"],"8":["0"],"9":["0"],"12":["0"],"10":["0"],"11":["0"],"13":["0"],"17":["0"],"16":["0"],"18":["0"],"19":["0"],"20":["0"],"21":["0"],"22":["0"],"23":["0"],"24":["0"],"25":["0"],"26":["0"]},"_source_query_id":265}'),
(267, 155, -18, 0, '', 'v9#{"_version":"v9","_view_type":"advanced","category_id":["0"],"severity":[0],"status":[0],"per_page":50,"highlight_changed":6,"reporter_id":[0],"handler_id":[0],"project_id":[18],"sort":"last_updated","dir":"DESC","filter_by_date":false,"start_month":5,"start_day":1,"start_year":2023,"end_month":5,"end_day":29,"end_year":2023,"filter_by_last_updated_date":false,"last_updated_start_month":5,"last_updated_start_day":1,"last_updated_start_year":2023,"last_updated_end_month":5,"last_updated_end_day":29,"last_updated_end_year":2023,"search":"","hide_status":[-2],"resolution":[0],"build":["0"],"version":["0"],"fixed_in_version":["0"],"target_version":["0"],"priority":[0],"monitor_user_id":[0],"view_state":0,"custom_fields":{"4":["0"],"3":["0"],"6":["0"],"8":["0"],"9":["0"],"12":["0"],"10":["0"],"11":["0"],"13":["0","0","0"],"17":["0","0","0"],"16":["0"],"18":["0"],"19":["0"],"20":["0"],"21":["0"],"22":["0"],"23":["0"],"24":["0"],"25":["0"],"26":["0"]},"sticky":true,"relationship_type":-1,"relationship_bug":0,"profile_id":[0],"platform":["0"],"os":["0"],"os_build":["0"],"tag_string":"","tag_select":0,"note_user_id":[0],"match_type":0,"_source_query_id":267}'),
(260, 151, -14, 0, '', 'v9#{"_version":"v9","_view_type":"simple","category_id":["0"],"severity":[0],"status":[90],"per_page":50,"highlight_changed":6,"reporter_id":[0],"handler_id":[0],"project_id":[-3],"sort":"last_updated","dir":"DESC","filter_by_date":false,"start_month":4,"start_day":1,"start_year":2023,"end_month":4,"end_day":24,"end_year":2023,"filter_by_last_updated_date":false,"last_updated_start_month":4,"last_updated_start_day":1,"last_updated_start_year":2023,"last_updated_end_month":4,"last_updated_end_day":24,"last_updated_end_year":2023,"search":"Analysis","hide_status":[-2],"resolution":[0],"build":["0"],"version":["0"],"fixed_in_version":["0"],"target_version":["0"],"priority":[0],"monitor_user_id":[0],"view_state":0,"custom_fields":{"4":["0"],"3":["0"],"6":["0"],"8":["0"],"9":["0"],"12":["0"],"10":["0"],"11":["0"],"13":["0"],"17":["0"],"16":["0"],"18":["0"],"19":["0"],"20":["0"],"21":["0"],"22":["0"],"23":["0"],"24":["0"],"25":["0"],"26":["0"]},"sticky":true,"relationship_type":-1,"relationship_bug":0,"profile_id":[0],"platform":["0"],"os":["0"],"os_build":["0"],"tag_string":"","tag_select":0,"note_user_id":[0],"match_type":0}'),
(259, 119, -18, 0, '', 'v9#{"_version":"v9","_view_type":"simple","category_id":["0"],"severity":[0],"status":[0],"highlight_changed":6,"reporter_id":[0],"handler_id":[0],"project_id":[-3],"resolution":[0],"build":["0"],"version":["0"],"hide_status":[90],"monitor_user_id":[0],"sort":"last_updated","dir":"DESC","per_page":50,"match_type":0,"platform":["0"],"os":["0"],"os_build":["0"],"fixed_in_version":["0"],"target_version":["0"],"profile_id":[0],"priority":[0],"note_user_id":[0],"sticky":true,"filter_by_date":false,"start_month":"05","end_month":"05","start_day":1,"end_day":"13","start_year":"2022","end_year":"2022","filter_by_last_updated_date":false,"last_updated_start_month":"05","last_updated_end_month":"05","last_updated_start_day":1,"last_updated_end_day":"13","last_updated_start_year":"2022","last_updated_end_year":"2022","search":"","view_state":0,"tag_string":"","tag_select":0,"relationship_type":-1,"relationship_bug":0,"custom_fields":{"4":["0"],"3":["0"],"6":["0"],"8":["0"],"9":["0"],"12":["0"],"10":["0"],"11":["0"],"13":["0"],"17":["0"],"16":["0"],"18":["0"],"19":["0"],"20":["0"],"21":["0"],"22":["0"],"23":["0"],"24":["0"]}}'),
(261, 108, -14, 0, '', 'v9#{"_version":"v9","_view_type":"simple","category_id":["0"],"severity":[0],"status":[0],"per_page":50,"highlight_changed":6,"reporter_id":[0],"handler_id":[108],"project_id":[-3],"sort":"last_updated","dir":"DESC","filter_by_date":false,"start_month":5,"start_day":1,"start_year":2022,"end_month":5,"end_day":18,"end_year":2022,"filter_by_last_updated_date":false,"last_updated_start_month":5,"last_updated_start_day":1,"last_updated_start_year":2022,"last_updated_end_month":5,"last_updated_end_day":18,"last_updated_end_year":2022,"search":"","hide_status":[90],"resolution":[0],"build":["0"],"version":["0"],"fixed_in_version":["0"],"target_version":["0"],"priority":[0],"monitor_user_id":[0],"view_state":0,"custom_fields":{"4":["0"],"3":["0"],"6":["0"],"8":["0"],"9":["0"],"12":["0"],"10":["0"],"11":["0"],"13":["0"],"17":["0"],"16":["0"],"18":["0"],"19":["0"],"20":["0"],"21":["0"],"22":["0"],"23":["0"],"24":["0"]},"sticky":true,"relationship_type":-1,"relationship_bug":0,"profile_id":[0],"platform":["0"],"os":["0"],"os_build":["0"],"tag_string":"","tag_select":0,"note_user_id":[0],"match_type":0}'),
(262, 141, -14, 0, '', 'v9#{"_version":"v9","_view_type":"simple","category_id":["0"],"severity":[0],"status":[50],"per_page":50,"highlight_changed":6,"reporter_id":[0],"handler_id":[0],"project_id":[-3],"sort":"last_updated","dir":"DESC","filter_by_date":false,"start_month":7,"start_day":1,"start_year":2022,"end_month":7,"end_day":8,"end_year":2022,"filter_by_last_updated_date":false,"last_updated_start_month":7,"last_updated_start_day":1,"last_updated_start_year":2022,"last_updated_end_month":7,"last_updated_end_day":8,"last_updated_end_year":2022,"search":"","hide_status":[-2],"resolution":[0],"build":["0"],"version":["0"],"fixed_in_version":["0"],"target_version":["0"],"priority":[0],"monitor_user_id":[0],"view_state":0,"custom_fields":{"4":["0"],"3":["0"],"6":["0"],"8":["0"],"9":["0"],"12":["0"],"10":["0"],"11":["0"],"13":["0"],"17":["0"],"16":["0"],"18":["0"],"19":["0"],"20":["0"],"21":["0"],"22":["0"],"23":["0"],"24":["0"]},"sticky":true,"relationship_type":-1,"relationship_bug":0,"profile_id":[0],"platform":["0"],"os":["0"],"os_build":["0"],"tag_string":"","tag_select":0,"note_user_id":[0],"match_type":0}'),
(263, 162, 0, 0, '', 'v9#{"_version":"v9","_view_type":"simple","category_id":["0"],"severity":[0],"status":[50],"per_page":50,"highlight_changed":6,"reporter_id":[0],"handler_id":[176],"project_id":[-3],"sort":"last_updated","dir":"DESC","filter_by_date":false,"start_month":5,"start_day":1,"start_year":2023,"end_month":5,"end_day":11,"end_year":2023,"filter_by_last_updated_date":false,"last_updated_start_month":5,"last_updated_start_day":1,"last_updated_start_year":2023,"last_updated_end_month":5,"last_updated_end_day":11,"last_updated_end_year":2023,"search":"","hide_status":[-2],"resolution":[0],"build":["0"],"version":["0"],"fixed_in_version":["0"],"target_version":["0"],"priority":[0],"monitor_user_id":[0],"view_state":0,"custom_fields":{"4":["0"],"3":["0"],"6":["0"],"8":["0"],"9":["0"],"12":["0"],"10":["0"],"11":["0"],"13":["0","0","0"],"17":["0"],"16":["0"],"18":["0"],"19":["0"],"20":["0"],"21":["0"],"22":["0"],"23":["0"],"24":["0"],"25":["0"],"26":["0"]},"sticky":true,"relationship_type":-1,"relationship_bug":0,"profile_id":[0],"platform":["0"],"os":["0"],"os_build":["0"],"tag_string":"","tag_select":0,"note_user_id":[0],"match_type":0}'),
(266, 154, -18, 0, '', 'v9#{"_version":"v9","_view_type":"simple","category_id":["0"],"severity":[0],"status":[0],"highlight_changed":6,"reporter_id":[0],"handler_id":[0],"project_id":[-3],"resolution":[0],"build":["0"],"version":["0"],"hide_status":[90],"monitor_user_id":[0],"sort":"last_updated","dir":"DESC","per_page":50,"match_type":0,"platform":["0"],"os":["0"],"os_build":["0"],"fixed_in_version":["0"],"target_version":["0"],"profile_id":[0],"priority":[0],"note_user_id":[0],"sticky":true,"filter_by_date":false,"start_month":"05","end_month":"05","start_day":1,"end_day":"25","start_year":"2022","end_year":"2022","filter_by_last_updated_date":false,"last_updated_start_month":"05","last_updated_end_month":"05","last_updated_start_day":1,"last_updated_end_day":"25","last_updated_start_year":"2022","last_updated_end_year":"2022","search":"","view_state":0,"tag_string":"","tag_select":0,"relationship_type":-1,"relationship_bug":0,"custom_fields":{"4":["0"],"3":["0"],"6":["0"],"8":["0"],"9":["0"],"12":["0"],"10":["0"],"11":["0"],"13":["0"],"17":["0"],"16":["0"],"18":["0"],"19":["0"],"20":["0"],"21":["0"],"22":["0"],"23":["0"],"24":["0"],"25":["0"],"26":["0"]},"_source_query_id":266}'),
(268, 134, -14, 0, '', 'v9#{"_version":"v9","_view_type":"simple","category_id":["0"],"severity":[0],"status":[0],"highlight_changed":6,"reporter_id":[0],"handler_id":[0],"project_id":[-3],"resolution":[0],"build":["0"],"version":["0"],"hide_status":[90],"monitor_user_id":[0],"sort":"last_updated","dir":"DESC","per_page":50,"match_type":0,"platform":["0"],"os":["0"],"os_build":["0"],"fixed_in_version":["0"],"target_version":["0"],"profile_id":[0],"priority":[0],"note_user_id":[0],"sticky":true,"filter_by_date":false,"start_month":"05","end_month":"05","start_day":1,"end_day":"27","start_year":"2022","end_year":"2022","filter_by_last_updated_date":false,"last_updated_start_month":"05","last_updated_end_month":"05","last_updated_start_day":1,"last_updated_end_day":"27","last_updated_start_year":"2022","last_updated_end_year":"2022","search":"","view_state":0,"tag_string":"","tag_select":0,"relationship_type":-1,"relationship_bug":0,"custom_fields":{"4":["0"],"3":["0"],"6":["0"],"8":["0"],"9":["0"],"12":["0"],"10":["0"],"11":["0"],"13":["0"],"17":["0"],"16":["0"],"18":["0"],"19":["0"],"20":["0"],"21":["0"],"22":["0"],"23":["0"],"24":["0"]}}'),
(316, 70, -8, 0, '', 'v9#{"_version":"v9","_view_type":"simple","category_id":["0"],"severity":[0],"status":[0],"highlight_changed":6,"reporter_id":[0],"handler_id":[0],"project_id":[-3],"resolution":[0],"build":["0"],"version":["0"],"hide_status":[90],"monitor_user_id":[0],"sort":"last_updated","dir":"DESC","per_page":50,"match_type":0,"platform":["0"],"os":["0"],"os_build":["0"],"fixed_in_version":["0"],"target_version":["0"],"profile_id":[0],"priority":[0],"note_user_id":[0],"sticky":true,"filter_by_date":false,"start_month":"02","end_month":"02","start_day":1,"end_day":"16","start_year":"2023","end_year":"2023","filter_by_last_updated_date":false,"last_updated_start_month":"02","last_updated_end_month":"02","last_updated_start_day":1,"last_updated_end_day":"16","last_updated_start_year":"2023","last_updated_end_year":"2023","search":"","view_state":0,"tag_string":"","tag_select":0,"relationship_type":-1,"relationship_bug":0,"custom_fields":{"4":["0"],"3":["0"],"6":["0"],"8":["0"],"9":["0"],"12":["0"],"10":["0"],"11":["0"],"13":["0"],"17":["0"],"16":["0"],"18":["0"],"19":["0"],"20":["0"],"21":["0"],"22":["0"],"23":["0"],"24":["0"],"25":["0"],"26":["0"]},"_source_query_id":316}'),
(276, 156, 0, 0, '', 'v9#{"_version":"v9","_view_type":"advanced","category_id":["0"],"severity":[0],"status":[20,50],"per_page":50,"highlight_changed":6,"reporter_id":[0],"handler_id":[156],"project_id":[-3],"sort":"custom_Time Line,custom_Dead Line,last_updated","dir":"ASC,ASC,ASC","filter_by_date":false,"start_month":6,"start_day":1,"start_year":2023,"end_month":6,"end_day":6,"end_year":2023,"filter_by_last_updated_date":false,"last_updated_start_month":6,"last_updated_start_day":1,"last_updated_start_year":2023,"last_updated_end_month":6,"last_updated_end_day":6,"last_updated_end_year":2023,"search":"","hide_status":[-2],"resolution":[0],"build":["0"],"version":["0"],"fixed_in_version":["0"],"target_version":["0"],"priority":[0],"monitor_user_id":[0],"view_state":0,"custom_fields":{"4":["0"],"3":["0"],"6":["0"],"8":["0"],"9":["0"],"12":["0"],"10":["0"],"11":["0"],"13":["0","1","1"],"17":["0","0","0"],"16":["0"],"18":["0"],"19":["0"],"20":["0"],"21":["0"],"22":["0"],"23":["0"],"24":["0"],"25":["0"],"26":["0"]},"sticky":true,"relationship_type":-1,"relationship_bug":0,"profile_id":[0],"platform":["0"],"os":["0"],"os_build":["0"],"tag_string":"","tag_select":0,"note_user_id":[0],"match_type":0}'),
(272, 144, -14, 0, '', 'v9#{"_version":"v9","_view_type":"simple","category_id":["0"],"severity":[0],"status":[0],"per_page":50,"highlight_changed":6,"reporter_id":[144],"handler_id":[0],"project_id":[-3],"sort":"last_updated","dir":"DESC","filter_by_date":false,"start_month":6,"start_day":1,"start_year":2022,"end_month":6,"end_day":16,"end_year":2022,"filter_by_last_updated_date":false,"last_updated_start_month":6,"last_updated_start_day":1,"last_updated_start_year":2022,"last_updated_end_month":6,"last_updated_end_day":16,"last_updated_end_year":2022,"search":"","hide_status":[-2],"resolution":[0],"build":["0"],"version":["0"],"fixed_in_version":["0"],"target_version":["0"],"priority":[0],"monitor_user_id":[0],"view_state":0,"custom_fields":{"4":["0"],"3":["0"],"6":["0"],"8":["0"],"9":["0"],"12":["0"],"10":["0"],"11":["0"],"13":["0"],"17":["0"],"16":["0"],"18":["0"],"19":["0"],"20":["0"],"21":["0"],"22":["0"],"23":["0"],"24":["0"]},"sticky":true,"relationship_type":-1,"relationship_bug":0,"profile_id":[0],"platform":["0"],"os":["0"],"os_build":["0"],"tag_string":"","tag_select":0,"note_user_id":[0],"match_type":0}');
INSERT INTO `mantis_filters_table` (`id`, `user_id`, `project_id`, `is_public`, `name`, `filter_string`) VALUES
(273, 165, -11, 0, '', 'v9#{"_version":"v9","_view_type":"simple","category_id":["0"],"severity":[0],"status":[90],"per_page":50,"highlight_changed":6,"reporter_id":[144],"handler_id":[0],"project_id":[-3],"sort":"last_updated","dir":"DESC","filter_by_date":false,"start_month":7,"start_day":1,"start_year":2022,"end_month":7,"end_day":25,"end_year":2022,"filter_by_last_updated_date":false,"last_updated_start_month":7,"last_updated_start_day":1,"last_updated_start_year":2022,"last_updated_end_month":7,"last_updated_end_day":25,"last_updated_end_year":2022,"search":"","hide_status":[-2],"resolution":[0],"build":["0"],"version":["0"],"fixed_in_version":["0"],"target_version":["0"],"priority":[0],"monitor_user_id":[0],"view_state":0,"custom_fields":{"4":["0"],"3":["0"],"6":["0"],"8":["0"],"9":["0"],"12":["0"],"10":["0"],"11":["0"],"13":["0"],"17":["0"],"16":["0"],"18":["0"],"19":["0"],"20":["0"],"21":["0"],"22":["0"],"23":["0"],"24":["0"]},"sticky":true,"relationship_type":-1,"relationship_bug":0,"profile_id":[0],"platform":["0"],"os":["0"],"os_build":["0"],"tag_string":"","tag_select":0,"note_user_id":[0],"match_type":0}'),
(281, 101, -18, 0, '', 'v9#{"_version":"v9","_view_type":"simple","category_id":["0"],"severity":[0],"status":[0],"highlight_changed":6,"reporter_id":[0],"handler_id":[0],"project_id":[-3],"resolution":[0],"build":["0"],"version":["0"],"hide_status":[90],"monitor_user_id":[0],"sort":"last_updated","dir":"DESC","per_page":50,"match_type":0,"platform":["0"],"os":["0"],"os_build":["0"],"fixed_in_version":["0"],"target_version":["0"],"profile_id":[0],"priority":[0],"note_user_id":[0],"sticky":true,"filter_by_date":false,"start_month":"07","end_month":"07","start_day":1,"end_day":"20","start_year":"2022","end_year":"2022","filter_by_last_updated_date":false,"last_updated_start_month":"07","last_updated_end_month":"07","last_updated_start_day":1,"last_updated_end_day":"20","last_updated_start_year":"2022","last_updated_end_year":"2022","search":"","view_state":0,"tag_string":"","tag_select":0,"relationship_type":-1,"relationship_bug":0,"custom_fields":{"4":["0"],"3":["0"],"6":["0"],"8":["0"],"9":["0"],"12":["0"],"10":["0"],"11":["0"],"13":["0"],"17":["0"],"16":["0"],"18":["0"],"19":["0"],"20":["0"],"21":["0"],"22":["0"],"23":["0"],"24":["0"],"25":["0"]},"_source_query_id":281}'),
(274, 163, 0, 0, '', 'v9#{"_version":"v9","_view_type":"advanced","category_id":["0"],"severity":[0],"status":[50],"per_page":50,"highlight_changed":6,"reporter_id":[0],"handler_id":[-1],"project_id":[14],"sort":"last_updated","dir":"DESC","filter_by_date":false,"start_month":5,"start_day":1,"start_year":2023,"end_month":5,"end_day":24,"end_year":2023,"filter_by_last_updated_date":false,"last_updated_start_month":5,"last_updated_start_day":1,"last_updated_start_year":2023,"last_updated_end_month":5,"last_updated_end_day":24,"last_updated_end_year":2023,"search":"","hide_status":[-2],"resolution":[0],"build":["0"],"version":["0"],"fixed_in_version":["0"],"target_version":["0"],"priority":[0],"monitor_user_id":[0],"view_state":0,"custom_fields":{"4":["0"],"3":["0"],"6":["0"],"8":["0"],"9":["0"],"12":["0"],"10":["0"],"11":["0"],"13":["0"],"17":["0"],"16":["0"],"18":["0"],"19":["0"],"20":["0"],"21":["0"],"22":["0"],"23":["0"],"24":["0"],"25":["0"],"26":["0"]},"sticky":true,"relationship_type":-1,"relationship_bug":0,"profile_id":[0],"platform":["0"],"os":["0"],"os_build":["0"],"tag_string":"","tag_select":0,"note_user_id":[0],"match_type":0}'),
(277, 165, 0, 0, '', 'v9#{"_version":"v9","_view_type":"simple","category_id":["0"],"severity":[0],"status":[0],"highlight_changed":6,"reporter_id":[0],"handler_id":[0],"project_id":[-3],"resolution":[0],"build":["0"],"version":["0"],"hide_status":[90],"monitor_user_id":[0],"sort":"last_updated","dir":"DESC","per_page":50,"match_type":0,"platform":["0"],"os":["0"],"os_build":["0"],"fixed_in_version":["0"],"target_version":["0"],"profile_id":[0],"priority":[0],"note_user_id":[0],"sticky":true,"filter_by_date":false,"start_month":"06","end_month":"06","start_day":1,"end_day":"27","start_year":"2022","end_year":"2022","filter_by_last_updated_date":false,"last_updated_start_month":"06","last_updated_end_month":"06","last_updated_start_day":1,"last_updated_end_day":"27","last_updated_start_year":"2022","last_updated_end_year":"2022","search":"","view_state":0,"tag_string":"","tag_select":0,"relationship_type":-1,"relationship_bug":0,"custom_fields":{"4":["0"],"3":["0"],"6":["0"],"8":["0"],"9":["0"],"12":["0"],"10":["0"],"11":["0"],"13":["0"],"17":["0"],"16":["0"],"18":["0"],"19":["0"],"20":["0"],"21":["0"],"22":["0"],"23":["0"],"24":["0"]}}'),
(275, 55, -14, 0, '', 'v9#{"_version":"v9","_view_type":"simple","category_id":["0"],"severity":[0],"status":[20],"per_page":50,"highlight_changed":6,"reporter_id":[0],"handler_id":[0],"project_id":[-3],"sort":"category_id,last_updated","dir":"ASC,DESC","filter_by_date":false,"start_month":6,"start_day":1,"start_year":2022,"end_month":6,"end_day":22,"end_year":2022,"filter_by_last_updated_date":false,"last_updated_start_month":6,"last_updated_start_day":1,"last_updated_start_year":2022,"last_updated_end_month":6,"last_updated_end_day":22,"last_updated_end_year":2022,"search":"","hide_status":[90],"resolution":[0],"build":["0"],"version":["0"],"fixed_in_version":["0"],"target_version":["0"],"priority":[0],"monitor_user_id":[0],"view_state":0,"custom_fields":{"4":["0"],"3":["0"],"6":["0"],"8":["0"],"9":["0"],"12":["0"],"10":["0"],"11":["0"],"13":["0"],"17":["0"],"16":["0"],"18":["0"],"19":["0"],"20":["0"],"21":["0"],"22":["0"],"23":["0"],"24":["0"]},"sticky":true,"relationship_type":-1,"relationship_bug":0,"profile_id":[0],"platform":["0"],"os":["0"],"os_build":["0"],"tag_string":"","tag_select":0,"note_user_id":[0],"match_type":0}'),
(278, 141, -18, 0, '', 'v9#{"_version":"v9","_view_type":"simple","category_id":["0"],"severity":[0],"status":[0],"highlight_changed":6,"reporter_id":[0],"handler_id":[0],"project_id":[-3],"resolution":[0],"build":["0"],"version":["0"],"hide_status":[90],"monitor_user_id":[0],"sort":"last_updated","dir":"DESC","per_page":50,"match_type":0,"platform":["0"],"os":["0"],"os_build":["0"],"fixed_in_version":["0"],"target_version":["0"],"profile_id":[0],"priority":[0],"note_user_id":[0],"sticky":true,"filter_by_date":false,"start_month":"06","end_month":"06","start_day":1,"end_day":"27","start_year":"2022","end_year":"2022","filter_by_last_updated_date":false,"last_updated_start_month":"06","last_updated_end_month":"06","last_updated_start_day":1,"last_updated_end_day":"27","last_updated_start_year":"2022","last_updated_end_year":"2022","search":"","view_state":0,"tag_string":"","tag_select":0,"relationship_type":-1,"relationship_bug":0,"custom_fields":{"4":["0"],"3":["0"],"6":["0"],"8":["0"],"9":["0"],"12":["0"],"10":["0"],"11":["0"],"13":["0"],"17":["0"],"16":["0"],"18":["0"],"19":["0"],"20":["0"],"21":["0"],"22":["0"],"23":["0"],"24":["0"]}}'),
(279, 98, -14, 0, '', 'v9#{"_version":"v9","_view_type":"simple","category_id":["0"],"severity":[0],"status":[0],"per_page":50,"highlight_changed":6,"reporter_id":[0],"handler_id":[0],"project_id":[-3],"sort":"last_updated","dir":"DESC","filter_by_date":false,"start_month":12,"start_day":1,"start_year":2022,"end_month":12,"end_day":22,"end_year":2022,"filter_by_last_updated_date":true,"last_updated_start_month":12,"last_updated_start_day":15,"last_updated_start_year":2022,"last_updated_end_month":12,"last_updated_end_day":21,"last_updated_end_year":2022,"search":"","hide_status":[-2],"resolution":[0],"build":["0"],"version":["0"],"fixed_in_version":["0"],"target_version":["0"],"priority":[0],"monitor_user_id":[0],"view_state":0,"custom_fields":{"4":["0"],"3":["0"],"6":["0"],"8":["0"],"9":["0"],"12":["0"],"10":["0"],"11":["0"],"13":["0"],"17":["0"],"16":["0"],"18":["0"],"19":["0"],"20":["0"],"21":["0"],"22":["0"],"23":["0"],"24":["0"],"25":["0"]},"sticky":true,"relationship_type":-1,"relationship_bug":0,"profile_id":[0],"platform":["0"],"os":["0"],"os_build":["0"],"tag_string":"","tag_select":0,"note_user_id":[0],"match_type":0,"_source_query_id":279}'),
(280, 160, -14, 0, '', 'v9#{"_version":"v9","_view_type":"simple","category_id":["0"],"severity":[0],"status":[0],"per_page":50,"highlight_changed":6,"reporter_id":[0],"handler_id":[0],"project_id":[-3],"sort":"last_updated","dir":"DESC","filter_by_date":false,"start_month":12,"start_day":1,"start_year":2022,"end_month":12,"end_day":28,"end_year":2022,"filter_by_last_updated_date":false,"last_updated_start_month":12,"last_updated_start_day":1,"last_updated_start_year":2022,"last_updated_end_month":12,"last_updated_end_day":28,"last_updated_end_year":2022,"search":"","hide_status":[90],"resolution":[0],"build":["0"],"version":["0"],"fixed_in_version":["0"],"target_version":["0"],"priority":[0],"monitor_user_id":[0],"view_state":0,"custom_fields":{"4":["0"],"3":["0"],"6":["0"],"8":["0"],"9":["0"],"12":["0"],"10":["0"],"11":["0"],"13":["0"],"17":["0"],"16":["0"],"18":["0"],"19":["0"],"20":["0"],"21":["0"],"22":["0"],"23":["0"],"24":["0"],"25":["0"]},"sticky":true,"relationship_type":-1,"relationship_bug":0,"profile_id":[0],"platform":["0"],"os":["0"],"os_build":["0"],"tag_string":"","tag_select":0,"note_user_id":[0],"match_type":0,"_source_query_id":280}'),
(283, 167, -5, 0, '', 'v9#{"_version":"v9","_view_type":"advanced","category_id":["0"],"severity":[0],"status":[10,20,30,40,50],"per_page":50,"highlight_changed":6,"reporter_id":[0],"handler_id":[167],"project_id":[-3],"sort":"last_updated","dir":"DESC","filter_by_date":false,"start_month":8,"start_day":1,"start_year":2022,"end_month":8,"end_day":6,"end_year":2022,"filter_by_last_updated_date":false,"last_updated_start_month":8,"last_updated_start_day":1,"last_updated_start_year":2022,"last_updated_end_month":8,"last_updated_end_day":6,"last_updated_end_year":2022,"search":"","hide_status":[-2],"resolution":[0],"build":["0"],"version":["0"],"fixed_in_version":["0"],"target_version":["0"],"priority":[0],"monitor_user_id":[0],"view_state":0,"custom_fields":{"4":["0"],"3":["0"],"6":["0"],"8":["0"],"9":["0"],"12":["0"],"10":["0"],"11":["0"],"13":["0","0","0"],"17":["0","0","0"],"16":["0"],"18":["0"],"19":["0"],"20":["0"],"21":["0"],"22":["0"],"23":["0"],"24":["0"],"25":["0"]},"sticky":true,"relationship_type":-1,"relationship_bug":0,"profile_id":[0],"platform":["0"],"os":["0"],"os_build":["0"],"tag_string":"","tag_select":0,"note_user_id":[0],"match_type":0,"_source_query_id":283}'),
(286, 163, -11, 0, '', 'v9#{"_version":"v9","_view_type":"simple","category_id":["0"],"severity":[0],"status":[0],"per_page":50,"highlight_changed":6,"reporter_id":[0],"handler_id":[-1],"project_id":[-3],"sort":"last_updated,priority,custom_OccuCare Module","dir":"DESC,DESC,ASC","filter_by_date":false,"start_month":6,"start_day":1,"start_year":2023,"end_month":6,"end_day":6,"end_year":2023,"filter_by_last_updated_date":false,"last_updated_start_month":6,"last_updated_start_day":1,"last_updated_start_year":2023,"last_updated_end_month":6,"last_updated_end_day":6,"last_updated_end_year":2023,"search":"","hide_status":[80],"resolution":[0],"build":["0"],"version":["0"],"fixed_in_version":["0"],"target_version":["0"],"priority":[0],"monitor_user_id":[0],"view_state":0,"custom_fields":{"4":["0"],"3":["0"],"6":["0"],"8":["0"],"9":["0"],"12":["0"],"10":["0"],"11":["0"],"13":["0","0","0"],"17":["0"],"16":["0"],"18":["0"],"19":["0"],"20":["0"],"21":["0"],"22":["0"],"23":["0"],"24":["0"],"25":["0"],"26":["0"]},"sticky":true,"relationship_type":-1,"relationship_bug":0,"profile_id":[0],"platform":["0"],"os":["0"],"os_build":["0"],"tag_string":"","tag_select":0,"note_user_id":[0],"match_type":0}'),
(282, 167, 0, 0, '', 'v9#{"_version":"v9","_view_type":"advanced","category_id":["0"],"severity":[0],"status":[80,90],"per_page":50,"highlight_changed":6,"reporter_id":[0],"handler_id":[167],"project_id":[-3],"sort":"last_updated","dir":"DESC","filter_by_date":false,"start_month":11,"start_day":1,"start_year":2022,"end_month":11,"end_day":30,"end_year":2022,"filter_by_last_updated_date":false,"last_updated_start_month":11,"last_updated_start_day":1,"last_updated_start_year":2022,"last_updated_end_month":11,"last_updated_end_day":30,"last_updated_end_year":2022,"search":"","hide_status":[-2],"resolution":[0],"build":["0"],"version":["0"],"fixed_in_version":["0"],"target_version":["0"],"priority":[0],"monitor_user_id":[0],"view_state":0,"custom_fields":{"4":["0"],"3":["0"],"6":["0"],"8":["0"],"9":["0"],"12":["0"],"10":["0"],"11":["0"],"13":["0","0","0"],"17":["0","0","0"],"16":["0"],"18":["0"],"19":["0"],"20":["0"],"21":["0"],"22":["0"],"23":["0"],"24":["0"],"25":["0"]},"sticky":true,"relationship_type":-1,"relationship_bug":0,"profile_id":[0],"platform":["0"],"os":["0"],"os_build":["0"],"tag_string":"","tag_select":0,"note_user_id":[0],"match_type":0}'),
(295, 174, -11, 0, '', 'v9#{"_version":"v9","_view_type":"simple","category_id":["0"],"severity":[50],"status":[50],"per_page":50,"highlight_changed":6,"reporter_id":[0],"handler_id":[174],"project_id":[-3],"sort":"last_updated","dir":"DESC","filter_by_date":false,"start_month":10,"start_day":1,"start_year":2022,"end_month":10,"end_day":11,"end_year":2022,"filter_by_last_updated_date":false,"last_updated_start_month":10,"last_updated_start_day":1,"last_updated_start_year":2022,"last_updated_end_month":10,"last_updated_end_day":11,"last_updated_end_year":2022,"search":"","hide_status":[90],"resolution":[0],"build":["0"],"version":["0"],"fixed_in_version":["0"],"target_version":["0"],"priority":[0],"monitor_user_id":[0],"view_state":0,"custom_fields":{"4":["0"],"3":["0"],"6":["0"],"8":["0"],"9":["0"],"12":["0"],"10":["0"],"11":["0"],"13":["0","0","0"],"17":["0"],"16":["0"],"18":["0"],"19":["0"],"20":["0"],"21":["0"],"22":["0"],"23":["0"],"24":["0"],"25":["0"]},"sticky":true,"relationship_type":-1,"relationship_bug":0,"profile_id":[0],"platform":["0"],"os":["0"],"os_build":["0"],"tag_string":"","tag_select":0,"note_user_id":[0],"match_type":0}'),
(284, 168, -5, 0, '', 'v9#{"_version":"v9","_view_type":"simple","category_id":["0"],"severity":[0],"status":[80],"per_page":50,"highlight_changed":6,"reporter_id":[0],"handler_id":[168],"project_id":[-3],"sort":"custom_Time Line,last_updated","dir":"DESC,DESC","filter_by_date":false,"start_month":4,"start_day":1,"start_year":2023,"end_month":4,"end_day":14,"end_year":2023,"filter_by_last_updated_date":false,"last_updated_start_month":4,"last_updated_start_day":1,"last_updated_start_year":2023,"last_updated_end_month":4,"last_updated_end_day":14,"last_updated_end_year":2023,"search":"","hide_status":[-2],"resolution":[0],"build":["0"],"version":["0"],"fixed_in_version":["0"],"target_version":["0"],"priority":[0],"monitor_user_id":[0],"view_state":0,"custom_fields":{"4":["0"],"3":["0"],"6":["0"],"8":["0"],"9":["0"],"12":["0"],"10":["0"],"11":["0"],"13":["0","0","0"],"17":["0","0","0"],"16":["0"],"18":["0"],"19":["0"],"20":["0"],"21":["0"],"22":["0"],"23":["0"],"24":["0"],"25":["0"],"26":["0"]},"sticky":true,"relationship_type":-1,"relationship_bug":0,"profile_id":[0],"platform":["0"],"os":["0"],"os_build":["0"],"tag_string":"","tag_select":0,"note_user_id":[0],"match_type":0,"_source_query_id":284}'),
(285, 169, -17, 0, '', 'v9#{"_version":"v9","_view_type":"simple","category_id":["0"],"severity":[0],"status":[0],"highlight_changed":6,"reporter_id":[0],"handler_id":[0],"project_id":[-3],"resolution":[0],"build":["0"],"version":["0"],"hide_status":[90],"monitor_user_id":[0],"sort":"last_updated","dir":"DESC","per_page":50,"match_type":0,"platform":["0"],"os":["0"],"os_build":["0"],"fixed_in_version":["0"],"target_version":["0"],"profile_id":[0],"priority":[0],"note_user_id":[0],"sticky":true,"filter_by_date":false,"start_month":"05","end_month":"05","start_day":1,"end_day":"05","start_year":"2023","end_year":"2023","filter_by_last_updated_date":false,"last_updated_start_month":"05","last_updated_end_month":"05","last_updated_start_day":1,"last_updated_end_day":"05","last_updated_start_year":"2023","last_updated_end_year":"2023","search":"","view_state":0,"tag_string":"","tag_select":0,"relationship_type":-1,"relationship_bug":0,"custom_fields":{"4":["0"],"3":["0"],"6":["0"],"8":["0"],"9":["0"],"12":["0"],"10":["0"],"11":["0"],"13":["0"],"17":["0"],"16":["0"],"18":["0"],"19":["0"],"20":["0"],"21":["0"],"22":["0"],"23":["0"],"24":["0"],"25":["0"],"26":["0"]},"_source_query_id":285}'),
(288, 168, 0, 0, '', 'v9#{"_version":"v9","_view_type":"simple","category_id":["0"],"severity":[0],"status":[50],"per_page":50,"highlight_changed":6,"reporter_id":[0],"handler_id":[168],"project_id":[-3],"sort":"custom_Time Line,custom_Licence,custom_Dead Line,last_updated","dir":"DESC,DESC,DESC,DESC","filter_by_date":false,"start_month":6,"start_day":1,"start_year":2023,"end_month":6,"end_day":5,"end_year":2023,"filter_by_last_updated_date":false,"last_updated_start_month":6,"last_updated_start_day":1,"last_updated_start_year":2023,"last_updated_end_month":6,"last_updated_end_day":5,"last_updated_end_year":2023,"search":"","hide_status":[-2],"resolution":[0],"build":["0"],"version":["0"],"fixed_in_version":["0"],"target_version":["0"],"priority":[0],"monitor_user_id":[0],"view_state":0,"custom_fields":{"4":["0"],"3":["0"],"6":["0"],"8":["0"],"9":["0"],"12":["0"],"10":["0"],"11":["0"],"13":["0","1","1"],"17":["0","0","0"],"16":["0"],"18":["0"],"19":["0"],"20":["0"],"21":["0"],"22":["0"],"23":["0"],"24":["0"],"25":["0"],"26":["0"]},"sticky":true,"relationship_type":-1,"relationship_bug":0,"profile_id":[0],"platform":["0"],"os":["0"],"os_build":["0"],"tag_string":"","tag_select":0,"note_user_id":[0],"match_type":0}'),
(287, 163, -14, 0, '', 'v9#{"_version":"v9","_view_type":"simple","category_id":["0"],"severity":[0],"status":[0],"per_page":50,"highlight_changed":6,"reporter_id":[0],"handler_id":[0],"project_id":[-3],"sort":"status,last_updated,category_id","dir":"DESC,DESC,ASC","filter_by_date":false,"start_month":5,"start_day":1,"start_year":2023,"end_month":5,"end_day":30,"end_year":2023,"filter_by_last_updated_date":false,"last_updated_start_month":5,"last_updated_start_day":1,"last_updated_start_year":2023,"last_updated_end_month":5,"last_updated_end_day":30,"last_updated_end_year":2023,"search":"","hide_status":[-2],"resolution":[90],"build":["0"],"version":["0"],"fixed_in_version":["0"],"target_version":["0"],"priority":[0],"monitor_user_id":[0],"view_state":0,"custom_fields":{"4":["0"],"3":["0"],"6":["0"],"8":["0"],"9":["0"],"12":["0"],"10":["0"],"11":["0"],"13":["0"],"17":["0"],"16":["0"],"18":["0"],"19":["0"],"20":["0"],"21":["0"],"22":["0"],"23":["0"],"24":["0"],"25":["0"],"26":["0"]},"sticky":true,"relationship_type":-1,"relationship_bug":0,"profile_id":[0],"platform":["0"],"os":["0"],"os_build":["0"],"tag_string":"","tag_select":0,"note_user_id":[0],"match_type":0,"_source_query_id":287}'),
(289, 159, 0, 0, '', 'v9#{"_version":"v9","_view_type":"advanced","category_id":["0"],"severity":[0],"status":[10,20,30,40,50,80],"per_page":50,"highlight_changed":6,"reporter_id":[0],"handler_id":[159],"project_id":[-3],"sort":"last_updated","dir":"DESC","filter_by_date":false,"start_month":6,"start_day":1,"start_year":2023,"end_month":6,"end_day":6,"end_year":2023,"filter_by_last_updated_date":false,"last_updated_start_month":6,"last_updated_start_day":1,"last_updated_start_year":2023,"last_updated_end_month":6,"last_updated_end_day":6,"last_updated_end_year":2023,"search":"","hide_status":[-2],"resolution":[0],"build":["0"],"version":["0"],"fixed_in_version":["0"],"target_version":["0"],"priority":[0],"monitor_user_id":[0],"view_state":0,"custom_fields":{"4":["0"],"3":["0"],"6":["0"],"8":["0"],"9":["0"],"12":["0"],"10":["0"],"11":["0"],"13":["0","0","0"],"17":["0","0","0"],"16":["0"],"18":["0"],"19":["0"],"20":["0"],"21":["0"],"22":["0"],"23":["0"],"24":["0"],"25":["0"],"26":["0"]},"sticky":true,"relationship_type":-1,"relationship_bug":0,"profile_id":[0],"platform":["0"],"os":["0"],"os_build":["0"],"tag_string":"","tag_select":0,"note_user_id":[0],"match_type":0}'),
(290, 171, 0, 0, '', 'v9#{"_version":"v9","_view_type":"simple","category_id":["0"],"severity":[0],"status":[80],"per_page":50,"highlight_changed":6,"reporter_id":[0],"handler_id":[171],"project_id":[-3],"sort":"custom_Time Line,last_updated","dir":"ASC,DESC","filter_by_date":false,"start_month":11,"start_day":1,"start_year":2022,"end_month":11,"end_day":9,"end_year":2022,"filter_by_last_updated_date":false,"last_updated_start_month":11,"last_updated_start_day":1,"last_updated_start_year":2022,"last_updated_end_month":11,"last_updated_end_day":9,"last_updated_end_year":2022,"search":"","hide_status":[-2],"resolution":[0],"build":["0"],"version":["0"],"fixed_in_version":["0"],"target_version":["0"],"priority":[0],"monitor_user_id":[0],"view_state":0,"custom_fields":{"4":["0"],"3":["0"],"6":["0"],"8":["0"],"9":["0"],"12":["0"],"10":["0"],"11":["0"],"13":["0","0","0"],"17":["0","0","0"],"16":["0"],"18":["0"],"19":["0"],"20":["0"],"21":["0"],"22":["0"],"23":["0"],"24":["0"],"25":["0"]},"sticky":true,"relationship_type":-1,"relationship_bug":0,"profile_id":[0],"platform":["0"],"os":["0"],"os_build":["0"],"tag_string":"","tag_select":0,"note_user_id":[0],"match_type":0}'),
(318, 178, -5, 0, '', 'v9#{"_version":"v9","_view_type":"advanced","category_id":["0"],"severity":[0],"status":[10,20,30,40,50],"per_page":50,"highlight_changed":6,"reporter_id":[0],"handler_id":[178,63],"project_id":[-3],"sort":"last_updated","dir":"DESC","filter_by_date":false,"start_month":3,"start_day":1,"start_year":2023,"end_month":3,"end_day":29,"end_year":2023,"filter_by_last_updated_date":false,"last_updated_start_month":3,"last_updated_start_day":1,"last_updated_start_year":2023,"last_updated_end_month":3,"last_updated_end_day":29,"last_updated_end_year":2023,"search":"","hide_status":[-2],"resolution":[0],"build":["0"],"version":["0"],"fixed_in_version":["0"],"target_version":["0"],"priority":[0],"monitor_user_id":[0],"view_state":0,"custom_fields":{"4":["0"],"3":["0"],"6":["0"],"8":["0"],"9":["0"],"12":["0"],"10":["0"],"11":["0"],"13":["0","0","0"],"17":["0","0","0"],"16":["0"],"18":["0"],"19":["0"],"20":["0"],"21":["0"],"22":["0"],"23":["0"],"24":["0"],"25":["0"],"26":["0"]},"sticky":true,"relationship_type":-1,"relationship_bug":0,"profile_id":[0],"platform":["0"],"os":["0"],"os_build":["0"],"tag_string":"","tag_select":0,"note_user_id":[0],"match_type":0}'),
(292, 168, 0, 0, 'ERP', 'v9#{"_version":"v9","_view_type":"simple","category_id":["0"],"severity":[0],"status":[0],"per_page":50,"highlight_changed":6,"reporter_id":[0],"handler_id":[168],"project_id":[-3],"sort":"status,last_updated","dir":"ASC,DESC","filter_by_date":false,"start_month":9,"start_day":1,"start_year":2022,"end_month":9,"end_day":15,"end_year":2022,"filter_by_last_updated_date":false,"last_updated_start_month":9,"last_updated_start_day":1,"last_updated_start_year":2022,"last_updated_end_month":9,"last_updated_end_day":15,"last_updated_end_year":2022,"search":"","hide_status":[-2],"resolution":[0],"build":["0"],"version":["0"],"fixed_in_version":["0"],"target_version":["0"],"priority":[0],"monitor_user_id":[0],"view_state":0,"custom_fields":{"4":["0"],"3":["0"],"6":["0"],"8":["0"],"9":["0"],"12":["0"],"10":["0"],"11":["0"],"13":["0","1","1"],"17":["0","0","0"],"16":["0"],"18":["0"],"19":["0"],"20":["0"],"21":["0"],"22":["0"],"23":["0"],"24":["0"],"25":["0"]},"sticky":true,"relationship_type":-1,"relationship_bug":0,"profile_id":[0],"platform":["0"],"os":["0"],"os_build":["0"],"tag_string":"","tag_select":0,"note_user_id":[0],"match_type":0}'),
(291, 171, -5, 0, '', 'v9#{"_version":"v9","_view_type":"simple","category_id":["0"],"severity":[0],"status":[80],"per_page":50,"highlight_changed":6,"reporter_id":[0],"handler_id":[171],"project_id":[-3],"sort":"last_updated","dir":"DESC","filter_by_date":false,"start_month":9,"start_day":1,"start_year":2022,"end_month":9,"end_day":21,"end_year":2022,"filter_by_last_updated_date":false,"last_updated_start_month":9,"last_updated_start_day":1,"last_updated_start_year":2022,"last_updated_end_month":9,"last_updated_end_day":21,"last_updated_end_year":2022,"search":"","hide_status":[-2],"resolution":[0],"build":["0"],"version":["0"],"fixed_in_version":["0"],"target_version":["0"],"priority":[0],"monitor_user_id":[0],"view_state":0,"custom_fields":{"4":["0"],"3":["0"],"6":["0"],"8":["0"],"9":["0"],"12":["0"],"10":["0"],"11":["0"],"13":["0","0","0"],"17":["0","0","0"],"16":["0"],"18":["0"],"19":["0"],"20":["0"],"21":["0"],"22":["0"],"23":["0"],"24":["0"],"25":["0"]},"sticky":true,"relationship_type":-1,"relationship_bug":0,"profile_id":[0],"platform":["0"],"os":["0"],"os_build":["0"],"tag_string":"","tag_select":0,"note_user_id":[0],"match_type":0}'),
(293, 63, -17, 0, '', 'v9#{"_version":"v9","_view_type":"simple","category_id":["0"],"severity":[0],"status":[50],"per_page":50,"highlight_changed":6,"reporter_id":[0],"handler_id":[0],"project_id":[-3],"sort":"last_updated","dir":"DESC","filter_by_date":false,"start_month":9,"start_day":1,"start_year":2022,"end_month":9,"end_day":16,"end_year":2022,"filter_by_last_updated_date":false,"last_updated_start_month":9,"last_updated_start_day":1,"last_updated_start_year":2022,"last_updated_end_month":9,"last_updated_end_day":16,"last_updated_end_year":2022,"search":"","hide_status":[-2],"resolution":[0],"build":["0"],"version":["0"],"fixed_in_version":["0"],"target_version":["0"],"priority":[0],"monitor_user_id":[0],"view_state":0,"custom_fields":{"4":["0"],"3":["0"],"6":["0"],"8":["0"],"9":["0"],"12":["0"],"10":["0"],"11":["0"],"13":["0","0","0"],"17":["0"],"16":["0"],"18":["0"],"19":["0"],"20":["0"],"21":["0"],"22":["0"],"23":["0"],"24":["0"],"25":["0"]},"sticky":true,"relationship_type":-1,"relationship_bug":0,"profile_id":[0],"platform":["0"],"os":["0"],"os_build":["0"],"tag_string":"","tag_select":0,"note_user_id":[0],"match_type":0,"_source_query_id":293}'),
(294, 173, 0, 0, '', 'v9#{"_version":"v9","_view_type":"simple","category_id":["0"],"severity":[0],"status":[0],"per_page":50,"highlight_changed":6,"reporter_id":[0],"handler_id":[173],"project_id":[-3],"sort":"last_updated","dir":"DESC","filter_by_date":false,"start_month":6,"start_day":1,"start_year":2023,"end_month":6,"end_day":2,"end_year":2023,"filter_by_last_updated_date":false,"last_updated_start_month":6,"last_updated_start_day":1,"last_updated_start_year":2023,"last_updated_end_month":6,"last_updated_end_day":2,"last_updated_end_year":2023,"search":"","hide_status":[90],"resolution":[0],"build":["0"],"version":["0"],"fixed_in_version":["0"],"target_version":["0"],"priority":[0],"monitor_user_id":[0],"view_state":0,"custom_fields":{"4":["0"],"3":["0"],"6":["0"],"8":["0"],"9":["0"],"12":["0"],"10":["0"],"11":["0"],"13":["0","0","0"],"17":["0","0","0"],"16":["0"],"18":["0"],"19":["0"],"20":["0"],"21":["0"],"22":["0"],"23":["0"],"24":["0"],"25":["0"],"26":["0"]},"sticky":true,"relationship_type":-1,"relationship_bug":0,"profile_id":[0],"platform":["0"],"os":["0"],"os_build":["0"],"tag_string":"","tag_select":0,"note_user_id":[0],"match_type":0}'),
(296, 172, -11, 0, '', 'v9#{"_version":"v9","_view_type":"simple","category_id":["0"],"severity":[0],"status":[50],"per_page":50,"highlight_changed":6,"reporter_id":[0],"handler_id":[-1],"project_id":[-3],"sort":"last_updated","dir":"DESC","filter_by_date":false,"start_month":6,"start_day":1,"start_year":2023,"end_month":6,"end_day":5,"end_year":2023,"filter_by_last_updated_date":false,"last_updated_start_month":6,"last_updated_start_day":1,"last_updated_start_year":2023,"last_updated_end_month":6,"last_updated_end_day":5,"last_updated_end_year":2023,"search":"","hide_status":[-2],"resolution":[0],"build":["0"],"version":["0"],"fixed_in_version":["0"],"target_version":["0"],"priority":[0],"monitor_user_id":[0],"view_state":0,"custom_fields":{"4":["0"],"3":["0"],"6":["0"],"8":["0"],"9":["0"],"12":["0"],"10":["0"],"11":["0"],"13":["0","0","0"],"17":["0"],"16":["0"],"18":["0"],"19":["0"],"20":["0"],"21":["0"],"22":["0"],"23":["0"],"24":["0"],"25":["0"],"26":["0"]},"sticky":true,"relationship_type":-1,"relationship_bug":0,"profile_id":[0],"platform":["0"],"os":["0"],"os_build":["0"],"tag_string":"","tag_select":0,"note_user_id":[0],"match_type":0}'),
(299, 157, -5, 0, '', 'v9#{"_version":"v9","_view_type":"simple","category_id":["0"],"severity":[0],"status":[0],"highlight_changed":6,"reporter_id":[0],"handler_id":[0],"project_id":[-3],"resolution":[0],"build":["0"],"version":["0"],"hide_status":[90],"monitor_user_id":[0],"sort":"last_updated","dir":"DESC","per_page":50,"match_type":0,"platform":["0"],"os":["0"],"os_build":["0"],"fixed_in_version":["0"],"target_version":["0"],"profile_id":[0],"priority":[0],"note_user_id":[0],"sticky":true,"filter_by_date":false,"start_month":"11","end_month":"11","start_day":1,"end_day":"07","start_year":"2022","end_year":"2022","filter_by_last_updated_date":false,"last_updated_start_month":"11","last_updated_end_month":"11","last_updated_start_day":1,"last_updated_end_day":"07","last_updated_start_year":"2022","last_updated_end_year":"2022","search":"","view_state":0,"tag_string":"","tag_select":0,"relationship_type":-1,"relationship_bug":0,"custom_fields":{"4":["0"],"3":["0"],"6":["0"],"8":["0"],"9":["0"],"12":["0"],"10":["0"],"11":["0"],"13":["0"],"17":["0"],"16":["0"],"18":["0"],"19":["0"],"20":["0"],"21":["0"],"22":["0"],"23":["0"],"24":["0"],"25":["0"]}}'),
(298, 159, -15, 0, '', 'v9#{"_version":"v9","_view_type":"simple","category_id":["0"],"severity":[0],"status":[0],"highlight_changed":6,"reporter_id":[0],"handler_id":[0],"project_id":[-3],"resolution":[0],"build":["0"],"version":["0"],"hide_status":[90],"monitor_user_id":[0],"sort":"last_updated","dir":"DESC","per_page":50,"match_type":0,"platform":["0"],"os":["0"],"os_build":["0"],"fixed_in_version":["0"],"target_version":["0"],"profile_id":[0],"priority":[0],"note_user_id":[0],"sticky":true,"filter_by_date":false,"start_month":"11","end_month":"11","start_day":1,"end_day":"04","start_year":"2022","end_year":"2022","filter_by_last_updated_date":false,"last_updated_start_month":"11","last_updated_end_month":"11","last_updated_start_day":1,"last_updated_end_day":"04","last_updated_start_year":"2022","last_updated_end_year":"2022","search":"","view_state":0,"tag_string":"","tag_select":0,"relationship_type":-1,"relationship_bug":0,"custom_fields":{"4":["0"],"3":["0"],"6":["0"],"8":["0"],"9":["0"],"12":["0"],"10":["0"],"11":["0"],"13":["0"],"17":["0"],"16":["0"],"18":["0"],"19":["0"],"20":["0"],"21":["0"],"22":["0"],"23":["0"],"24":["0"],"25":["0"]}}'),
(297, 159, -5, 0, '', 'v9#{"_version":"v9","_view_type":"simple","category_id":["0"],"severity":[0],"status":[0],"per_page":50,"highlight_changed":6,"reporter_id":[0],"handler_id":[159],"project_id":[-3],"sort":"last_updated","dir":"DESC","filter_by_date":false,"start_month":3,"start_day":1,"start_year":2023,"end_month":3,"end_day":6,"end_year":2023,"filter_by_last_updated_date":false,"last_updated_start_month":3,"last_updated_start_day":1,"last_updated_start_year":2023,"last_updated_end_month":3,"last_updated_end_day":6,"last_updated_end_year":2023,"search":"","hide_status":[90],"resolution":[0],"build":["0"],"version":["0"],"fixed_in_version":["0"],"target_version":["0"],"priority":[0],"monitor_user_id":[0],"view_state":0,"custom_fields":{"4":["0"],"3":["0"],"6":["0"],"8":["0"],"9":["0"],"12":["0"],"10":["0"],"11":["0"],"13":["0","0","0"],"17":["0","0","0"],"16":["0"],"18":["0"],"19":["0"],"20":["0"],"21":["0"],"22":["0"],"23":["0"],"24":["0"],"25":["0"]},"sticky":true,"relationship_type":-1,"relationship_bug":0,"profile_id":[0],"platform":["0"],"os":["0"],"os_build":["0"],"tag_string":"","tag_select":0,"note_user_id":[0],"match_type":0}'),
(300, 168, -15, 0, '', 'v9#{"_version":"v9","_view_type":"simple","category_id":["0"],"severity":[0],"status":[0],"per_page":50,"highlight_changed":6,"reporter_id":[0],"handler_id":[168],"project_id":[-3],"sort":"last_updated","dir":"DESC","filter_by_date":false,"start_month":2,"start_day":1,"start_year":2023,"end_month":2,"end_day":2,"end_year":2023,"filter_by_last_updated_date":false,"last_updated_start_month":2,"last_updated_start_day":1,"last_updated_start_year":2023,"last_updated_end_month":2,"last_updated_end_day":2,"last_updated_end_year":2023,"search":"","hide_status":[-2],"resolution":[0],"build":["0"],"version":["0"],"fixed_in_version":["0"],"target_version":["0"],"priority":[0],"monitor_user_id":[0],"view_state":0,"custom_fields":{"4":["0"],"3":["0"],"6":["0"],"8":["0"],"9":["0"],"12":["0"],"10":["0"],"11":["0"],"13":["0","0","0"],"17":["0","0","0"],"16":["0"],"18":["0"],"19":["0"],"20":["0"],"21":["0"],"22":["0"],"23":["0"],"24":["0"],"25":["0"],"26":["0"]},"sticky":true,"relationship_type":-1,"relationship_bug":0,"profile_id":[0],"platform":["0"],"os":["0"],"os_build":["0"],"tag_string":"","tag_select":0,"note_user_id":[0],"match_type":0,"_source_query_id":300}'),
(304, 160, -11, 0, '', 'v9#{"_version":"v9","_view_type":"simple","category_id":["0"],"severity":[0],"status":[50],"per_page":200,"highlight_changed":6,"reporter_id":[0],"handler_id":[98],"project_id":[-3],"sort":"last_updated","dir":"DESC","filter_by_date":false,"start_month":5,"start_day":1,"start_year":2023,"end_month":5,"end_day":22,"end_year":2023,"filter_by_last_updated_date":false,"last_updated_start_month":5,"last_updated_start_day":1,"last_updated_start_year":2023,"last_updated_end_month":5,"last_updated_end_day":22,"last_updated_end_year":2023,"search":"","hide_status":[-2],"resolution":[0],"build":["0"],"version":["0"],"fixed_in_version":["0"],"target_version":["0"],"priority":[0],"monitor_user_id":[0],"view_state":0,"custom_fields":{"4":["0"],"3":["0"],"6":["0"],"8":["0"],"9":["0"],"12":["0"],"10":["0"],"11":["0"],"13":["0","0","0"],"17":["0"],"16":["0"],"18":["0"],"19":["0"],"20":["0"],"21":["0"],"22":["0"],"23":["0"],"24":["0"],"25":["0"],"26":["0"]},"sticky":true,"relationship_type":-1,"relationship_bug":0,"profile_id":[0],"platform":["0"],"os":["0"],"os_build":["0"],"tag_string":"","tag_select":0,"note_user_id":[0],"match_type":0}'),
(301, 63, -18, 0, '', 'v9#{"_version":"v9","_view_type":"simple","category_id":["0"],"severity":[0],"status":[0],"highlight_changed":6,"reporter_id":[0],"handler_id":[0],"project_id":[-3],"resolution":[0],"build":["0"],"version":["0"],"hide_status":[90],"monitor_user_id":[0],"sort":"last_updated","dir":"DESC","per_page":50,"match_type":0,"platform":["0"],"os":["0"],"os_build":["0"],"fixed_in_version":["0"],"target_version":["0"],"profile_id":[0],"priority":[0],"note_user_id":[0],"sticky":true,"filter_by_date":false,"start_month":"11","end_month":"11","start_day":1,"end_day":"22","start_year":"2022","end_year":"2022","filter_by_last_updated_date":false,"last_updated_start_month":"11","last_updated_end_month":"11","last_updated_start_day":1,"last_updated_end_day":"22","last_updated_start_year":"2022","last_updated_end_year":"2022","search":"","view_state":0,"tag_string":"","tag_select":0,"relationship_type":-1,"relationship_bug":0,"custom_fields":{"4":["0"],"3":["0"],"6":["0"],"8":["0"],"9":["0"],"12":["0"],"10":["0"],"11":["0"],"13":["0"],"17":["0"],"16":["0"],"18":["0"],"19":["0"],"20":["0"],"21":["0"],"22":["0"],"23":["0"],"24":["0"],"25":["0"]},"_source_query_id":301}'),
(302, 175, -5, 0, '', 'v9#{"_version":"v9","_view_type":"simple","category_id":["0"],"severity":[0],"status":[80],"per_page":50,"highlight_changed":6,"reporter_id":[175],"handler_id":[0],"project_id":[-3],"sort":"category_id,last_updated","dir":"ASC,DESC","filter_by_date":false,"start_month":6,"start_day":1,"start_year":2023,"end_month":6,"end_day":5,"end_year":2023,"filter_by_last_updated_date":false,"last_updated_start_month":6,"last_updated_start_day":1,"last_updated_start_year":2023,"last_updated_end_month":6,"last_updated_end_day":5,"last_updated_end_year":2023,"search":"","hide_status":[-2],"resolution":[0],"build":["0"],"version":["0"],"fixed_in_version":["0"],"target_version":["0"],"priority":[0],"monitor_user_id":[0],"view_state":0,"custom_fields":{"4":["0"],"3":["0"],"6":["0"],"8":["0"],"9":["0"],"12":["0"],"10":["0"],"11":["0"],"13":["0","1","1"],"17":["0","1","1"],"16":["0"],"18":["0"],"19":["0"],"20":["0"],"21":["0"],"22":["0"],"23":["0"],"24":["0"],"25":["0"],"26":["0"]},"sticky":true,"relationship_type":-1,"relationship_bug":0,"profile_id":[0],"platform":["0"],"os":["0"],"os_build":["0"],"tag_string":"","tag_select":0,"note_user_id":[0],"match_type":0}'),
(303, 175, 0, 0, '', 'v9#{"_version":"v9","_view_type":"simple","category_id":["0"],"severity":[0],"status":[80],"per_page":50,"highlight_changed":6,"reporter_id":[175],"handler_id":[0],"project_id":[-3],"sort":"last_updated","dir":"DESC","filter_by_date":false,"start_month":3,"start_day":1,"start_year":2023,"end_month":3,"end_day":20,"end_year":2023,"filter_by_last_updated_date":false,"last_updated_start_month":3,"last_updated_start_day":1,"last_updated_start_year":2023,"last_updated_end_month":3,"last_updated_end_day":20,"last_updated_end_year":2023,"search":"","hide_status":[-2],"resolution":[0],"build":["0"],"version":["0"],"fixed_in_version":["0"],"target_version":["0"],"priority":[0],"monitor_user_id":[0],"view_state":0,"custom_fields":{"4":["0"],"3":["0"],"6":["0"],"8":["0"],"9":["0"],"12":["0"],"10":["0"],"11":["0"],"13":["0","0","0"],"17":["0","0","0"],"16":["0"],"18":["0"],"19":["0"],"20":["0"],"21":["0"],"22":["0"],"23":["0"],"24":["0"],"25":["0"],"26":["0"]},"sticky":true,"relationship_type":-1,"relationship_bug":0,"profile_id":[0],"platform":["0"],"os":["0"],"os_build":["0"],"tag_string":"","tag_select":0,"note_user_id":[0],"match_type":0,"_source_query_id":303}'),
(313, 160, 0, 0, '', 'v9#{"_version":"v9","_view_type":"simple","category_id":["0"],"severity":[0],"status":[80],"per_page":50,"highlight_changed":6,"reporter_id":[0],"handler_id":[160],"project_id":[-3],"sort":"last_updated","dir":"DESC","filter_by_date":false,"start_month":4,"start_day":1,"start_year":2023,"end_month":4,"end_day":5,"end_year":2023,"filter_by_last_updated_date":false,"last_updated_start_month":4,"last_updated_start_day":1,"last_updated_start_year":2023,"last_updated_end_month":4,"last_updated_end_day":5,"last_updated_end_year":2023,"search":"","hide_status":[-2],"resolution":[0],"build":["0"],"version":["0"],"fixed_in_version":["0"],"target_version":["0"],"priority":[0],"monitor_user_id":[0],"view_state":0,"custom_fields":{"4":["0"],"3":["0"],"6":["0"],"8":["0"],"9":["0"],"12":["0"],"10":["0"],"11":["0"],"13":["0","0","0"],"17":["0"],"16":["0"],"18":["0"],"19":["0"],"20":["0"],"21":["0"],"22":["0"],"23":["0"],"24":["0"],"25":["0"],"26":["0"]},"sticky":true,"relationship_type":-1,"relationship_bug":0,"profile_id":[0],"platform":["0"],"os":["0"],"os_build":["0"],"tag_string":"","tag_select":0,"note_user_id":[0],"match_type":0}'),
(305, 70, -18, 0, '', 'v9#{"_version":"v9","_view_type":"simple","category_id":["0"],"severity":[0],"status":[0],"highlight_changed":6,"reporter_id":[0],"handler_id":[0],"project_id":[-3],"resolution":[0],"build":["0"],"version":["0"],"hide_status":[90],"monitor_user_id":[0],"sort":"last_updated","dir":"DESC","per_page":50,"match_type":0,"platform":["0"],"os":["0"],"os_build":["0"],"fixed_in_version":["0"],"target_version":["0"],"profile_id":[0],"priority":[0],"note_user_id":[0],"sticky":true,"filter_by_date":false,"start_month":"12","end_month":"12","start_day":1,"end_day":"12","start_year":"2022","end_year":"2022","filter_by_last_updated_date":false,"last_updated_start_month":"12","last_updated_end_month":"12","last_updated_start_day":1,"last_updated_end_day":"12","last_updated_start_year":"2022","last_updated_end_year":"2022","search":"","view_state":0,"tag_string":"","tag_select":0,"relationship_type":-1,"relationship_bug":0,"custom_fields":{"4":["0"],"3":["0"],"6":["0"],"8":["0"],"9":["0"],"12":["0"],"10":["0"],"11":["0"],"13":["0"],"17":["0"],"16":["0"],"18":["0"],"19":["0"],"20":["0"],"21":["0"],"22":["0"],"23":["0"],"24":["0"],"25":["0"]}}'),
(309, 176, -11, 0, '', 'v9#{"_version":"v9","_view_type":"simple","category_id":["0"],"severity":[0],"status":[80],"per_page":50,"highlight_changed":6,"reporter_id":[0],"handler_id":[0],"project_id":[-3],"sort":"last_updated","dir":"DESC","filter_by_date":false,"start_month":6,"start_day":1,"start_year":2023,"end_month":6,"end_day":6,"end_year":2023,"filter_by_last_updated_date":false,"last_updated_start_month":6,"last_updated_start_day":1,"last_updated_start_year":2023,"last_updated_end_month":6,"last_updated_end_day":6,"last_updated_end_year":2023,"search":"","hide_status":[90],"resolution":[0],"build":["0"],"version":["0"],"fixed_in_version":["0"],"target_version":["0"],"priority":[0],"monitor_user_id":[0],"view_state":0,"custom_fields":{"4":["0"],"3":["0"],"6":["0"],"8":["0"],"9":["0"],"12":["0"],"10":["0"],"11":["0"],"13":["0","0","0"],"17":["0"],"16":["0"],"18":["0"],"19":["0"],"20":["0"],"21":["0"],"22":["0"],"23":["0"],"24":["0"],"25":["0"],"26":["0"]},"sticky":true,"relationship_type":-1,"relationship_bug":0,"profile_id":[0],"platform":["0"],"os":["0"],"os_build":["0"],"tag_string":"","tag_select":0,"note_user_id":[0],"match_type":0}'),
(306, 175, -7, 0, '', 'v9#{"_version":"v9","_view_type":"simple","category_id":["0"],"severity":[0],"status":[80],"per_page":50,"highlight_changed":6,"reporter_id":[175],"handler_id":[0],"project_id":[-3],"sort":"last_updated","dir":"DESC","filter_by_date":false,"start_month":5,"start_day":1,"start_year":2023,"end_month":5,"end_day":26,"end_year":2023,"filter_by_last_updated_date":false,"last_updated_start_month":5,"last_updated_start_day":1,"last_updated_start_year":2023,"last_updated_end_month":5,"last_updated_end_day":26,"last_updated_end_year":2023,"search":"","hide_status":[-2],"resolution":[0],"build":["0"],"version":["0"],"fixed_in_version":["0"],"target_version":["0"],"priority":[0],"monitor_user_id":[0],"view_state":0,"custom_fields":{"4":["0"],"3":["0"],"6":["0"],"8":["0"],"9":["0"],"12":["0"],"10":["0"],"11":["0"],"13":["0","0","0"],"17":["0"],"16":["0"],"18":["0"],"19":["0"],"20":["0"],"21":["0"],"22":["0"],"23":["0"],"24":["0"],"25":["0"],"26":["0"]},"sticky":true,"relationship_type":-1,"relationship_bug":0,"profile_id":[0],"platform":["0"],"os":["0"],"os_build":["0"],"tag_string":"","tag_select":0,"note_user_id":[0],"match_type":0,"_source_query_id":306}'),
(317, 176, -5, 0, '', 'v9#{"_version":"v9","_view_type":"simple","category_id":["0"],"severity":[0],"status":[0],"highlight_changed":6,"reporter_id":[0],"handler_id":[0],"project_id":[-3],"resolution":[0],"build":["0"],"version":["0"],"hide_status":[90],"monitor_user_id":[0],"sort":"last_updated","dir":"DESC","per_page":50,"match_type":0,"platform":["0"],"os":["0"],"os_build":["0"],"fixed_in_version":["0"],"target_version":["0"],"profile_id":[0],"priority":[0],"note_user_id":[0],"sticky":true,"filter_by_date":false,"start_month":"04","end_month":"04","start_day":1,"end_day":"21","start_year":"2023","end_year":"2023","filter_by_last_updated_date":false,"last_updated_start_month":"04","last_updated_end_month":"04","last_updated_start_day":1,"last_updated_end_day":"21","last_updated_start_year":"2023","last_updated_end_year":"2023","search":"","view_state":0,"tag_string":"","tag_select":0,"relationship_type":-1,"relationship_bug":0,"custom_fields":{"4":["0"],"3":["0"],"6":["0"],"8":["0"],"9":["0"],"12":["0"],"10":["0"],"11":["0"],"13":["0"],"17":["0"],"16":["0"],"18":["0"],"19":["0"],"20":["0"],"21":["0"],"22":["0"],"23":["0"],"24":["0"],"25":["0"],"26":["0"]},"_source_query_id":317}'),
(307, 152, -17, 0, '', 'v9#{"_version":"v9","_view_type":"simple","category_id":["0"],"severity":[0],"status":[0],"per_page":50,"highlight_changed":6,"reporter_id":[0],"handler_id":[0],"project_id":[-3],"sort":"last_updated","dir":"DESC","filter_by_date":false,"start_month":1,"start_day":1,"start_year":2023,"end_month":1,"end_day":25,"end_year":2023,"filter_by_last_updated_date":false,"last_updated_start_month":1,"last_updated_start_day":1,"last_updated_start_year":2023,"last_updated_end_month":1,"last_updated_end_day":25,"last_updated_end_year":2023,"search":"","hide_status":[80],"resolution":[0],"build":["0"],"version":["0"],"fixed_in_version":["0"],"target_version":["0"],"priority":[0],"monitor_user_id":[0],"view_state":0,"custom_fields":{"4":["0"],"3":["0"],"6":["0"],"8":["0"],"9":["0"],"12":["0"],"10":["0"],"11":["0"],"13":["0","0","0"],"17":["0"],"16":["0"],"18":["0"],"19":["0"],"20":["0"],"21":["0"],"22":["0"],"23":["0"],"24":["0"],"25":["0"],"26":["0"]},"sticky":true,"relationship_type":-1,"relationship_bug":0,"profile_id":[0],"platform":["0"],"os":["0"],"os_build":["0"],"tag_string":"","tag_select":0,"note_user_id":[0],"match_type":0,"_source_query_id":307}'),
(312, 177, -8, 0, '', 'v9#{"_version":"v9","_view_type":"simple","category_id":["0"],"severity":[0],"status":[80],"per_page":50,"highlight_changed":6,"reporter_id":[0],"handler_id":[0],"project_id":[-3],"sort":"last_updated","dir":"DESC","filter_by_date":false,"start_month":6,"start_day":1,"start_year":2023,"end_month":6,"end_day":5,"end_year":2023,"filter_by_last_updated_date":false,"last_updated_start_month":6,"last_updated_start_day":1,"last_updated_start_year":2023,"last_updated_end_month":6,"last_updated_end_day":5,"last_updated_end_year":2023,"search":"","hide_status":[-2],"resolution":[0],"build":["0"],"version":["0"],"fixed_in_version":["0"],"target_version":["0"],"priority":[0],"monitor_user_id":[0],"view_state":0,"custom_fields":{"4":["0"],"3":["0"],"6":["0"],"8":["0"],"9":["0"],"12":["0"],"10":["0"],"11":["0"],"13":["0","0","0"],"17":["0","0","0"],"16":["0"],"18":["0"],"19":["0"],"20":["0"],"21":["0"],"22":["0"],"23":["0"],"24":["0"],"25":["0"],"26":["0"]},"sticky":true,"relationship_type":-1,"relationship_bug":0,"profile_id":[0],"platform":["0"],"os":["0"],"os_build":["0"],"tag_string":"","tag_select":0,"note_user_id":[0],"match_type":0}'),
(310, 176, -10, 0, '', 'v9#{"_version":"v9","_view_type":"simple","category_id":["0"],"severity":[0],"status":[0],"per_page":50,"highlight_changed":6,"reporter_id":[0],"handler_id":[0],"project_id":[-3],"sort":"last_updated","dir":"DESC","filter_by_date":false,"start_month":2,"start_day":1,"start_year":2023,"end_month":2,"end_day":24,"end_year":2023,"filter_by_last_updated_date":false,"last_updated_start_month":2,"last_updated_start_day":1,"last_updated_start_year":2023,"last_updated_end_month":2,"last_updated_end_day":24,"last_updated_end_year":2023,"search":"","hide_status":[90],"resolution":[0],"build":["0"],"version":["0"],"fixed_in_version":["0"],"target_version":["0"],"priority":[0],"monitor_user_id":[0],"view_state":0,"custom_fields":{"4":["0"],"3":["0"],"6":["0"],"8":["0"],"9":["0"],"12":["0"],"10":["0"],"11":["0"],"13":["0"],"17":["0"],"16":["0"],"18":["0"],"19":["0"],"20":["0"],"21":["0"],"22":["0"],"23":["0"],"24":["0"],"25":["0"],"26":["0"]},"sticky":true,"relationship_type":-1,"relationship_bug":0,"profile_id":[0],"platform":["0"],"os":["0"],"os_build":["0"],"tag_string":"","tag_select":0,"note_user_id":[0],"match_type":0,"_source_query_id":310}'),
(308, 176, 0, 0, '', 'v9#{"_version":"v9","_view_type":"simple","category_id":["0"],"severity":[0],"status":[80],"per_page":50,"highlight_changed":6,"reporter_id":[0],"handler_id":[0],"project_id":[-3],"sort":"last_updated","dir":"DESC","filter_by_date":false,"start_month":3,"start_day":1,"start_year":2023,"end_month":3,"end_day":28,"end_year":2023,"filter_by_last_updated_date":false,"last_updated_start_month":3,"last_updated_start_day":1,"last_updated_start_year":2023,"last_updated_end_month":3,"last_updated_end_day":28,"last_updated_end_year":2023,"search":"","hide_status":[90],"resolution":[0],"build":["0"],"version":["0"],"fixed_in_version":["0"],"target_version":["0"],"priority":[0],"monitor_user_id":[0],"view_state":0,"custom_fields":{"4":["0"],"3":["0"],"6":["0"],"8":["0"],"9":["0"],"12":["0"],"10":["0"],"11":["0"],"13":["0","0","0"],"17":["0","0","0"],"16":["0"],"18":["0"],"19":["0"],"20":["0"],"21":["0"],"22":["0"],"23":["0"],"24":["0"],"25":["0"],"26":["0"]},"sticky":true,"relationship_type":-1,"relationship_bug":0,"profile_id":[0],"platform":["0"],"os":["0"],"os_build":["0"],"tag_string":"","tag_select":0,"note_user_id":[0],"match_type":0}'),
(311, 176, -14, 0, '', 'v9#{"_version":"v9","_view_type":"simple","category_id":["0"],"severity":[0],"status":[80],"per_page":50,"highlight_changed":6,"reporter_id":[0],"handler_id":[0],"project_id":[-3],"sort":"last_updated","dir":"DESC","filter_by_date":false,"start_month":2,"start_day":1,"start_year":2023,"end_month":2,"end_day":1,"end_year":2023,"filter_by_last_updated_date":false,"last_updated_start_month":2,"last_updated_start_day":1,"last_updated_start_year":2023,"last_updated_end_month":2,"last_updated_end_day":1,"last_updated_end_year":2023,"search":"","hide_status":[90],"resolution":[0],"build":["0"],"version":["0"],"fixed_in_version":["0"],"target_version":["0"],"priority":[0],"monitor_user_id":[0],"view_state":0,"custom_fields":{"4":["0"],"3":["0"],"6":["0"],"8":["0"],"9":["0"],"12":["0"],"10":["0"],"11":["0"],"13":["0"],"17":["0"],"16":["0"],"18":["0"],"19":["0"],"20":["0"],"21":["0"],"22":["0"],"23":["0"],"24":["0"],"25":["0"]},"sticky":true,"relationship_type":-1,"relationship_bug":0,"profile_id":[0],"platform":["0"],"os":["0"],"os_build":["0"],"tag_string":"","tag_select":0,"note_user_id":[0],"match_type":0}');
INSERT INTO `mantis_filters_table` (`id`, `user_id`, `project_id`, `is_public`, `name`, `filter_string`) VALUES
(314, 115, -5, 0, '', 'v9#{"_version":"v9","_view_type":"advanced","category_id":["0"],"severity":[0],"status":[50],"per_page":50,"highlight_changed":6,"reporter_id":[0],"handler_id":[-1],"project_id":[-3],"sort":"last_updated","dir":"DESC","filter_by_date":false,"start_month":6,"start_day":1,"start_year":2023,"end_month":6,"end_day":6,"end_year":2023,"filter_by_last_updated_date":false,"last_updated_start_month":6,"last_updated_start_day":1,"last_updated_start_year":2023,"last_updated_end_month":6,"last_updated_end_day":6,"last_updated_end_year":2023,"search":"","hide_status":[-2],"resolution":[0],"build":["0"],"version":["0"],"fixed_in_version":["0"],"target_version":["0"],"priority":[0],"monitor_user_id":[0],"view_state":0,"custom_fields":{"4":["0"],"3":["0"],"6":["0"],"8":["0"],"9":["0"],"12":["0"],"10":["0"],"11":["0"],"13":["0","1","1"],"17":["0","0","0"],"16":["0"],"18":["0"],"19":["0"],"20":["0"],"21":["0"],"22":["0"],"23":["0"],"24":["0"],"25":["0"],"26":["0"]},"sticky":true,"relationship_type":-1,"relationship_bug":0,"profile_id":[0],"platform":["0"],"os":["0"],"os_build":["0"],"tag_string":"","tag_select":0,"note_user_id":[0],"match_type":0}'),
(315, 173, -5, 0, '', 'v9#{"_version":"v9","_view_type":"simple","category_id":["0"],"severity":[0],"status":[0],"per_page":50,"highlight_changed":6,"reporter_id":[0],"handler_id":[173],"project_id":[-3],"sort":"last_updated","dir":"DESC","filter_by_date":false,"start_month":5,"start_day":1,"start_year":2023,"end_month":5,"end_day":4,"end_year":2023,"filter_by_last_updated_date":false,"last_updated_start_month":5,"last_updated_start_day":1,"last_updated_start_year":2023,"last_updated_end_month":5,"last_updated_end_day":4,"last_updated_end_year":2023,"search":"","hide_status":[90],"resolution":[0],"build":["0"],"version":["0"],"fixed_in_version":["0"],"target_version":["0"],"priority":[0],"monitor_user_id":[0],"view_state":0,"custom_fields":{"4":["0"],"3":["0"],"6":["0"],"8":["0"],"9":["0"],"12":["0"],"10":["0"],"11":["0"],"13":["0","1","1"],"17":["0","0","0"],"16":["0"],"18":["0"],"19":["0"],"20":["0"],"21":["0"],"22":["0"],"23":["0"],"24":["0"],"25":["0"],"26":["0"]},"sticky":true,"relationship_type":-1,"relationship_bug":0,"profile_id":[0],"platform":["0"],"os":["0"],"os_build":["0"],"tag_string":"","tag_select":0,"note_user_id":[0],"match_type":0}'),
(319, 162, -11, 0, '', 'v9#{"_version":"v9","_view_type":"simple","category_id":["0"],"severity":[0],"status":[0],"per_page":50,"highlight_changed":6,"reporter_id":[0],"handler_id":[160],"project_id":[-3],"sort":"last_updated","dir":"DESC","filter_by_date":false,"start_month":5,"start_day":1,"start_year":2023,"end_month":5,"end_day":25,"end_year":2023,"filter_by_last_updated_date":false,"last_updated_start_month":5,"last_updated_start_day":1,"last_updated_start_year":2023,"last_updated_end_month":5,"last_updated_end_day":25,"last_updated_end_year":2023,"search":"","hide_status":[-2],"resolution":[0],"build":["0"],"version":["0"],"fixed_in_version":["0"],"target_version":["0"],"priority":[40],"monitor_user_id":[0],"view_state":0,"custom_fields":{"4":["0"],"3":["0"],"6":["0"],"8":["0"],"9":["0"],"12":["0"],"10":["0"],"11":["0"],"13":["0","0","0"],"17":["0"],"16":["0"],"18":["0"],"19":["0"],"20":["0"],"21":["0"],"22":["0"],"23":["0"],"24":["0"],"25":["0"],"26":["0"]},"sticky":true,"relationship_type":-1,"relationship_bug":0,"profile_id":[0],"platform":["0"],"os":["0"],"os_build":["0"],"tag_string":"","tag_select":0,"note_user_id":[0],"match_type":0}'),
(390, 180, -10, 0, '', 'v9#{"_version":"v9","_view_type":"simple","category_id":["0"],"severity":[0],"status":[80],"per_page":50,"highlight_changed":6,"reporter_id":[0],"handler_id":[180],"project_id":[-3],"sort":"last_updated","dir":"DESC","filter_by_date":false,"start_month":5,"start_day":1,"start_year":2023,"end_month":5,"end_day":5,"end_year":2023,"filter_by_last_updated_date":false,"last_updated_start_month":5,"last_updated_start_day":1,"last_updated_start_year":2023,"last_updated_end_month":5,"last_updated_end_day":5,"last_updated_end_year":2023,"search":"","hide_status":[90],"resolution":[0],"build":["0"],"version":["0"],"fixed_in_version":["0"],"target_version":["0"],"priority":[0],"monitor_user_id":[0],"view_state":0,"custom_fields":{"4":["0"],"3":["0"],"6":["0"],"8":["0"],"9":["0"],"12":["0"],"10":["0"],"11":["0"],"13":["0"],"17":["0"],"16":["0"],"18":["0"],"19":["0"],"20":["0"],"21":["0"],"22":["0"],"23":["0"],"24":["0"],"25":["0"],"26":["0"]},"sticky":true,"relationship_type":-1,"relationship_bug":0,"profile_id":[0],"platform":["0"],"os":["0"],"os_build":["0"],"tag_string":"","tag_select":0,"note_user_id":[0],"match_type":0}'),
(320, 49, -19, 0, '', 'v9#{"_version":"v9","_view_type":"simple","category_id":["0"],"severity":[0],"status":[0],"per_page":50,"highlight_changed":6,"reporter_id":[0],"handler_id":[0],"project_id":[-3],"sort":"custom_Raised By,last_updated","dir":"DESC,DESC","filter_by_date":false,"start_month":3,"start_day":1,"start_year":2023,"end_month":3,"end_day":9,"end_year":2023,"filter_by_last_updated_date":false,"last_updated_start_month":3,"last_updated_start_day":1,"last_updated_start_year":2023,"last_updated_end_month":3,"last_updated_end_day":9,"last_updated_end_year":2023,"search":"","hide_status":[90],"resolution":[0],"build":["0"],"version":["0"],"fixed_in_version":["0"],"target_version":["0"],"priority":[0],"monitor_user_id":[0],"view_state":0,"custom_fields":{"4":["0"],"3":["0"],"6":["0"],"8":["0"],"9":["0"],"12":["0"],"10":["0"],"11":["0"],"13":["0"],"17":["0"],"16":["0"],"18":["0"],"19":["0"],"20":["0"],"21":["0"],"22":["0"],"23":["0"],"24":["0"],"25":["0"],"26":["0"]},"sticky":true,"relationship_type":-1,"relationship_bug":0,"profile_id":[0],"platform":["0"],"os":["0"],"os_build":["0"],"tag_string":"","tag_select":0,"note_user_id":[0],"match_type":0,"_source_query_id":320}'),
(350, 181, -40, 0, '', 'v9#{"_version":"v9","_view_type":"simple","category_id":["0"],"severity":[0],"status":[0],"highlight_changed":6,"reporter_id":[0],"handler_id":[0],"project_id":[-3],"resolution":[0],"build":["0"],"version":["0"],"hide_status":[90],"monitor_user_id":[0],"sort":"last_updated","dir":"DESC","per_page":50,"match_type":0,"platform":["0"],"os":["0"],"os_build":["0"],"fixed_in_version":["0"],"target_version":["0"],"profile_id":[0],"priority":[0],"note_user_id":[0],"sticky":true,"filter_by_date":false,"start_month":"03","end_month":"03","start_day":1,"end_day":"17","start_year":"2023","end_year":"2023","filter_by_last_updated_date":false,"last_updated_start_month":"03","last_updated_end_month":"03","last_updated_start_day":1,"last_updated_end_day":"17","last_updated_start_year":"2023","last_updated_end_year":"2023","search":"","view_state":0,"tag_string":"","tag_select":0,"relationship_type":-1,"relationship_bug":0,"custom_fields":{"4":["0"],"3":["0"],"6":["0"],"8":["0"],"9":["0"],"12":["0"],"10":["0"],"11":["0"],"13":["0"],"17":["0"],"16":["0"],"18":["0"],"19":["0"],"20":["0"],"21":["0"],"22":["0"],"23":["0"],"24":["0"],"25":["0"],"26":["0"]},"_source_query_id":350}'),
(330, 1, -23, 0, '', 'v9#{"_version":"v9","_view_type":"simple","category_id":["0"],"severity":[0],"status":[0],"highlight_changed":6,"reporter_id":[0],"handler_id":[0],"project_id":[-3],"resolution":[0],"build":["0"],"version":["0"],"hide_status":[90],"monitor_user_id":[0],"sort":"last_updated","dir":"DESC","per_page":50,"match_type":0,"platform":["0"],"os":["0"],"os_build":["0"],"fixed_in_version":["0"],"target_version":["0"],"profile_id":[0],"priority":[0],"note_user_id":[0],"sticky":true,"filter_by_date":false,"start_month":"03","end_month":"03","start_day":1,"end_day":"14","start_year":"2023","end_year":"2023","filter_by_last_updated_date":false,"last_updated_start_month":"03","last_updated_end_month":"03","last_updated_start_day":1,"last_updated_end_day":"14","last_updated_start_year":"2023","last_updated_end_year":"2023","search":"","view_state":0,"tag_string":"","tag_select":0,"relationship_type":-1,"relationship_bug":0,"custom_fields":{"4":["0"],"3":["0"],"6":["0"],"8":["0"],"9":["0"],"12":["0"],"10":["0"],"11":["0"],"13":["0"],"17":["0"],"16":["0"],"18":["0"],"19":["0"],"20":["0"],"21":["0"],"22":["0"],"23":["0"],"24":["0"],"25":["0"],"26":["0"]}}'),
(321, 49, -21, 0, '', 'v9#{"_version":"v9","_view_type":"advanced","category_id":["0"],"severity":[0],"status":[0],"per_page":50,"highlight_changed":6,"reporter_id":[0],"handler_id":[0],"project_id":[-3],"sort":"last_updated","dir":"DESC","filter_by_date":false,"start_month":3,"start_day":1,"start_year":2023,"end_month":3,"end_day":10,"end_year":2023,"filter_by_last_updated_date":false,"last_updated_start_month":3,"last_updated_start_day":1,"last_updated_start_year":2023,"last_updated_end_month":3,"last_updated_end_day":10,"last_updated_end_year":2023,"search":"","hide_status":[-2],"resolution":[0],"build":["0"],"version":["0"],"fixed_in_version":["0"],"target_version":["0"],"priority":[0],"monitor_user_id":[0],"view_state":0,"custom_fields":{"4":["0"],"3":["0"],"6":["0"],"8":["0"],"9":["0"],"12":["0"],"10":["0"],"11":["0"],"13":["0"],"17":["0"],"16":["0"],"18":["0"],"19":["0"],"20":["0"],"21":["0"],"22":["0"],"23":["0"],"24":["0"],"25":["0"],"26":["0"]},"sticky":true,"relationship_type":-1,"relationship_bug":0,"profile_id":[0],"platform":["0"],"os":["0"],"os_build":["0"],"tag_string":"","tag_select":0,"note_user_id":[0],"match_type":0}'),
(322, 146, 0, 0, '', 'v9#{"_version":"v9","_view_type":"simple","category_id":["0"],"severity":[0],"status":[0],"per_page":50,"highlight_changed":6,"reporter_id":[0],"handler_id":[0],"project_id":[-3],"sort":"last_updated","dir":"DESC","filter_by_date":false,"start_month":3,"start_day":1,"start_year":2023,"end_month":3,"end_day":10,"end_year":2023,"filter_by_last_updated_date":false,"last_updated_start_month":3,"last_updated_start_day":1,"last_updated_start_year":2023,"last_updated_end_month":3,"last_updated_end_day":10,"last_updated_end_year":2023,"search":"","hide_status":[90],"resolution":[0],"build":["0"],"version":["0"],"fixed_in_version":["0"],"target_version":["0"],"priority":[0],"monitor_user_id":[0],"view_state":0,"custom_fields":{"4":["0"],"3":["0"],"6":["0"],"8":["0"],"9":["0"],"12":["0"],"10":["0"],"11":["0"],"13":["0","0","0"],"17":["0","0","0"],"16":["0"],"18":["0"],"19":["0"],"20":["0"],"21":["0"],"22":["0"],"23":["0"],"24":["0"],"25":["0"],"26":["0"]},"sticky":true,"relationship_type":-1,"relationship_bug":0,"profile_id":[0],"platform":["0"],"os":["0"],"os_build":["0"],"tag_string":"","tag_select":0,"note_user_id":[0],"match_type":0}'),
(323, 1, -21, 0, '', 'v9#{"_version":"v9","_view_type":"simple","category_id":["0"],"severity":[0],"status":[0],"highlight_changed":6,"reporter_id":[0],"handler_id":[0],"project_id":[-3],"resolution":[0],"build":["0"],"version":["0"],"hide_status":[90],"monitor_user_id":[0],"sort":"last_updated","dir":"DESC","per_page":50,"match_type":0,"platform":["0"],"os":["0"],"os_build":["0"],"fixed_in_version":["0"],"target_version":["0"],"profile_id":[0],"priority":[0],"note_user_id":[0],"sticky":true,"filter_by_date":false,"start_month":"03","end_month":"03","start_day":1,"end_day":"10","start_year":"2023","end_year":"2023","filter_by_last_updated_date":false,"last_updated_start_month":"03","last_updated_end_month":"03","last_updated_start_day":1,"last_updated_end_day":"10","last_updated_start_year":"2023","last_updated_end_year":"2023","search":"","view_state":0,"tag_string":"","tag_select":0,"relationship_type":-1,"relationship_bug":0,"custom_fields":{"4":["0"],"3":["0"],"6":["0"],"8":["0"],"9":["0"],"12":["0"],"10":["0"],"11":["0"],"13":["0"],"17":["0"],"16":["0"],"18":["0"],"19":["0"],"20":["0"],"21":["0"],"22":["0"],"23":["0"],"24":["0"],"25":["0"],"26":["0"]},"_source_query_id":323}'),
(324, 1, -20, 0, '', 'v9#{"_version":"v9","_view_type":"simple","category_id":["0"],"severity":[0],"status":[0],"highlight_changed":6,"reporter_id":[0],"handler_id":[0],"project_id":[-3],"resolution":[0],"build":["0"],"version":["0"],"hide_status":[90],"monitor_user_id":[0],"sort":"last_updated","dir":"DESC","per_page":50,"match_type":0,"platform":["0"],"os":["0"],"os_build":["0"],"fixed_in_version":["0"],"target_version":["0"],"profile_id":[0],"priority":[0],"note_user_id":[0],"sticky":true,"filter_by_date":false,"start_month":"03","end_month":"03","start_day":1,"end_day":"10","start_year":"2023","end_year":"2023","filter_by_last_updated_date":false,"last_updated_start_month":"03","last_updated_end_month":"03","last_updated_start_day":1,"last_updated_end_day":"10","last_updated_start_year":"2023","last_updated_end_year":"2023","search":"","view_state":0,"tag_string":"","tag_select":0,"relationship_type":-1,"relationship_bug":0,"custom_fields":{"4":["0"],"3":["0"],"6":["0"],"8":["0"],"9":["0"],"12":["0"],"10":["0"],"11":["0"],"13":["0"],"17":["0"],"16":["0"],"18":["0"],"19":["0"],"20":["0"],"21":["0"],"22":["0"],"23":["0"],"24":["0"],"25":["0"],"26":["0"]},"_source_query_id":324}'),
(325, 1, -19, 0, '', 'v9#{"_version":"v9","_view_type":"simple","category_id":["0"],"severity":[0],"status":[0],"highlight_changed":6,"reporter_id":[0],"handler_id":[0],"project_id":[-3],"resolution":[0],"build":["0"],"version":["0"],"hide_status":[90],"monitor_user_id":[0],"sort":"last_updated","dir":"DESC","per_page":50,"match_type":0,"platform":["0"],"os":["0"],"os_build":["0"],"fixed_in_version":["0"],"target_version":["0"],"profile_id":[0],"priority":[0],"note_user_id":[0],"sticky":true,"filter_by_date":false,"start_month":"03","end_month":"03","start_day":1,"end_day":"10","start_year":"2023","end_year":"2023","filter_by_last_updated_date":false,"last_updated_start_month":"03","last_updated_end_month":"03","last_updated_start_day":1,"last_updated_end_day":"10","last_updated_start_year":"2023","last_updated_end_year":"2023","search":"","view_state":0,"tag_string":"","tag_select":0,"relationship_type":-1,"relationship_bug":0,"custom_fields":{"4":["0"],"3":["0"],"6":["0"],"8":["0"],"9":["0"],"12":["0"],"10":["0"],"11":["0"],"13":["0"],"17":["0"],"16":["0"],"18":["0"],"19":["0"],"20":["0"],"21":["0"],"22":["0"],"23":["0"],"24":["0"],"25":["0"],"26":["0"]},"_source_query_id":325}'),
(326, 180, -7, 0, '', 'v9#{"_version":"v9","_view_type":"simple","category_id":["0"],"severity":[0],"status":[50],"per_page":50,"highlight_changed":6,"reporter_id":[0],"handler_id":[209],"project_id":[-3],"sort":"last_updated","dir":"DESC","filter_by_date":false,"start_month":5,"start_day":1,"start_year":2023,"end_month":5,"end_day":19,"end_year":2023,"filter_by_last_updated_date":false,"last_updated_start_month":5,"last_updated_start_day":1,"last_updated_start_year":2023,"last_updated_end_month":5,"last_updated_end_day":19,"last_updated_end_year":2023,"search":"","hide_status":[90],"resolution":[0],"build":["0"],"version":["0"],"fixed_in_version":["0"],"target_version":["0"],"priority":[0],"monitor_user_id":[0],"view_state":0,"custom_fields":{"4":["0"],"3":["0"],"6":["0"],"8":["0"],"9":["0"],"12":["0"],"10":["0"],"11":["0"],"13":["0","0","0"],"17":["0"],"16":["0"],"18":["0"],"19":["0"],"20":["0"],"21":["0"],"22":["0"],"23":["0"],"24":["0"],"25":["0"],"26":["0"]},"sticky":true,"relationship_type":-1,"relationship_bug":0,"profile_id":[0],"platform":["0"],"os":["0"],"os_build":["0"],"tag_string":"","tag_select":0,"note_user_id":[0],"match_type":0}'),
(327, 181, -19, 0, '', 'v9#{"_version":"v9","_view_type":"simple","category_id":["0"],"severity":[0],"status":[0],"highlight_changed":6,"reporter_id":[0],"handler_id":[0],"project_id":[-3],"resolution":[0],"build":["0"],"version":["0"],"hide_status":[90],"monitor_user_id":[0],"sort":"last_updated","dir":"DESC","per_page":50,"match_type":0,"platform":["0"],"os":["0"],"os_build":["0"],"fixed_in_version":["0"],"target_version":["0"],"profile_id":[0],"priority":[0],"note_user_id":[0],"sticky":true,"filter_by_date":false,"start_month":"03","end_month":"03","start_day":1,"end_day":"13","start_year":"2023","end_year":"2023","filter_by_last_updated_date":false,"last_updated_start_month":"03","last_updated_end_month":"03","last_updated_start_day":1,"last_updated_end_day":"13","last_updated_start_year":"2023","last_updated_end_year":"2023","search":"","view_state":0,"tag_string":"","tag_select":0,"relationship_type":-1,"relationship_bug":0,"custom_fields":{"4":["0"],"3":["0"],"6":["0"],"8":["0"],"9":["0"],"12":["0"],"10":["0"],"11":["0"],"13":["0"],"17":["0"],"16":["0"],"18":["0"],"19":["0"],"20":["0"],"21":["0"],"22":["0"],"23":["0"],"24":["0"],"25":["0"],"26":["0"]},"_source_query_id":327}'),
(328, 1, -26, 0, '', 'v9#{"_version":"v9","_view_type":"simple","category_id":["0"],"severity":[0],"status":[0],"highlight_changed":6,"reporter_id":[0],"handler_id":[0],"project_id":[-3],"resolution":[0],"build":["0"],"version":["0"],"hide_status":[90],"monitor_user_id":[0],"sort":"last_updated","dir":"DESC","per_page":50,"match_type":0,"platform":["0"],"os":["0"],"os_build":["0"],"fixed_in_version":["0"],"target_version":["0"],"profile_id":[0],"priority":[0],"note_user_id":[0],"sticky":true,"filter_by_date":false,"start_month":"03","end_month":"03","start_day":1,"end_day":"13","start_year":"2023","end_year":"2023","filter_by_last_updated_date":false,"last_updated_start_month":"03","last_updated_end_month":"03","last_updated_start_day":1,"last_updated_end_day":"13","last_updated_start_year":"2023","last_updated_end_year":"2023","search":"","view_state":0,"tag_string":"","tag_select":0,"relationship_type":-1,"relationship_bug":0,"custom_fields":{"4":["0"],"3":["0"],"6":["0"],"8":["0"],"9":["0"],"12":["0"],"10":["0"],"11":["0"],"13":["0"],"17":["0"],"16":["0"],"18":["0"],"19":["0"],"20":["0"],"21":["0"],"22":["0"],"23":["0"],"24":["0"],"25":["0"],"26":["0"]},"_source_query_id":328}'),
(329, 181, -26, 0, '', 'v9#{"_version":"v9","_view_type":"simple","category_id":["0"],"severity":[0],"status":[0],"highlight_changed":6,"reporter_id":[0],"handler_id":[0],"project_id":[-3],"resolution":[0],"build":["0"],"version":["0"],"hide_status":[90],"monitor_user_id":[0],"sort":"last_updated","dir":"DESC","per_page":50,"match_type":0,"platform":["0"],"os":["0"],"os_build":["0"],"fixed_in_version":["0"],"target_version":["0"],"profile_id":[0],"priority":[0],"note_user_id":[0],"sticky":true,"filter_by_date":false,"start_month":"03","end_month":"03","start_day":1,"end_day":"30","start_year":"2023","end_year":"2023","filter_by_last_updated_date":false,"last_updated_start_month":"03","last_updated_end_month":"03","last_updated_start_day":1,"last_updated_end_day":"30","last_updated_start_year":"2023","last_updated_end_year":"2023","search":"","view_state":0,"tag_string":"","tag_select":0,"relationship_type":-1,"relationship_bug":0,"custom_fields":{"4":["0"],"3":["0"],"6":["0"],"8":["0"],"9":["0"],"12":["0"],"10":["0"],"11":["0"],"13":["0"],"17":["0"],"16":["0"],"18":["0"],"19":["0"],"20":["0"],"21":["0"],"22":["0"],"23":["0"],"24":["0"],"25":["0"],"26":["0"]},"_source_query_id":329}'),
(371, 180, 0, 0, '', 'v9#{"_version":"v9","_view_type":"simple","category_id":["0"],"severity":[0],"status":[50],"per_page":50,"highlight_changed":6,"reporter_id":[0],"handler_id":[101],"project_id":[-3],"sort":"last_updated","dir":"DESC","filter_by_date":false,"start_month":5,"start_day":1,"start_year":2023,"end_month":5,"end_day":22,"end_year":2023,"filter_by_last_updated_date":false,"last_updated_start_month":5,"last_updated_start_day":1,"last_updated_start_year":2023,"last_updated_end_month":5,"last_updated_end_day":22,"last_updated_end_year":2023,"search":"","hide_status":[90],"resolution":[0],"build":["0"],"version":["0"],"fixed_in_version":["0"],"target_version":["0"],"priority":[0],"monitor_user_id":[0],"view_state":0,"custom_fields":{"4":["0"],"3":["0"],"6":["0"],"8":["0"],"9":["0"],"12":["0"],"10":["0"],"11":["0"],"13":["0","0","0"],"17":["0","0","0"],"16":["0"],"18":["0"],"19":["0"],"20":["0"],"21":["0"],"22":["0"],"23":["0"],"24":["0"],"25":["0"],"26":["0"]},"sticky":true,"relationship_type":-1,"relationship_bug":0,"profile_id":[0],"platform":["0"],"os":["0"],"os_build":["0"],"tag_string":"","tag_select":0,"note_user_id":[0],"match_type":0}'),
(331, 1, -29, 0, '', 'v9#{"_version":"v9","_view_type":"simple","category_id":["0"],"severity":[0],"status":[0],"highlight_changed":6,"reporter_id":[0],"handler_id":[0],"project_id":[-3],"resolution":[0],"build":["0"],"version":["0"],"hide_status":[90],"monitor_user_id":[0],"sort":"last_updated","dir":"DESC","per_page":50,"match_type":0,"platform":["0"],"os":["0"],"os_build":["0"],"fixed_in_version":["0"],"target_version":["0"],"profile_id":[0],"priority":[0],"note_user_id":[0],"sticky":true,"filter_by_date":false,"start_month":"03","end_month":"03","start_day":1,"end_day":"14","start_year":"2023","end_year":"2023","filter_by_last_updated_date":false,"last_updated_start_month":"03","last_updated_end_month":"03","last_updated_start_day":1,"last_updated_end_day":"14","last_updated_start_year":"2023","last_updated_end_year":"2023","search":"","view_state":0,"tag_string":"","tag_select":0,"relationship_type":-1,"relationship_bug":0,"custom_fields":{"4":["0"],"3":["0"],"6":["0"],"8":["0"],"9":["0"],"12":["0"],"10":["0"],"11":["0"],"13":["0"],"17":["0"],"16":["0"],"18":["0"],"19":["0"],"20":["0"],"21":["0"],"22":["0"],"23":["0"],"24":["0"],"25":["0"],"26":["0"]}}'),
(332, 1, -32, 0, '', 'v9#{"_version":"v9","_view_type":"simple","category_id":["0"],"severity":[0],"status":[0],"highlight_changed":6,"reporter_id":[0],"handler_id":[0],"project_id":[-3],"resolution":[0],"build":["0"],"version":["0"],"hide_status":[90],"monitor_user_id":[0],"sort":"last_updated","dir":"DESC","per_page":50,"match_type":0,"platform":["0"],"os":["0"],"os_build":["0"],"fixed_in_version":["0"],"target_version":["0"],"profile_id":[0],"priority":[0],"note_user_id":[0],"sticky":true,"filter_by_date":false,"start_month":"03","end_month":"03","start_day":1,"end_day":"14","start_year":"2023","end_year":"2023","filter_by_last_updated_date":false,"last_updated_start_month":"03","last_updated_end_month":"03","last_updated_start_day":1,"last_updated_end_day":"14","last_updated_start_year":"2023","last_updated_end_year":"2023","search":"","view_state":0,"tag_string":"","tag_select":0,"relationship_type":-1,"relationship_bug":0,"custom_fields":{"4":["0"],"3":["0"],"6":["0"],"8":["0"],"9":["0"],"12":["0"],"10":["0"],"11":["0"],"13":["0"],"17":["0"],"16":["0"],"18":["0"],"19":["0"],"20":["0"],"21":["0"],"22":["0"],"23":["0"],"24":["0"],"25":["0"],"26":["0"]}}'),
(333, 1, -22, 0, '', 'v9#{"_version":"v9","_view_type":"simple","category_id":["0"],"severity":[0],"status":[0],"highlight_changed":6,"reporter_id":[0],"handler_id":[0],"project_id":[-3],"resolution":[0],"build":["0"],"version":["0"],"hide_status":[90],"monitor_user_id":[0],"sort":"last_updated","dir":"DESC","per_page":50,"match_type":0,"platform":["0"],"os":["0"],"os_build":["0"],"fixed_in_version":["0"],"target_version":["0"],"profile_id":[0],"priority":[0],"note_user_id":[0],"sticky":true,"filter_by_date":false,"start_month":"03","end_month":"03","start_day":1,"end_day":"14","start_year":"2023","end_year":"2023","filter_by_last_updated_date":false,"last_updated_start_month":"03","last_updated_end_month":"03","last_updated_start_day":1,"last_updated_end_day":"14","last_updated_start_year":"2023","last_updated_end_year":"2023","search":"","view_state":0,"tag_string":"","tag_select":0,"relationship_type":-1,"relationship_bug":0,"custom_fields":{"4":["0"],"3":["0"],"6":["0"],"8":["0"],"9":["0"],"12":["0"],"10":["0"],"11":["0"],"13":["0"],"17":["0"],"16":["0"],"18":["0"],"19":["0"],"20":["0"],"21":["0"],"22":["0"],"23":["0"],"24":["0"],"25":["0"],"26":["0"]}}'),
(334, 1, -31, 0, '', 'v9#{"_version":"v9","_view_type":"simple","category_id":["0"],"severity":[0],"status":[0],"highlight_changed":6,"reporter_id":[0],"handler_id":[0],"project_id":[-3],"resolution":[0],"build":["0"],"version":["0"],"hide_status":[90],"monitor_user_id":[0],"sort":"last_updated","dir":"DESC","per_page":50,"match_type":0,"platform":["0"],"os":["0"],"os_build":["0"],"fixed_in_version":["0"],"target_version":["0"],"profile_id":[0],"priority":[0],"note_user_id":[0],"sticky":true,"filter_by_date":false,"start_month":"03","end_month":"03","start_day":1,"end_day":"14","start_year":"2023","end_year":"2023","filter_by_last_updated_date":false,"last_updated_start_month":"03","last_updated_end_month":"03","last_updated_start_day":1,"last_updated_end_day":"14","last_updated_start_year":"2023","last_updated_end_year":"2023","search":"","view_state":0,"tag_string":"","tag_select":0,"relationship_type":-1,"relationship_bug":0,"custom_fields":{"4":["0"],"3":["0"],"6":["0"],"8":["0"],"9":["0"],"12":["0"],"10":["0"],"11":["0"],"13":["0"],"17":["0"],"16":["0"],"18":["0"],"19":["0"],"20":["0"],"21":["0"],"22":["0"],"23":["0"],"24":["0"],"25":["0"],"26":["0"]}}'),
(335, 1, -24, 0, '', 'v9#{"_version":"v9","_view_type":"simple","category_id":["0"],"severity":[0],"status":[0],"highlight_changed":6,"reporter_id":[0],"handler_id":[0],"project_id":[-3],"resolution":[0],"build":["0"],"version":["0"],"hide_status":[90],"monitor_user_id":[0],"sort":"last_updated","dir":"DESC","per_page":50,"match_type":0,"platform":["0"],"os":["0"],"os_build":["0"],"fixed_in_version":["0"],"target_version":["0"],"profile_id":[0],"priority":[0],"note_user_id":[0],"sticky":true,"filter_by_date":false,"start_month":"03","end_month":"03","start_day":1,"end_day":"14","start_year":"2023","end_year":"2023","filter_by_last_updated_date":false,"last_updated_start_month":"03","last_updated_end_month":"03","last_updated_start_day":1,"last_updated_end_day":"14","last_updated_start_year":"2023","last_updated_end_year":"2023","search":"","view_state":0,"tag_string":"","tag_select":0,"relationship_type":-1,"relationship_bug":0,"custom_fields":{"4":["0"],"3":["0"],"6":["0"],"8":["0"],"9":["0"],"12":["0"],"10":["0"],"11":["0"],"13":["0"],"17":["0"],"16":["0"],"18":["0"],"19":["0"],"20":["0"],"21":["0"],"22":["0"],"23":["0"],"24":["0"],"25":["0"],"26":["0"]}}'),
(338, 49, -39, 0, '', 'v9#{"_version":"v9","_view_type":"advanced","category_id":["0"],"severity":[0],"status":[0],"per_page":50,"highlight_changed":6,"reporter_id":[0],"handler_id":[0],"project_id":[-3],"sort":"last_updated","dir":"DESC","filter_by_date":false,"start_month":3,"start_day":1,"start_year":2023,"end_month":3,"end_day":15,"end_year":2023,"filter_by_last_updated_date":false,"last_updated_start_month":3,"last_updated_start_day":1,"last_updated_start_year":2023,"last_updated_end_month":3,"last_updated_end_day":15,"last_updated_end_year":2023,"search":"","hide_status":[-2],"resolution":[0],"build":["0"],"version":["0"],"fixed_in_version":["0"],"target_version":["0"],"priority":[0],"monitor_user_id":[0],"view_state":0,"custom_fields":{"4":["0"],"3":["0"],"6":["0"],"8":["0"],"9":["0"],"12":["0"],"10":["0"],"11":["0"],"13":["0"],"17":["0"],"16":["0"],"18":["0"],"19":["0"],"20":["0"],"21":["0"],"22":["0"],"23":["0"],"24":["0"],"25":["0"],"26":["0"]},"sticky":true,"relationship_type":-1,"relationship_bug":0,"profile_id":[0],"platform":["0"],"os":["0"],"os_build":["0"],"tag_string":"","tag_select":0,"note_user_id":[0],"match_type":0,"_source_query_id":338}'),
(336, 49, -26, 0, '', 'v9#{"_version":"v9","_view_type":"simple","category_id":["0"],"severity":[0],"status":[0],"highlight_changed":6,"reporter_id":[0],"handler_id":[0],"project_id":[-3],"resolution":[0],"build":["0"],"version":["0"],"hide_status":[90],"monitor_user_id":[0],"sort":"last_updated","dir":"DESC","per_page":50,"match_type":0,"platform":["0"],"os":["0"],"os_build":["0"],"fixed_in_version":["0"],"target_version":["0"],"profile_id":[0],"priority":[0],"note_user_id":[0],"sticky":true,"filter_by_date":false,"start_month":"03","end_month":"03","start_day":1,"end_day":"15","start_year":"2023","end_year":"2023","filter_by_last_updated_date":false,"last_updated_start_month":"03","last_updated_end_month":"03","last_updated_start_day":1,"last_updated_end_day":"15","last_updated_start_year":"2023","last_updated_end_year":"2023","search":"","view_state":0,"tag_string":"","tag_select":0,"relationship_type":-1,"relationship_bug":0,"custom_fields":{"4":["0"],"3":["0"],"6":["0"],"8":["0"],"9":["0"],"12":["0"],"10":["0"],"11":["0"],"13":["0"],"17":["0"],"16":["0"],"18":["0"],"19":["0"],"20":["0"],"21":["0"],"22":["0"],"23":["0"],"24":["0"],"25":["0"],"26":["0"]}}'),
(337, 49, -34, 0, '', 'v9#{"_version":"v9","_view_type":"simple","category_id":["0"],"severity":[0],"status":[0],"highlight_changed":6,"reporter_id":[0],"handler_id":[0],"project_id":[-3],"resolution":[0],"build":["0"],"version":["0"],"hide_status":[90],"monitor_user_id":[0],"sort":"last_updated","dir":"DESC","per_page":50,"match_type":0,"platform":["0"],"os":["0"],"os_build":["0"],"fixed_in_version":["0"],"target_version":["0"],"profile_id":[0],"priority":[0],"note_user_id":[0],"sticky":true,"filter_by_date":false,"start_month":"03","end_month":"03","start_day":1,"end_day":"15","start_year":"2023","end_year":"2023","filter_by_last_updated_date":false,"last_updated_start_month":"03","last_updated_end_month":"03","last_updated_start_day":1,"last_updated_end_day":"15","last_updated_start_year":"2023","last_updated_end_year":"2023","search":"","view_state":0,"tag_string":"","tag_select":0,"relationship_type":-1,"relationship_bug":0,"custom_fields":{"4":["0"],"3":["0"],"6":["0"],"8":["0"],"9":["0"],"12":["0"],"10":["0"],"11":["0"],"13":["0"],"17":["0"],"16":["0"],"18":["0"],"19":["0"],"20":["0"],"21":["0"],"22":["0"],"23":["0"],"24":["0"],"25":["0"],"26":["0"]}}'),
(381, 181, -21, 0, '', 'v9#{"_version":"v9","_view_type":"simple","category_id":["0"],"severity":[0],"status":[0],"highlight_changed":6,"reporter_id":[0],"handler_id":[0],"project_id":[-3],"resolution":[0],"build":["0"],"version":["0"],"hide_status":[90],"monitor_user_id":[0],"sort":"last_updated","dir":"DESC","per_page":50,"match_type":0,"platform":["0"],"os":["0"],"os_build":["0"],"fixed_in_version":["0"],"target_version":["0"],"profile_id":[0],"priority":[0],"note_user_id":[0],"sticky":true,"filter_by_date":false,"start_month":"04","end_month":"04","start_day":1,"end_day":"24","start_year":"2023","end_year":"2023","filter_by_last_updated_date":false,"last_updated_start_month":"04","last_updated_end_month":"04","last_updated_start_day":1,"last_updated_end_day":"24","last_updated_start_year":"2023","last_updated_end_year":"2023","search":"","view_state":0,"tag_string":"","tag_select":0,"relationship_type":-1,"relationship_bug":0,"custom_fields":{"4":["0"],"3":["0"],"6":["0"],"8":["0"],"9":["0"],"12":["0"],"10":["0"],"11":["0"],"13":["0"],"17":["0"],"16":["0"],"18":["0"],"19":["0"],"20":["0"],"21":["0"],"22":["0"],"23":["0"],"24":["0"],"25":["0"],"26":["0"]},"_source_query_id":381}'),
(339, 49, -38, 0, '', 'v9#{"_version":"v9","_view_type":"simple","category_id":["0"],"severity":[0],"status":[0],"highlight_changed":6,"reporter_id":[0],"handler_id":[0],"project_id":[-3],"resolution":[0],"build":["0"],"version":["0"],"hide_status":[90],"monitor_user_id":[0],"sort":"last_updated","dir":"DESC","per_page":50,"match_type":0,"platform":["0"],"os":["0"],"os_build":["0"],"fixed_in_version":["0"],"target_version":["0"],"profile_id":[0],"priority":[0],"note_user_id":[0],"sticky":true,"filter_by_date":false,"start_month":"03","end_month":"03","start_day":1,"end_day":"15","start_year":"2023","end_year":"2023","filter_by_last_updated_date":false,"last_updated_start_month":"03","last_updated_end_month":"03","last_updated_start_day":1,"last_updated_end_day":"15","last_updated_start_year":"2023","last_updated_end_year":"2023","search":"","view_state":0,"tag_string":"","tag_select":0,"relationship_type":-1,"relationship_bug":0,"custom_fields":{"4":["0"],"3":["0"],"6":["0"],"8":["0"],"9":["0"],"12":["0"],"10":["0"],"11":["0"],"13":["0"],"17":["0"],"16":["0"],"18":["0"],"19":["0"],"20":["0"],"21":["0"],"22":["0"],"23":["0"],"24":["0"],"25":["0"],"26":["0"]},"_source_query_id":339}'),
(340, 1, -38, 0, '', 'v9#{"_version":"v9","_view_type":"advanced","category_id":["0"],"severity":[0],"status":[10,20,30,40,50,80],"per_page":50,"highlight_changed":6,"reporter_id":[0],"handler_id":[0],"project_id":[-3],"sort":"project_id,last_updated","dir":"ASC,DESC","filter_by_date":false,"start_month":3,"start_day":1,"start_year":2023,"end_month":3,"end_day":15,"end_year":2023,"filter_by_last_updated_date":false,"last_updated_start_month":3,"last_updated_start_day":1,"last_updated_start_year":2023,"last_updated_end_month":3,"last_updated_end_day":15,"last_updated_end_year":2023,"search":"","hide_status":[-2],"resolution":[0],"build":["0"],"version":["0"],"fixed_in_version":["0"],"target_version":["0"],"priority":[0],"monitor_user_id":[0],"view_state":0,"custom_fields":{"4":["0"],"3":["0"],"6":["0"],"8":["0"],"9":["0"],"12":["0"],"10":["0"],"11":["0"],"13":["0"],"17":["0"],"16":["0"],"18":["0"],"19":["0"],"20":["0"],"21":["0"],"22":["0"],"23":["0"],"24":["0"],"25":["0"],"26":["0"]},"sticky":true,"relationship_type":-1,"relationship_bug":0,"profile_id":[0],"platform":["0"],"os":["0"],"os_build":["0"],"tag_string":"","tag_select":0,"note_user_id":[0],"match_type":0,"_source_query_id":340}'),
(341, 1, -39, 0, '', 'v9#{"_version":"v9","_view_type":"simple","category_id":["0"],"severity":[0],"status":[0],"highlight_changed":6,"reporter_id":[0],"handler_id":[0],"project_id":[-3],"resolution":[0],"build":["0"],"version":["0"],"hide_status":[90],"monitor_user_id":[0],"sort":"last_updated","dir":"DESC","per_page":50,"match_type":0,"platform":["0"],"os":["0"],"os_build":["0"],"fixed_in_version":["0"],"target_version":["0"],"profile_id":[0],"priority":[0],"note_user_id":[0],"sticky":true,"filter_by_date":false,"start_month":"03","end_month":"03","start_day":1,"end_day":"15","start_year":"2023","end_year":"2023","filter_by_last_updated_date":false,"last_updated_start_month":"03","last_updated_end_month":"03","last_updated_start_day":1,"last_updated_end_day":"15","last_updated_start_year":"2023","last_updated_end_year":"2023","search":"","view_state":0,"tag_string":"","tag_select":0,"relationship_type":-1,"relationship_bug":0,"custom_fields":{"4":["0"],"3":["0"],"6":["0"],"8":["0"],"9":["0"],"12":["0"],"10":["0"],"11":["0"],"13":["0"],"17":["0"],"16":["0"],"18":["0"],"19":["0"],"20":["0"],"21":["0"],"22":["0"],"23":["0"],"24":["0"],"25":["0"],"26":["0"]}}'),
(342, 180, -39, 0, '', 'v9#{"_version":"v9","_view_type":"simple","category_id":["0"],"severity":[0],"status":[0],"highlight_changed":6,"reporter_id":[0],"handler_id":[0],"project_id":[-3],"resolution":[0],"build":["0"],"version":["0"],"hide_status":[90],"monitor_user_id":[0],"sort":"last_updated","dir":"DESC","per_page":50,"match_type":0,"platform":["0"],"os":["0"],"os_build":["0"],"fixed_in_version":["0"],"target_version":["0"],"profile_id":[0],"priority":[0],"note_user_id":[0],"sticky":true,"filter_by_date":false,"start_month":"03","end_month":"03","start_day":1,"end_day":"15","start_year":"2023","end_year":"2023","filter_by_last_updated_date":false,"last_updated_start_month":"03","last_updated_end_month":"03","last_updated_start_day":1,"last_updated_end_day":"15","last_updated_start_year":"2023","last_updated_end_year":"2023","search":"","view_state":0,"tag_string":"","tag_select":0,"relationship_type":-1,"relationship_bug":0,"custom_fields":{"4":["0"],"3":["0"],"6":["0"],"8":["0"],"9":["0"],"12":["0"],"10":["0"],"11":["0"],"13":["0"],"17":["0"],"16":["0"],"18":["0"],"19":["0"],"20":["0"],"21":["0"],"22":["0"],"23":["0"],"24":["0"],"25":["0"],"26":["0"]},"_source_query_id":342}'),
(343, 180, -38, 0, '', 'v9#{"_version":"v9","_view_type":"simple","category_id":["0"],"severity":[0],"status":[0],"highlight_changed":6,"reporter_id":[0],"handler_id":[0],"project_id":[-3],"resolution":[0],"build":["0"],"version":["0"],"hide_status":[90],"monitor_user_id":[0],"sort":"last_updated","dir":"DESC","per_page":50,"match_type":0,"platform":["0"],"os":["0"],"os_build":["0"],"fixed_in_version":["0"],"target_version":["0"],"profile_id":[0],"priority":[0],"note_user_id":[0],"sticky":true,"filter_by_date":false,"start_month":"03","end_month":"03","start_day":1,"end_day":"15","start_year":"2023","end_year":"2023","filter_by_last_updated_date":false,"last_updated_start_month":"03","last_updated_end_month":"03","last_updated_start_day":1,"last_updated_end_day":"15","last_updated_start_year":"2023","last_updated_end_year":"2023","search":"","view_state":0,"tag_string":"","tag_select":0,"relationship_type":-1,"relationship_bug":0,"custom_fields":{"4":["0"],"3":["0"],"6":["0"],"8":["0"],"9":["0"],"12":["0"],"10":["0"],"11":["0"],"13":["0"],"17":["0"],"16":["0"],"18":["0"],"19":["0"],"20":["0"],"21":["0"],"22":["0"],"23":["0"],"24":["0"],"25":["0"],"26":["0"]}}'),
(344, 179, 0, 0, '', 'v9#{"_version":"v9","_view_type":"simple","category_id":["0"],"severity":[0],"status":[0],"highlight_changed":6,"reporter_id":[0],"handler_id":[0],"project_id":[-3],"resolution":[0],"build":["0"],"version":["0"],"hide_status":[90],"monitor_user_id":[0],"sort":"last_updated","dir":"DESC","per_page":50,"match_type":0,"platform":["0"],"os":["0"],"os_build":["0"],"fixed_in_version":["0"],"target_version":["0"],"profile_id":[0],"priority":[0],"note_user_id":[0],"sticky":true,"filter_by_date":false,"start_month":"03","end_month":"03","start_day":1,"end_day":"15","start_year":"2023","end_year":"2023","filter_by_last_updated_date":false,"last_updated_start_month":"03","last_updated_end_month":"03","last_updated_start_day":1,"last_updated_end_day":"15","last_updated_start_year":"2023","last_updated_end_year":"2023","search":"","view_state":0,"tag_string":"","tag_select":0,"relationship_type":-1,"relationship_bug":0,"custom_fields":{"4":["0"],"3":["0"],"6":["0"],"8":["0"],"9":["0"],"12":["0"],"10":["0"],"11":["0"],"13":["0"],"17":["0"],"16":["0"],"18":["0"],"19":["0"],"20":["0"],"21":["0"],"22":["0"],"23":["0"],"24":["0"],"25":["0"],"26":["0"]}}'),
(345, 179, -21, 0, '', 'v9#{"_version":"v9","_view_type":"simple","category_id":["0"],"severity":[0],"status":[0],"highlight_changed":6,"reporter_id":[0],"handler_id":[0],"project_id":[-3],"resolution":[0],"build":["0"],"version":["0"],"hide_status":[90],"monitor_user_id":[0],"sort":"last_updated","dir":"DESC","per_page":50,"match_type":0,"platform":["0"],"os":["0"],"os_build":["0"],"fixed_in_version":["0"],"target_version":["0"],"profile_id":[0],"priority":[0],"note_user_id":[0],"sticky":true,"filter_by_date":false,"start_month":"03","end_month":"03","start_day":1,"end_day":"15","start_year":"2023","end_year":"2023","filter_by_last_updated_date":false,"last_updated_start_month":"03","last_updated_end_month":"03","last_updated_start_day":1,"last_updated_end_day":"15","last_updated_start_year":"2023","last_updated_end_year":"2023","search":"","view_state":0,"tag_string":"","tag_select":0,"relationship_type":-1,"relationship_bug":0,"custom_fields":{"4":["0"],"3":["0"],"6":["0"],"8":["0"],"9":["0"],"12":["0"],"10":["0"],"11":["0"],"13":["0"],"17":["0"],"16":["0"],"18":["0"],"19":["0"],"20":["0"],"21":["0"],"22":["0"],"23":["0"],"24":["0"],"25":["0"],"26":["0"]}}'),
(346, 184, -33, 0, '', 'v9#{"_version":"v9","_view_type":"simple","category_id":["0"],"severity":[0],"status":[0],"highlight_changed":6,"reporter_id":[0],"handler_id":[0],"project_id":[-3],"resolution":[0],"build":["0"],"version":["0"],"hide_status":[90],"monitor_user_id":[0],"sort":"last_updated","dir":"DESC","per_page":50,"match_type":0,"platform":["0"],"os":["0"],"os_build":["0"],"fixed_in_version":["0"],"target_version":["0"],"profile_id":[0],"priority":[0],"note_user_id":[0],"sticky":true,"filter_by_date":false,"start_month":"03","end_month":"03","start_day":1,"end_day":"16","start_year":"2023","end_year":"2023","filter_by_last_updated_date":false,"last_updated_start_month":"03","last_updated_end_month":"03","last_updated_start_day":1,"last_updated_end_day":"16","last_updated_start_year":"2023","last_updated_end_year":"2023","search":"","view_state":0,"tag_string":"","tag_select":0,"relationship_type":-1,"relationship_bug":0,"custom_fields":{"4":["0"],"3":["0"],"6":["0"],"8":["0"],"9":["0"],"12":["0"],"10":["0"],"11":["0"],"13":["0"],"17":["0"],"16":["0"],"18":["0"],"19":["0"],"20":["0"],"21":["0"],"22":["0"],"23":["0"],"24":["0"],"25":["0"],"26":["0"]}}'),
(354, 181, -57, 0, '', 'v9#{"_version":"v9","_view_type":"simple","category_id":["0"],"severity":[0],"status":[0],"highlight_changed":6,"reporter_id":[0],"handler_id":[0],"project_id":[-3],"resolution":[0],"build":["0"],"version":["0"],"hide_status":[90],"monitor_user_id":[0],"sort":"last_updated","dir":"DESC","per_page":50,"match_type":0,"platform":["0"],"os":["0"],"os_build":["0"],"fixed_in_version":["0"],"target_version":["0"],"profile_id":[0],"priority":[0],"note_user_id":[0],"sticky":true,"filter_by_date":false,"start_month":"03","end_month":"03","start_day":1,"end_day":"21","start_year":"2023","end_year":"2023","filter_by_last_updated_date":false,"last_updated_start_month":"03","last_updated_end_month":"03","last_updated_start_day":1,"last_updated_end_day":"21","last_updated_start_year":"2023","last_updated_end_year":"2023","search":"","view_state":0,"tag_string":"","tag_select":0,"relationship_type":-1,"relationship_bug":0,"custom_fields":{"4":["0"],"3":["0"],"6":["0"],"8":["0"],"9":["0"],"12":["0"],"10":["0"],"11":["0"],"13":["0"],"17":["0"],"16":["0"],"18":["0"],"19":["0"],"20":["0"],"21":["0"],"22":["0"],"23":["0"],"24":["0"],"25":["0"],"26":["0"]},"_source_query_id":354}'),
(347, 180, -46, 0, '', 'v9#{"_version":"v9","_view_type":"simple","category_id":["0"],"severity":[0],"status":[0],"highlight_changed":6,"reporter_id":[0],"handler_id":[0],"project_id":[-3],"resolution":[0],"build":["0"],"version":["0"],"hide_status":[90],"monitor_user_id":[0],"sort":"last_updated","dir":"DESC","per_page":50,"match_type":0,"platform":["0"],"os":["0"],"os_build":["0"],"fixed_in_version":["0"],"target_version":["0"],"profile_id":[0],"priority":[0],"note_user_id":[0],"sticky":true,"filter_by_date":false,"start_month":"03","end_month":"03","start_day":1,"end_day":"16","start_year":"2023","end_year":"2023","filter_by_last_updated_date":false,"last_updated_start_month":"03","last_updated_end_month":"03","last_updated_start_day":1,"last_updated_end_day":"16","last_updated_start_year":"2023","last_updated_end_year":"2023","search":"","view_state":0,"tag_string":"","tag_select":0,"relationship_type":-1,"relationship_bug":0,"custom_fields":{"4":["0"],"3":["0"],"6":["0"],"8":["0"],"9":["0"],"12":["0"],"10":["0"],"11":["0"],"13":["0"],"17":["0"],"16":["0"],"18":["0"],"19":["0"],"20":["0"],"21":["0"],"22":["0"],"23":["0"],"24":["0"],"25":["0"],"26":["0"]}}'),
(362, 182, -40, 0, '', 'v9#{"_version":"v9","_view_type":"simple","category_id":["0"],"severity":[0],"status":[0],"highlight_changed":6,"reporter_id":[0],"handler_id":[0],"project_id":[-3],"resolution":[0],"build":["0"],"version":["0"],"hide_status":[90],"monitor_user_id":[0],"sort":"last_updated","dir":"DESC","per_page":50,"match_type":0,"platform":["0"],"os":["0"],"os_build":["0"],"fixed_in_version":["0"],"target_version":["0"],"profile_id":[0],"priority":[0],"note_user_id":[0],"sticky":true,"filter_by_date":false,"start_month":"03","end_month":"03","start_day":1,"end_day":"24","start_year":"2023","end_year":"2023","filter_by_last_updated_date":false,"last_updated_start_month":"03","last_updated_end_month":"03","last_updated_start_day":1,"last_updated_end_day":"24","last_updated_start_year":"2023","last_updated_end_year":"2023","search":"","view_state":0,"tag_string":"","tag_select":0,"relationship_type":-1,"relationship_bug":0,"custom_fields":{"4":["0"],"3":["0"],"6":["0"],"8":["0"],"9":["0"],"12":["0"],"10":["0"],"11":["0"],"13":["0"],"17":["0"],"16":["0"],"18":["0"],"19":["0"],"20":["0"],"21":["0"],"22":["0"],"23":["0"],"24":["0"],"25":["0"],"26":["0"]},"_source_query_id":362}'),
(368, 115, -15, 0, '', 'v9#{"_version":"v9","_view_type":"simple","category_id":["0"],"severity":[0],"status":[50],"per_page":50,"highlight_changed":6,"reporter_id":[0],"handler_id":[0],"project_id":[-3],"sort":"last_updated","dir":"DESC","filter_by_date":false,"start_month":5,"start_day":1,"start_year":2023,"end_month":5,"end_day":29,"end_year":2023,"filter_by_last_updated_date":false,"last_updated_start_month":5,"last_updated_start_day":1,"last_updated_start_year":2023,"last_updated_end_month":5,"last_updated_end_day":29,"last_updated_end_year":2023,"search":"","hide_status":[-2],"resolution":[0],"build":["0"],"version":["0"],"fixed_in_version":["0"],"target_version":["0"],"priority":[0],"monitor_user_id":[0],"view_state":0,"custom_fields":{"4":["0"],"3":["0"],"6":["0"],"8":["0"],"9":["0"],"12":["0"],"10":["0"],"11":["0"],"13":["0","0","0"],"17":["0","0","0"],"16":["0"],"18":["0"],"19":["0"],"20":["0"],"21":["0"],"22":["0"],"23":["0"],"24":["0"],"25":["0"],"26":["0"]},"sticky":true,"relationship_type":-1,"relationship_bug":0,"profile_id":[0],"platform":["0"],"os":["0"],"os_build":["0"],"tag_string":"","tag_select":0,"note_user_id":[0],"match_type":0}'),
(348, 1, -40, 0, '', 'v9#{"_version":"v9","_view_type":"simple","category_id":["0"],"severity":[0],"status":[0],"highlight_changed":6,"reporter_id":[0],"handler_id":[0],"project_id":[-3],"resolution":[0],"build":["0"],"version":["0"],"hide_status":[90],"monitor_user_id":[0],"sort":"last_updated","dir":"DESC","per_page":50,"match_type":0,"platform":["0"],"os":["0"],"os_build":["0"],"fixed_in_version":["0"],"target_version":["0"],"profile_id":[0],"priority":[0],"note_user_id":[0],"sticky":true,"filter_by_date":false,"start_month":"03","end_month":"03","start_day":1,"end_day":"17","start_year":"2023","end_year":"2023","filter_by_last_updated_date":false,"last_updated_start_month":"03","last_updated_end_month":"03","last_updated_start_day":1,"last_updated_end_day":"17","last_updated_start_year":"2023","last_updated_end_year":"2023","search":"","view_state":0,"tag_string":"","tag_select":0,"relationship_type":-1,"relationship_bug":0,"custom_fields":{"4":["0"],"3":["0"],"6":["0"],"8":["0"],"9":["0"],"12":["0"],"10":["0"],"11":["0"],"13":["0"],"17":["0"],"16":["0"],"18":["0"],"19":["0"],"20":["0"],"21":["0"],"22":["0"],"23":["0"],"24":["0"],"25":["0"],"26":["0"]}}'),
(369, 101, -23, 0, '', 'v9#{"_version":"v9","_view_type":"simple","category_id":["0"],"severity":[0],"status":[0],"highlight_changed":6,"reporter_id":[0],"handler_id":[0],"project_id":[-3],"resolution":[0],"build":["0"],"version":["0"],"hide_status":[90],"monitor_user_id":[0],"sort":"last_updated","dir":"DESC","per_page":50,"match_type":0,"platform":["0"],"os":["0"],"os_build":["0"],"fixed_in_version":["0"],"target_version":["0"],"profile_id":[0],"priority":[0],"note_user_id":[0],"sticky":true,"filter_by_date":false,"start_month":"04","end_month":"04","start_day":1,"end_day":"03","start_year":"2023","end_year":"2023","filter_by_last_updated_date":false,"last_updated_start_month":"04","last_updated_end_month":"04","last_updated_start_day":1,"last_updated_end_day":"03","last_updated_start_year":"2023","last_updated_end_year":"2023","search":"","view_state":0,"tag_string":"","tag_select":0,"relationship_type":-1,"relationship_bug":0,"custom_fields":{"4":["0"],"3":["0"],"6":["0"],"8":["0"],"9":["0"],"12":["0"],"10":["0"],"11":["0"],"13":["0"],"17":["0"],"16":["0"],"18":["0"],"19":["0"],"20":["0"],"21":["0"],"22":["0"],"23":["0"],"24":["0"],"25":["0"],"26":["0"]},"_source_query_id":369}'),
(349, 181, -28, 0, '', 'v9#{"_version":"v9","_view_type":"simple","category_id":["0"],"severity":[0],"status":[0],"per_page":50,"highlight_changed":6,"reporter_id":[0],"handler_id":[0],"project_id":[-3],"sort":"last_updated","dir":"ASC","filter_by_date":false,"start_month":3,"start_day":1,"start_year":2023,"end_month":3,"end_day":17,"end_year":2023,"filter_by_last_updated_date":false,"last_updated_start_month":3,"last_updated_start_day":1,"last_updated_start_year":2023,"last_updated_end_month":3,"last_updated_end_day":17,"last_updated_end_year":2023,"search":"","hide_status":[90],"resolution":[0],"build":["0"],"version":["0"],"fixed_in_version":["0"],"target_version":["0"],"priority":[0],"monitor_user_id":[0],"view_state":0,"custom_fields":{"4":["0"],"3":["0"],"6":["0"],"8":["0"],"9":["0"],"12":["0"],"10":["0"],"11":["0"],"13":["0"],"17":["0"],"16":["0"],"18":["0"],"19":["0"],"20":["0"],"21":["0"],"22":["0"],"23":["0"],"24":["0"],"25":["0"],"26":["0"]},"sticky":true,"relationship_type":-1,"relationship_bug":0,"profile_id":[0],"platform":["0"],"os":["0"],"os_build":["0"],"tag_string":"","tag_select":0,"note_user_id":[0],"match_type":0}'),
(351, 1, -18, 0, '', 'v9#{"_version":"v9","_view_type":"simple","category_id":["0"],"severity":[0],"status":[0],"highlight_changed":6,"reporter_id":[0],"handler_id":[0],"project_id":[-3],"resolution":[0],"build":["0"],"version":["0"],"hide_status":[90],"monitor_user_id":[0],"sort":"last_updated","dir":"DESC","per_page":50,"match_type":0,"platform":["0"],"os":["0"],"os_build":["0"],"fixed_in_version":["0"],"target_version":["0"],"profile_id":[0],"priority":[0],"note_user_id":[0],"sticky":true,"filter_by_date":false,"start_month":"03","end_month":"03","start_day":1,"end_day":"18","start_year":"2023","end_year":"2023","filter_by_last_updated_date":false,"last_updated_start_month":"03","last_updated_end_month":"03","last_updated_start_day":1,"last_updated_end_day":"18","last_updated_start_year":"2023","last_updated_end_year":"2023","search":"","view_state":0,"tag_string":"","tag_select":0,"relationship_type":-1,"relationship_bug":0,"custom_fields":{"4":["0"],"3":["0"],"6":["0"],"8":["0"],"9":["0"],"12":["0"],"10":["0"],"11":["0"],"13":["0"],"17":["0"],"16":["0"],"18":["0"],"19":["0"],"20":["0"],"21":["0"],"22":["0"],"23":["0"],"24":["0"],"25":["0"],"26":["0"]}}');
INSERT INTO `mantis_filters_table` (`id`, `user_id`, `project_id`, `is_public`, `name`, `filter_string`) VALUES
(357, 181, -29, 0, '', 'v9#{"_version":"v9","_view_type":"simple","category_id":["0"],"severity":[0],"status":[0],"per_page":50,"highlight_changed":6,"reporter_id":[0],"handler_id":[0],"project_id":[-3],"sort":"last_updated","dir":"DESC","filter_by_date":false,"start_month":3,"start_day":1,"start_year":2023,"end_month":3,"end_day":21,"end_year":2023,"filter_by_last_updated_date":false,"last_updated_start_month":3,"last_updated_start_day":1,"last_updated_start_year":2023,"last_updated_end_month":3,"last_updated_end_day":21,"last_updated_end_year":2023,"search":"","hide_status":[90],"resolution":[0],"build":["0"],"version":["0"],"fixed_in_version":["0"],"target_version":["0"],"priority":[0],"monitor_user_id":[0],"view_state":0,"custom_fields":{"4":["0"],"3":["0"],"6":["0"],"8":["0"],"9":["0"],"12":["0"],"10":["0"],"11":["0"],"13":["0"],"17":["0"],"16":["0"],"18":["0"],"19":["0"],"20":["0"],"21":["0"],"22":["0"],"23":["0"],"24":["0"],"25":["0"],"26":["0"]},"sticky":true,"relationship_type":-1,"relationship_bug":0,"profile_id":[0],"platform":["0"],"os":["0"],"os_build":["0"],"tag_string":"","tag_select":0,"note_user_id":[0],"match_type":0,"_source_query_id":357}'),
(352, 181, -24, 0, '', 'v9#{"_version":"v9","_view_type":"simple","category_id":["0"],"severity":[0],"status":[0],"highlight_changed":6,"reporter_id":[0],"handler_id":[0],"project_id":[-3],"resolution":[0],"build":["0"],"version":["0"],"hide_status":[90],"monitor_user_id":[0],"sort":"last_updated","dir":"DESC","per_page":50,"match_type":0,"platform":["0"],"os":["0"],"os_build":["0"],"fixed_in_version":["0"],"target_version":["0"],"profile_id":[0],"priority":[0],"note_user_id":[0],"sticky":true,"filter_by_date":false,"start_month":"03","end_month":"03","start_day":1,"end_day":"20","start_year":"2023","end_year":"2023","filter_by_last_updated_date":false,"last_updated_start_month":"03","last_updated_end_month":"03","last_updated_start_day":1,"last_updated_end_day":"20","last_updated_start_year":"2023","last_updated_end_year":"2023","search":"","view_state":0,"tag_string":"","tag_select":0,"relationship_type":-1,"relationship_bug":0,"custom_fields":{"4":["0"],"3":["0"],"6":["0"],"8":["0"],"9":["0"],"12":["0"],"10":["0"],"11":["0"],"13":["0"],"17":["0"],"16":["0"],"18":["0"],"19":["0"],"20":["0"],"21":["0"],"22":["0"],"23":["0"],"24":["0"],"25":["0"],"26":["0"]},"_source_query_id":352}'),
(361, 182, -26, 0, '', 'v9#{"_version":"v9","_view_type":"simple","category_id":["0"],"severity":[0],"status":[0],"highlight_changed":6,"reporter_id":[0],"handler_id":[0],"project_id":[-3],"resolution":[0],"build":["0"],"version":["0"],"hide_status":[90],"monitor_user_id":[0],"sort":"last_updated","dir":"DESC","per_page":50,"match_type":0,"platform":["0"],"os":["0"],"os_build":["0"],"fixed_in_version":["0"],"target_version":["0"],"profile_id":[0],"priority":[0],"note_user_id":[0],"sticky":true,"filter_by_date":false,"start_month":"03","end_month":"03","start_day":1,"end_day":"24","start_year":"2023","end_year":"2023","filter_by_last_updated_date":false,"last_updated_start_month":"03","last_updated_end_month":"03","last_updated_start_day":1,"last_updated_end_day":"24","last_updated_start_year":"2023","last_updated_end_year":"2023","search":"","view_state":0,"tag_string":"","tag_select":0,"relationship_type":-1,"relationship_bug":0,"custom_fields":{"4":["0"],"3":["0"],"6":["0"],"8":["0"],"9":["0"],"12":["0"],"10":["0"],"11":["0"],"13":["0"],"17":["0"],"16":["0"],"18":["0"],"19":["0"],"20":["0"],"21":["0"],"22":["0"],"23":["0"],"24":["0"],"25":["0"],"26":["0"]},"_source_query_id":361}'),
(353, 181, -53, 0, '', 'v9#{"_version":"v9","_view_type":"simple","category_id":["0"],"severity":[0],"status":[0],"highlight_changed":6,"reporter_id":[0],"handler_id":[0],"project_id":[-3],"resolution":[0],"build":["0"],"version":["0"],"hide_status":[90],"monitor_user_id":[0],"sort":"last_updated","dir":"DESC","per_page":50,"match_type":0,"platform":["0"],"os":["0"],"os_build":["0"],"fixed_in_version":["0"],"target_version":["0"],"profile_id":[0],"priority":[0],"note_user_id":[0],"sticky":true,"filter_by_date":false,"start_month":"03","end_month":"03","start_day":1,"end_day":"21","start_year":"2023","end_year":"2023","filter_by_last_updated_date":false,"last_updated_start_month":"03","last_updated_end_month":"03","last_updated_start_day":1,"last_updated_end_day":"21","last_updated_start_year":"2023","last_updated_end_year":"2023","search":"","view_state":0,"tag_string":"","tag_select":0,"relationship_type":-1,"relationship_bug":0,"custom_fields":{"4":["0"],"3":["0"],"6":["0"],"8":["0"],"9":["0"],"12":["0"],"10":["0"],"11":["0"],"13":["0"],"17":["0"],"16":["0"],"18":["0"],"19":["0"],"20":["0"],"21":["0"],"22":["0"],"23":["0"],"24":["0"],"25":["0"],"26":["0"]},"_source_query_id":353}'),
(355, 181, -23, 0, '', 'v9#{"_version":"v9","_view_type":"simple","category_id":["0"],"severity":[0],"status":[0],"per_page":50,"highlight_changed":6,"reporter_id":[0],"handler_id":[0],"project_id":[-3],"sort":"last_updated,summary","dir":"DESC,DESC","filter_by_date":false,"start_month":3,"start_day":1,"start_year":2023,"end_month":3,"end_day":21,"end_year":2023,"filter_by_last_updated_date":false,"last_updated_start_month":3,"last_updated_start_day":1,"last_updated_start_year":2023,"last_updated_end_month":3,"last_updated_end_day":21,"last_updated_end_year":2023,"search":"","hide_status":[90],"resolution":[0],"build":["0"],"version":["0"],"fixed_in_version":["0"],"target_version":["0"],"priority":[0],"monitor_user_id":[0],"view_state":0,"custom_fields":{"4":["0"],"3":["0"],"6":["0"],"8":["0"],"9":["0"],"12":["0"],"10":["0"],"11":["0"],"13":["0"],"17":["0"],"16":["0"],"18":["0"],"19":["0"],"20":["0"],"21":["0"],"22":["0"],"23":["0"],"24":["0"],"25":["0"],"26":["0"]},"sticky":true,"relationship_type":-1,"relationship_bug":0,"profile_id":[0],"platform":["0"],"os":["0"],"os_build":["0"],"tag_string":"","tag_select":0,"note_user_id":[0],"match_type":0,"_source_query_id":355}'),
(356, 49, -57, 0, '', 'v9#{"_version":"v9","_view_type":"simple","category_id":["0"],"severity":[0],"status":[0],"highlight_changed":6,"reporter_id":[0],"handler_id":[0],"project_id":[-3],"resolution":[0],"build":["0"],"version":["0"],"hide_status":[90],"monitor_user_id":[0],"sort":"last_updated","dir":"DESC","per_page":50,"match_type":0,"platform":["0"],"os":["0"],"os_build":["0"],"fixed_in_version":["0"],"target_version":["0"],"profile_id":[0],"priority":[0],"note_user_id":[0],"sticky":true,"filter_by_date":false,"start_month":"03","end_month":"03","start_day":1,"end_day":"21","start_year":"2023","end_year":"2023","filter_by_last_updated_date":false,"last_updated_start_month":"03","last_updated_end_month":"03","last_updated_start_day":1,"last_updated_end_day":"21","last_updated_start_year":"2023","last_updated_end_year":"2023","search":"","view_state":0,"tag_string":"","tag_select":0,"relationship_type":-1,"relationship_bug":0,"custom_fields":{"4":["0"],"3":["0"],"6":["0"],"8":["0"],"9":["0"],"12":["0"],"10":["0"],"11":["0"],"13":["0"],"17":["0"],"16":["0"],"18":["0"],"19":["0"],"20":["0"],"21":["0"],"22":["0"],"23":["0"],"24":["0"],"25":["0"],"26":["0"]}}'),
(359, 184, 0, 0, '', 'v9#{"_version":"v9","_view_type":"simple","category_id":["0"],"severity":[0],"status":[0],"highlight_changed":6,"reporter_id":[0],"handler_id":[0],"project_id":[-3],"resolution":[0],"build":["0"],"version":["0"],"hide_status":[90],"monitor_user_id":[0],"sort":"last_updated","dir":"DESC","per_page":50,"match_type":0,"platform":["0"],"os":["0"],"os_build":["0"],"fixed_in_version":["0"],"target_version":["0"],"profile_id":[0],"priority":[0],"note_user_id":[0],"sticky":true,"filter_by_date":false,"start_month":"03","end_month":"03","start_day":1,"end_day":"23","start_year":"2023","end_year":"2023","filter_by_last_updated_date":false,"last_updated_start_month":"03","last_updated_end_month":"03","last_updated_start_day":1,"last_updated_end_day":"23","last_updated_start_year":"2023","last_updated_end_year":"2023","search":"","view_state":0,"tag_string":"","tag_select":0,"relationship_type":-1,"relationship_bug":0,"custom_fields":{"4":["0"],"3":["0"],"6":["0"],"8":["0"],"9":["0"],"12":["0"],"10":["0"],"11":["0"],"13":["0"],"17":["0"],"16":["0"],"18":["0"],"19":["0"],"20":["0"],"21":["0"],"22":["0"],"23":["0"],"24":["0"],"25":["0"],"26":["0"]},"_source_query_id":359}'),
(358, 181, -32, 0, '', 'v9#{"_version":"v9","_view_type":"simple","category_id":["0"],"severity":[0],"status":[0],"highlight_changed":6,"reporter_id":[0],"handler_id":[0],"project_id":[-3],"resolution":[0],"build":["0"],"version":["0"],"hide_status":[90],"monitor_user_id":[0],"sort":"last_updated","dir":"DESC","per_page":50,"match_type":0,"platform":["0"],"os":["0"],"os_build":["0"],"fixed_in_version":["0"],"target_version":["0"],"profile_id":[0],"priority":[0],"note_user_id":[0],"sticky":true,"filter_by_date":false,"start_month":"03","end_month":"03","start_day":1,"end_day":"23","start_year":"2023","end_year":"2023","filter_by_last_updated_date":false,"last_updated_start_month":"03","last_updated_end_month":"03","last_updated_start_day":1,"last_updated_end_day":"23","last_updated_start_year":"2023","last_updated_end_year":"2023","search":"","view_state":0,"tag_string":"","tag_select":0,"relationship_type":-1,"relationship_bug":0,"custom_fields":{"4":["0"],"3":["0"],"6":["0"],"8":["0"],"9":["0"],"12":["0"],"10":["0"],"11":["0"],"13":["0"],"17":["0"],"16":["0"],"18":["0"],"19":["0"],"20":["0"],"21":["0"],"22":["0"],"23":["0"],"24":["0"],"25":["0"],"26":["0"]},"_source_query_id":358}'),
(367, 164, -11, 0, '', 'v9#{"_version":"v9","_view_type":"simple","category_id":["0"],"severity":[0],"status":[0],"per_page":50,"highlight_changed":6,"reporter_id":[0],"handler_id":[0],"project_id":[-3],"sort":"last_updated","dir":"DESC","filter_by_date":false,"start_month":5,"start_day":1,"start_year":2023,"end_month":5,"end_day":15,"end_year":2023,"filter_by_last_updated_date":false,"last_updated_start_month":5,"last_updated_start_day":1,"last_updated_start_year":2023,"last_updated_end_month":5,"last_updated_end_day":15,"last_updated_end_year":2023,"search":"Disease ","hide_status":[-2],"resolution":[0],"build":["0"],"version":["0"],"fixed_in_version":["0"],"target_version":["0"],"priority":[0],"monitor_user_id":[0],"view_state":0,"custom_fields":{"4":["0"],"3":["0"],"6":["0"],"8":["0"],"9":["0"],"12":["0"],"10":["0"],"11":["0"],"13":["0"],"17":["0"],"16":["0"],"18":["0"],"19":["0"],"20":["0"],"21":["0"],"22":["0"],"23":["0"],"24":["0"],"25":["0"],"26":["0"]},"sticky":true,"relationship_type":-1,"relationship_bug":0,"profile_id":[0],"platform":["0"],"os":["0"],"os_build":["0"],"tag_string":"","tag_select":0,"note_user_id":[0],"match_type":0}'),
(360, 101, -47, 0, '', 'v9#{"_version":"v9","_view_type":"simple","category_id":["0"],"severity":[0],"status":[0],"highlight_changed":6,"reporter_id":[0],"handler_id":[0],"project_id":[-3],"resolution":[0],"build":["0"],"version":["0"],"hide_status":[90],"monitor_user_id":[0],"sort":"last_updated","dir":"DESC","per_page":50,"match_type":0,"platform":["0"],"os":["0"],"os_build":["0"],"fixed_in_version":["0"],"target_version":["0"],"profile_id":[0],"priority":[0],"note_user_id":[0],"sticky":true,"filter_by_date":false,"start_month":"03","end_month":"03","start_day":1,"end_day":"23","start_year":"2023","end_year":"2023","filter_by_last_updated_date":false,"last_updated_start_month":"03","last_updated_end_month":"03","last_updated_start_day":1,"last_updated_end_day":"23","last_updated_start_year":"2023","last_updated_end_year":"2023","search":"","view_state":0,"tag_string":"","tag_select":0,"relationship_type":-1,"relationship_bug":0,"custom_fields":{"4":["0"],"3":["0"],"6":["0"],"8":["0"],"9":["0"],"12":["0"],"10":["0"],"11":["0"],"13":["0"],"17":["0"],"16":["0"],"18":["0"],"19":["0"],"20":["0"],"21":["0"],"22":["0"],"23":["0"],"24":["0"],"25":["0"],"26":["0"]}}'),
(364, 180, -23, 0, '', 'v9#{"_version":"v9","_view_type":"simple","category_id":["0"],"severity":[0],"status":[0],"highlight_changed":6,"reporter_id":[0],"handler_id":[0],"project_id":[-3],"resolution":[0],"build":["0"],"version":["0"],"hide_status":[90],"monitor_user_id":[0],"sort":"last_updated","dir":"DESC","per_page":50,"match_type":0,"platform":["0"],"os":["0"],"os_build":["0"],"fixed_in_version":["0"],"target_version":["0"],"profile_id":[0],"priority":[0],"note_user_id":[0],"sticky":true,"filter_by_date":false,"start_month":"03","end_month":"03","start_day":1,"end_day":"27","start_year":"2023","end_year":"2023","filter_by_last_updated_date":false,"last_updated_start_month":"03","last_updated_end_month":"03","last_updated_start_day":1,"last_updated_end_day":"27","last_updated_start_year":"2023","last_updated_end_year":"2023","search":"","view_state":0,"tag_string":"","tag_select":0,"relationship_type":-1,"relationship_bug":0,"custom_fields":{"4":["0"],"3":["0"],"6":["0"],"8":["0"],"9":["0"],"12":["0"],"10":["0"],"11":["0"],"13":["0"],"17":["0"],"16":["0"],"18":["0"],"19":["0"],"20":["0"],"21":["0"],"22":["0"],"23":["0"],"24":["0"],"25":["0"],"26":["0"]}}'),
(363, 182, -41, 0, '', 'v9#{"_version":"v9","_view_type":"simple","category_id":["0"],"severity":[0],"status":[0],"highlight_changed":6,"reporter_id":[0],"handler_id":[0],"project_id":[-3],"resolution":[0],"build":["0"],"version":["0"],"hide_status":[90],"monitor_user_id":[0],"sort":"last_updated","dir":"DESC","per_page":50,"match_type":0,"platform":["0"],"os":["0"],"os_build":["0"],"fixed_in_version":["0"],"target_version":["0"],"profile_id":[0],"priority":[0],"note_user_id":[0],"sticky":true,"filter_by_date":false,"start_month":"03","end_month":"03","start_day":1,"end_day":"25","start_year":"2023","end_year":"2023","filter_by_last_updated_date":false,"last_updated_start_month":"03","last_updated_end_month":"03","last_updated_start_day":1,"last_updated_end_day":"25","last_updated_start_year":"2023","last_updated_end_year":"2023","search":"","view_state":0,"tag_string":"","tag_select":0,"relationship_type":-1,"relationship_bug":0,"custom_fields":{"4":["0"],"3":["0"],"6":["0"],"8":["0"],"9":["0"],"12":["0"],"10":["0"],"11":["0"],"13":["0"],"17":["0"],"16":["0"],"18":["0"],"19":["0"],"20":["0"],"21":["0"],"22":["0"],"23":["0"],"24":["0"],"25":["0"],"26":["0"]},"_source_query_id":363}'),
(365, 178, 5, 0, 'Income tax', 'v9#{"_version":"v9","_view_type":"advanced","category_id":["0"],"severity":[0],"status":[10,20,30,40,50,80],"per_page":50,"highlight_changed":6,"reporter_id":[0],"handler_id":[0],"project_id":[-3],"sort":"last_updated","dir":"DESC","filter_by_date":false,"start_month":3,"start_day":1,"start_year":2023,"end_month":3,"end_day":29,"end_year":2023,"filter_by_last_updated_date":false,"last_updated_start_month":3,"last_updated_start_day":1,"last_updated_start_year":2023,"last_updated_end_month":3,"last_updated_end_day":29,"last_updated_end_year":2023,"search":"","hide_status":[-2],"resolution":[0],"build":["0"],"version":["0"],"fixed_in_version":["0"],"target_version":["0"],"priority":[0],"monitor_user_id":[0],"view_state":0,"custom_fields":{"4":["0"],"3":["0"],"6":["0"],"8":["0"],"9":["0"],"12":["0"],"10":["0"],"11":["0"],"13":["0"],"17":["0"],"16":["0"],"18":["0"],"19":["0"],"20":["0"],"21":["0"],"22":["0"],"23":["0"],"24":["0"],"25":["0"],"26":["0"]},"sticky":true,"relationship_type":-1,"relationship_bug":0,"profile_id":[0],"platform":["0"],"os":["0"],"os_build":["0"],"tag_string":"","tag_select":0,"note_user_id":[0],"match_type":0}'),
(366, 181, -33, 0, '', 'v9#{"_version":"v9","_view_type":"simple","category_id":["0"],"severity":[0],"status":[0],"highlight_changed":6,"reporter_id":[0],"handler_id":[0],"project_id":[-3],"resolution":[0],"build":["0"],"version":["0"],"hide_status":[90],"monitor_user_id":[0],"sort":"last_updated","dir":"DESC","per_page":50,"match_type":0,"platform":["0"],"os":["0"],"os_build":["0"],"fixed_in_version":["0"],"target_version":["0"],"profile_id":[0],"priority":[0],"note_user_id":[0],"sticky":true,"filter_by_date":false,"start_month":"03","end_month":"03","start_day":1,"end_day":"30","start_year":"2023","end_year":"2023","filter_by_last_updated_date":false,"last_updated_start_month":"03","last_updated_end_month":"03","last_updated_start_day":1,"last_updated_end_day":"30","last_updated_start_year":"2023","last_updated_end_year":"2023","search":"","view_state":0,"tag_string":"","tag_select":0,"relationship_type":-1,"relationship_bug":0,"custom_fields":{"4":["0"],"3":["0"],"6":["0"],"8":["0"],"9":["0"],"12":["0"],"10":["0"],"11":["0"],"13":["0"],"17":["0"],"16":["0"],"18":["0"],"19":["0"],"20":["0"],"21":["0"],"22":["0"],"23":["0"],"24":["0"],"25":["0"],"26":["0"]},"_source_query_id":366}'),
(389, 192, -48, 0, '', 'v9#{"_version":"v9","_view_type":"simple","category_id":["0"],"severity":[0],"status":[0],"highlight_changed":6,"reporter_id":[0],"handler_id":[0],"project_id":[-3],"resolution":[0],"build":["0"],"version":["0"],"hide_status":[90],"monitor_user_id":[0],"sort":"last_updated","dir":"DESC","per_page":50,"match_type":0,"platform":["0"],"os":["0"],"os_build":["0"],"fixed_in_version":["0"],"target_version":["0"],"profile_id":[0],"priority":[0],"note_user_id":[0],"sticky":true,"filter_by_date":false,"start_month":"05","end_month":"05","start_day":1,"end_day":"03","start_year":"2023","end_year":"2023","filter_by_last_updated_date":false,"last_updated_start_month":"05","last_updated_end_month":"05","last_updated_start_day":1,"last_updated_end_day":"03","last_updated_start_year":"2023","last_updated_end_year":"2023","search":"","view_state":0,"tag_string":"","tag_select":0,"relationship_type":-1,"relationship_bug":0,"custom_fields":{"4":["0"],"3":["0"],"6":["0"],"8":["0"],"9":["0"],"12":["0"],"10":["0"],"11":["0"],"13":["0"],"17":["0"],"16":["0"],"18":["0"],"19":["0"],"20":["0"],"21":["0"],"22":["0"],"23":["0"],"24":["0"],"25":["0"],"26":["0"]},"_source_query_id":389}'),
(394, 182, 0, 0, '', 'v9#{"_version":"v9","_view_type":"simple","category_id":["0"],"severity":[0],"status":[0],"highlight_changed":6,"reporter_id":[0],"handler_id":[0],"project_id":[-3],"resolution":[0],"build":["0"],"version":["0"],"hide_status":[90],"monitor_user_id":[0],"sort":"last_updated","dir":"DESC","per_page":50,"match_type":0,"platform":["0"],"os":["0"],"os_build":["0"],"fixed_in_version":["0"],"target_version":["0"],"profile_id":[0],"priority":[0],"note_user_id":[0],"sticky":true,"filter_by_date":false,"start_month":"03","end_month":"03","start_day":1,"end_day":"25","start_year":"2023","end_year":"2023","filter_by_last_updated_date":false,"last_updated_start_month":"03","last_updated_end_month":"03","last_updated_start_day":1,"last_updated_end_day":"25","last_updated_start_year":"2023","last_updated_end_year":"2023","search":"","view_state":0,"tag_string":"","tag_select":0,"relationship_type":-1,"relationship_bug":0,"custom_fields":{"4":["0"],"3":["0"],"6":["0"],"8":["0"],"9":["0"],"12":["0"],"10":["0"],"11":["0"],"13":["0"],"17":["0"],"16":["0"],"18":["0"],"19":["0"],"20":["0"],"21":["0"],"22":["0"],"23":["0"],"24":["0"],"25":["0"],"26":["0"]},"_source_query_id":363}'),
(370, 182, -32, 0, '', 'v9#{"_version":"v9","_view_type":"simple","category_id":["0"],"severity":[0],"status":[0],"highlight_changed":6,"reporter_id":[0],"handler_id":[0],"project_id":[-3],"resolution":[0],"build":["0"],"version":["0"],"hide_status":[90],"monitor_user_id":[0],"sort":"last_updated","dir":"DESC","per_page":50,"match_type":0,"platform":["0"],"os":["0"],"os_build":["0"],"fixed_in_version":["0"],"target_version":["0"],"profile_id":[0],"priority":[0],"note_user_id":[0],"sticky":true,"filter_by_date":false,"start_month":"04","end_month":"04","start_day":1,"end_day":"05","start_year":"2023","end_year":"2023","filter_by_last_updated_date":false,"last_updated_start_month":"04","last_updated_end_month":"04","last_updated_start_day":1,"last_updated_end_day":"05","last_updated_start_year":"2023","last_updated_end_year":"2023","search":"","view_state":0,"tag_string":"","tag_select":0,"relationship_type":-1,"relationship_bug":0,"custom_fields":{"4":["0"],"3":["0"],"6":["0"],"8":["0"],"9":["0"],"12":["0"],"10":["0"],"11":["0"],"13":["0"],"17":["0"],"16":["0"],"18":["0"],"19":["0"],"20":["0"],"21":["0"],"22":["0"],"23":["0"],"24":["0"],"25":["0"],"26":["0"]},"_source_query_id":370}'),
(386, 181, -25, 0, '', 'v9#{"_version":"v9","_view_type":"simple","category_id":["0"],"severity":[0],"status":[0],"highlight_changed":6,"reporter_id":[0],"handler_id":[0],"project_id":[-3],"resolution":[0],"build":["0"],"version":["0"],"hide_status":[90],"monitor_user_id":[0],"sort":"last_updated","dir":"DESC","per_page":50,"match_type":0,"platform":["0"],"os":["0"],"os_build":["0"],"fixed_in_version":["0"],"target_version":["0"],"profile_id":[0],"priority":[0],"note_user_id":[0],"sticky":true,"filter_by_date":false,"start_month":"05","end_month":"05","start_day":1,"end_day":"02","start_year":"2023","end_year":"2023","filter_by_last_updated_date":false,"last_updated_start_month":"05","last_updated_end_month":"05","last_updated_start_day":1,"last_updated_end_day":"02","last_updated_start_year":"2023","last_updated_end_year":"2023","search":"","view_state":0,"tag_string":"","tag_select":0,"relationship_type":-1,"relationship_bug":0,"custom_fields":{"4":["0"],"3":["0"],"6":["0"],"8":["0"],"9":["0"],"12":["0"],"10":["0"],"11":["0"],"13":["0"],"17":["0"],"16":["0"],"18":["0"],"19":["0"],"20":["0"],"21":["0"],"22":["0"],"23":["0"],"24":["0"],"25":["0"],"26":["0"]},"_source_query_id":386}'),
(372, 181, -31, 0, '', 'v9#{"_version":"v9","_view_type":"simple","category_id":["0"],"severity":[0],"status":[0],"highlight_changed":6,"reporter_id":[0],"handler_id":[0],"project_id":[-3],"resolution":[0],"build":["0"],"version":["0"],"hide_status":[90],"monitor_user_id":[0],"sort":"last_updated","dir":"DESC","per_page":50,"match_type":0,"platform":["0"],"os":["0"],"os_build":["0"],"fixed_in_version":["0"],"target_version":["0"],"profile_id":[0],"priority":[0],"note_user_id":[0],"sticky":true,"filter_by_date":false,"start_month":"04","end_month":"04","start_day":1,"end_day":"12","start_year":"2023","end_year":"2023","filter_by_last_updated_date":false,"last_updated_start_month":"04","last_updated_end_month":"04","last_updated_start_day":1,"last_updated_end_day":"12","last_updated_start_year":"2023","last_updated_end_year":"2023","search":"","view_state":0,"tag_string":"","tag_select":0,"relationship_type":-1,"relationship_bug":0,"custom_fields":{"4":["0"],"3":["0"],"6":["0"],"8":["0"],"9":["0"],"12":["0"],"10":["0"],"11":["0"],"13":["0"],"17":["0"],"16":["0"],"18":["0"],"19":["0"],"20":["0"],"21":["0"],"22":["0"],"23":["0"],"24":["0"],"25":["0"],"26":["0"]},"_source_query_id":372}'),
(393, 192, -40, 0, '', 'v9#{"_version":"v9","_view_type":"simple","category_id":["0"],"severity":[0],"status":[0],"highlight_changed":6,"reporter_id":[0],"handler_id":[0],"project_id":[-3],"resolution":[0],"build":["0"],"version":["0"],"hide_status":[90],"monitor_user_id":[0],"sort":"last_updated","dir":"DESC","per_page":50,"match_type":0,"platform":["0"],"os":["0"],"os_build":["0"],"fixed_in_version":["0"],"target_version":["0"],"profile_id":[0],"priority":[0],"note_user_id":[0],"sticky":true,"filter_by_date":false,"start_month":"05","end_month":"05","start_day":1,"end_day":"08","start_year":"2023","end_year":"2023","filter_by_last_updated_date":false,"last_updated_start_month":"05","last_updated_end_month":"05","last_updated_start_day":1,"last_updated_end_day":"08","last_updated_start_year":"2023","last_updated_end_year":"2023","search":"","view_state":0,"tag_string":"","tag_select":0,"relationship_type":-1,"relationship_bug":0,"custom_fields":{"4":["0"],"3":["0"],"6":["0"],"8":["0"],"9":["0"],"12":["0"],"10":["0"],"11":["0"],"13":["0"],"17":["0"],"16":["0"],"18":["0"],"19":["0"],"20":["0"],"21":["0"],"22":["0"],"23":["0"],"24":["0"],"25":["0"],"26":["0"]}}'),
(373, 182, -31, 0, '', 'v9#{"_version":"v9","_view_type":"simple","category_id":["0"],"severity":[0],"status":[0],"highlight_changed":6,"reporter_id":[0],"handler_id":[0],"project_id":[-3],"resolution":[0],"build":["0"],"version":["0"],"hide_status":[90],"monitor_user_id":[0],"sort":"last_updated","dir":"DESC","per_page":50,"match_type":0,"platform":["0"],"os":["0"],"os_build":["0"],"fixed_in_version":["0"],"target_version":["0"],"profile_id":[0],"priority":[0],"note_user_id":[0],"sticky":true,"filter_by_date":false,"start_month":"04","end_month":"04","start_day":1,"end_day":"17","start_year":"2023","end_year":"2023","filter_by_last_updated_date":false,"last_updated_start_month":"04","last_updated_end_month":"04","last_updated_start_day":1,"last_updated_end_day":"17","last_updated_start_year":"2023","last_updated_end_year":"2023","search":"","view_state":0,"tag_string":"","tag_select":0,"relationship_type":-1,"relationship_bug":0,"custom_fields":{"4":["0"],"3":["0"],"6":["0"],"8":["0"],"9":["0"],"12":["0"],"10":["0"],"11":["0"],"13":["0"],"17":["0"],"16":["0"],"18":["0"],"19":["0"],"20":["0"],"21":["0"],"22":["0"],"23":["0"],"24":["0"],"25":["0"],"26":["0"]},"_source_query_id":373}'),
(374, 182, -52, 0, '', 'v9#{"_version":"v9","_view_type":"simple","category_id":["0"],"severity":[0],"status":[0],"highlight_changed":6,"reporter_id":[0],"handler_id":[0],"project_id":[-3],"resolution":[0],"build":["0"],"version":["0"],"hide_status":[90],"monitor_user_id":[0],"sort":"last_updated","dir":"DESC","per_page":50,"match_type":0,"platform":["0"],"os":["0"],"os_build":["0"],"fixed_in_version":["0"],"target_version":["0"],"profile_id":[0],"priority":[0],"note_user_id":[0],"sticky":true,"filter_by_date":false,"start_month":"04","end_month":"04","start_day":1,"end_day":"17","start_year":"2023","end_year":"2023","filter_by_last_updated_date":false,"last_updated_start_month":"04","last_updated_end_month":"04","last_updated_start_day":1,"last_updated_end_day":"17","last_updated_start_year":"2023","last_updated_end_year":"2023","search":"","view_state":0,"tag_string":"","tag_select":0,"relationship_type":-1,"relationship_bug":0,"custom_fields":{"4":["0"],"3":["0"],"6":["0"],"8":["0"],"9":["0"],"12":["0"],"10":["0"],"11":["0"],"13":["0"],"17":["0"],"16":["0"],"18":["0"],"19":["0"],"20":["0"],"21":["0"],"22":["0"],"23":["0"],"24":["0"],"25":["0"],"26":["0"]},"_source_query_id":374}'),
(375, 192, -32, 0, '', 'v9#{"_version":"v9","_view_type":"simple","category_id":["0"],"severity":[0],"status":[0],"per_page":50,"highlight_changed":6,"reporter_id":[0],"handler_id":[0],"project_id":[-3],"sort":"last_updated","dir":"DESC","filter_by_date":false,"start_month":5,"start_day":1,"start_year":2023,"end_month":5,"end_day":29,"end_year":2023,"filter_by_last_updated_date":false,"last_updated_start_month":5,"last_updated_start_day":1,"last_updated_start_year":2023,"last_updated_end_month":5,"last_updated_end_day":29,"last_updated_end_year":2023,"search":"2023-05-27","hide_status":[90],"resolution":[0],"build":["0"],"version":["0"],"fixed_in_version":["0"],"target_version":["0"],"priority":[0],"monitor_user_id":[0],"view_state":0,"custom_fields":{"4":["0"],"3":["0"],"6":["0"],"8":["0"],"9":["0"],"12":["0"],"10":["0"],"11":["0"],"13":["0"],"17":["0"],"16":["0"],"18":["0"],"19":["0"],"20":["0"],"21":["0"],"22":["0"],"23":["0"],"24":["0"],"25":["0"],"26":["0"]},"sticky":true,"relationship_type":-1,"relationship_bug":0,"profile_id":[0],"platform":["0"],"os":["0"],"os_build":["0"],"tag_string":"","tag_select":0,"note_user_id":[0],"match_type":0}'),
(376, 181, 0, 0, '', 'v9#{"_version":"v9","_view_type":"simple","category_id":["0"],"severity":[0],"status":[0],"highlight_changed":6,"reporter_id":[0],"handler_id":[0],"project_id":[-3],"resolution":[0],"build":["0"],"version":["0"],"hide_status":[90],"monitor_user_id":[0],"sort":"last_updated","dir":"DESC","per_page":50,"match_type":0,"platform":["0"],"os":["0"],"os_build":["0"],"fixed_in_version":["0"],"target_version":["0"],"profile_id":[0],"priority":[0],"note_user_id":[0],"sticky":true,"filter_by_date":false,"start_month":"04","end_month":"04","start_day":1,"end_day":"20","start_year":"2023","end_year":"2023","filter_by_last_updated_date":false,"last_updated_start_month":"04","last_updated_end_month":"04","last_updated_start_day":1,"last_updated_end_day":"20","last_updated_start_year":"2023","last_updated_end_year":"2023","search":"","view_state":0,"tag_string":"","tag_select":0,"relationship_type":-1,"relationship_bug":0,"custom_fields":{"4":["0"],"3":["0"],"6":["0"],"8":["0"],"9":["0"],"12":["0"],"10":["0"],"11":["0"],"13":["0"],"17":["0"],"16":["0"],"18":["0"],"19":["0"],"20":["0"],"21":["0"],"22":["0"],"23":["0"],"24":["0"],"25":["0"],"26":["0"]},"_source_query_id":376}'),
(377, 115, -7, 0, '', 'v9#{"_version":"v9","_view_type":"simple","category_id":["0"],"severity":[0],"status":[0],"highlight_changed":6,"reporter_id":[0],"handler_id":[0],"project_id":[-3],"resolution":[0],"build":["0"],"version":["0"],"hide_status":[90],"monitor_user_id":[0],"sort":"last_updated","dir":"DESC","per_page":50,"match_type":0,"platform":["0"],"os":["0"],"os_build":["0"],"fixed_in_version":["0"],"target_version":["0"],"profile_id":[0],"priority":[0],"note_user_id":[0],"sticky":true,"filter_by_date":false,"start_month":"04","end_month":"04","start_day":1,"end_day":"20","start_year":"2023","end_year":"2023","filter_by_last_updated_date":false,"last_updated_start_month":"04","last_updated_end_month":"04","last_updated_start_day":1,"last_updated_end_day":"20","last_updated_start_year":"2023","last_updated_end_year":"2023","search":"","view_state":0,"tag_string":"","tag_select":0,"relationship_type":-1,"relationship_bug":0,"custom_fields":{"4":["0"],"3":["0"],"6":["0"],"8":["0"],"9":["0"],"12":["0"],"10":["0"],"11":["0"],"13":["0"],"17":["0"],"16":["0"],"18":["0"],"19":["0"],"20":["0"],"21":["0"],"22":["0"],"23":["0"],"24":["0"],"25":["0"],"26":["0"]}}'),
(378, 83, -18, 0, '', 'v9#{"_version":"v9","_view_type":"simple","category_id":["0"],"severity":[0],"status":[0],"highlight_changed":6,"reporter_id":[0],"handler_id":[0],"project_id":[-3],"resolution":[0],"build":["0"],"version":["0"],"hide_status":[90],"monitor_user_id":[0],"sort":"last_updated","dir":"DESC","per_page":50,"match_type":0,"platform":["0"],"os":["0"],"os_build":["0"],"fixed_in_version":["0"],"target_version":["0"],"profile_id":[0],"priority":[0],"note_user_id":[0],"sticky":true,"filter_by_date":false,"start_month":"04","end_month":"04","start_day":1,"end_day":"20","start_year":"2023","end_year":"2023","filter_by_last_updated_date":false,"last_updated_start_month":"04","last_updated_end_month":"04","last_updated_start_day":1,"last_updated_end_day":"20","last_updated_start_year":"2023","last_updated_end_year":"2023","search":"","view_state":0,"tag_string":"","tag_select":0,"relationship_type":-1,"relationship_bug":0,"custom_fields":{"4":["0"],"3":["0"],"6":["0"],"8":["0"],"9":["0"],"12":["0"],"10":["0"],"11":["0"],"13":["0"],"17":["0"],"16":["0"],"18":["0"],"19":["0"],"20":["0"],"21":["0"],"22":["0"],"23":["0"],"24":["0"],"25":["0"],"26":["0"]}}'),
(379, 83, -57, 0, '', 'v9#{"_version":"v9","_view_type":"simple","category_id":["0"],"severity":[0],"status":[0],"highlight_changed":6,"reporter_id":[0],"handler_id":[0],"project_id":[-3],"resolution":[0],"build":["0"],"version":["0"],"hide_status":[90],"monitor_user_id":[0],"sort":"last_updated","dir":"DESC","per_page":50,"match_type":0,"platform":["0"],"os":["0"],"os_build":["0"],"fixed_in_version":["0"],"target_version":["0"],"profile_id":[0],"priority":[0],"note_user_id":[0],"sticky":true,"filter_by_date":false,"start_month":"04","end_month":"04","start_day":1,"end_day":"20","start_year":"2023","end_year":"2023","filter_by_last_updated_date":false,"last_updated_start_month":"04","last_updated_end_month":"04","last_updated_start_day":1,"last_updated_end_day":"20","last_updated_start_year":"2023","last_updated_end_year":"2023","search":"","view_state":0,"tag_string":"","tag_select":0,"relationship_type":-1,"relationship_bug":0,"custom_fields":{"4":["0"],"3":["0"],"6":["0"],"8":["0"],"9":["0"],"12":["0"],"10":["0"],"11":["0"],"13":["0"],"17":["0"],"16":["0"],"18":["0"],"19":["0"],"20":["0"],"21":["0"],"22":["0"],"23":["0"],"24":["0"],"25":["0"],"26":["0"]}}'),
(380, 98, 11, 0, 'Test', 'v9#{"_version":"v9","_view_type":"advanced","category_id":["Suggestion"],"severity":[0],"status":[0],"per_page":50,"highlight_changed":6,"reporter_id":[0],"handler_id":[0],"project_id":[-3],"sort":"last_updated","dir":"DESC","filter_by_date":false,"start_month":4,"start_day":1,"start_year":2023,"end_month":4,"end_day":20,"end_year":2023,"filter_by_last_updated_date":true,"last_updated_start_month":4,"last_updated_start_day":14,"last_updated_start_year":2023,"last_updated_end_month":4,"last_updated_end_day":20,"last_updated_end_year":2023,"search":"","hide_status":[-2],"resolution":[0],"build":["0"],"version":["0"],"fixed_in_version":["0"],"target_version":["0"],"priority":[0],"monitor_user_id":[0],"view_state":0,"custom_fields":{"4":["0"],"3":["0"],"6":["0"],"8":["0"],"9":["0"],"12":["0"],"10":["0"],"11":["0"],"13":["0","0","0"],"17":["0"],"16":["0"],"18":["0"],"19":["0"],"20":["0"],"21":["0"],"22":["0"],"23":["0"],"24":["0"],"25":["0"],"26":["0"]},"sticky":true,"relationship_type":-1,"relationship_bug":0,"profile_id":[0],"platform":["0"],"os":["0"],"os_build":["0"],"tag_string":"","tag_select":0,"note_user_id":[0],"match_type":0}'),
(382, 181, -27, 0, '', 'v9#{"_version":"v9","_view_type":"simple","category_id":["0"],"severity":[0],"status":[0],"highlight_changed":6,"reporter_id":[0],"handler_id":[0],"project_id":[-3],"resolution":[0],"build":["0"],"version":["0"],"hide_status":[90],"monitor_user_id":[0],"sort":"last_updated","dir":"DESC","per_page":50,"match_type":0,"platform":["0"],"os":["0"],"os_build":["0"],"fixed_in_version":["0"],"target_version":["0"],"profile_id":[0],"priority":[0],"note_user_id":[0],"sticky":true,"filter_by_date":false,"start_month":"04","end_month":"04","start_day":1,"end_day":"25","start_year":"2023","end_year":"2023","filter_by_last_updated_date":false,"last_updated_start_month":"04","last_updated_end_month":"04","last_updated_start_day":1,"last_updated_end_day":"25","last_updated_start_year":"2023","last_updated_end_year":"2023","search":"","view_state":0,"tag_string":"","tag_select":0,"relationship_type":-1,"relationship_bug":0,"custom_fields":{"4":["0"],"3":["0"],"6":["0"],"8":["0"],"9":["0"],"12":["0"],"10":["0"],"11":["0"],"13":["0"],"17":["0"],"16":["0"],"18":["0"],"19":["0"],"20":["0"],"21":["0"],"22":["0"],"23":["0"],"24":["0"],"25":["0"],"26":["0"]},"_source_query_id":382}'),
(384, 210, 0, 0, '', 'v9#{"_version":"v9","_view_type":"simple","category_id":["0"],"severity":[0],"status":[0],"per_page":50,"highlight_changed":6,"reporter_id":[0],"handler_id":[180],"project_id":[-3],"sort":"last_updated","dir":"DESC","filter_by_date":false,"start_month":5,"start_day":1,"start_year":2023,"end_month":5,"end_day":23,"end_year":2023,"filter_by_last_updated_date":false,"last_updated_start_month":5,"last_updated_start_day":1,"last_updated_start_year":2023,"last_updated_end_month":5,"last_updated_end_day":23,"last_updated_end_year":2023,"search":"","hide_status":[-2],"resolution":[0],"build":["0"],"version":["0"],"fixed_in_version":["0"],"target_version":["0"],"priority":[0],"monitor_user_id":[0],"view_state":0,"custom_fields":{"4":["0"],"3":["0"],"6":["0"],"8":["0"],"9":["0"],"12":["0"],"10":["0"],"11":["0"],"13":["0","0","0"],"17":["0"],"16":["0"],"18":["0"],"19":["0"],"20":["0"],"21":["0"],"22":["0"],"23":["0"],"24":["0"],"25":["0"],"26":["0"]},"sticky":true,"relationship_type":-1,"relationship_bug":0,"profile_id":[0],"platform":["0"],"os":["0"],"os_build":["0"],"tag_string":"","tag_select":0,"note_user_id":[0],"match_type":0}'),
(383, 181, -48, 0, '', 'v9#{"_version":"v9","_view_type":"simple","category_id":["0"],"severity":[0],"status":[0],"highlight_changed":6,"reporter_id":[0],"handler_id":[0],"project_id":[-3],"resolution":[0],"build":["0"],"version":["0"],"hide_status":[90],"monitor_user_id":[0],"sort":"last_updated","dir":"DESC","per_page":50,"match_type":0,"platform":["0"],"os":["0"],"os_build":["0"],"fixed_in_version":["0"],"target_version":["0"],"profile_id":[0],"priority":[0],"note_user_id":[0],"sticky":true,"filter_by_date":false,"start_month":"04","end_month":"04","start_day":1,"end_day":"28","start_year":"2023","end_year":"2023","filter_by_last_updated_date":false,"last_updated_start_month":"04","last_updated_end_month":"04","last_updated_start_day":1,"last_updated_end_day":"28","last_updated_start_year":"2023","last_updated_end_year":"2023","search":"","view_state":0,"tag_string":"","tag_select":0,"relationship_type":-1,"relationship_bug":0,"custom_fields":{"4":["0"],"3":["0"],"6":["0"],"8":["0"],"9":["0"],"12":["0"],"10":["0"],"11":["0"],"13":["0"],"17":["0"],"16":["0"],"18":["0"],"19":["0"],"20":["0"],"21":["0"],"22":["0"],"23":["0"],"24":["0"],"25":["0"],"26":["0"]},"_source_query_id":383}'),
(385, 208, 0, 0, '', 'v9#{"_version":"v9","_view_type":"simple","category_id":["0"],"severity":[0],"status":[0],"per_page":50,"highlight_changed":6,"reporter_id":[0],"handler_id":[0],"project_id":[-3],"sort":"last_updated","dir":"DESC","filter_by_date":false,"start_month":4,"start_day":1,"start_year":2023,"end_month":4,"end_day":29,"end_year":2023,"filter_by_last_updated_date":false,"last_updated_start_month":4,"last_updated_start_day":1,"last_updated_start_year":2023,"last_updated_end_month":4,"last_updated_end_day":29,"last_updated_end_year":2023,"search":"","hide_status":[90],"resolution":[0],"build":["0"],"version":["0"],"fixed_in_version":["0"],"target_version":["0"],"priority":[0],"monitor_user_id":[0],"view_state":0,"custom_fields":{"4":["0"],"3":["0"],"6":["0"],"8":["0"],"9":["0"],"12":["0"],"10":["0"],"11":["0"],"13":["0"],"17":["0"],"16":["0"],"18":["0"],"19":["0"],"20":["0"],"21":["0"],"22":["0"],"23":["0"],"24":["0"],"25":["0"],"26":["0"]},"sticky":true,"relationship_type":-1,"relationship_bug":0,"profile_id":[0],"platform":["0"],"os":["0"],"os_build":["0"],"tag_string":"","tag_select":0,"note_user_id":[0],"match_type":0}'),
(387, 181, -34, 0, '', 'v9#{"_version":"v9","_view_type":"simple","category_id":["0"],"severity":[0],"status":[0],"highlight_changed":6,"reporter_id":[0],"handler_id":[0],"project_id":[-3],"resolution":[0],"build":["0"],"version":["0"],"hide_status":[90],"monitor_user_id":[0],"sort":"last_updated","dir":"DESC","per_page":50,"match_type":0,"platform":["0"],"os":["0"],"os_build":["0"],"fixed_in_version":["0"],"target_version":["0"],"profile_id":[0],"priority":[0],"note_user_id":[0],"sticky":true,"filter_by_date":false,"start_month":"05","end_month":"05","start_day":1,"end_day":"02","start_year":"2023","end_year":"2023","filter_by_last_updated_date":false,"last_updated_start_month":"05","last_updated_end_month":"05","last_updated_start_day":1,"last_updated_end_day":"02","last_updated_start_year":"2023","last_updated_end_year":"2023","search":"","view_state":0,"tag_string":"","tag_select":0,"relationship_type":-1,"relationship_bug":0,"custom_fields":{"4":["0"],"3":["0"],"6":["0"],"8":["0"],"9":["0"],"12":["0"],"10":["0"],"11":["0"],"13":["0"],"17":["0"],"16":["0"],"18":["0"],"19":["0"],"20":["0"],"21":["0"],"22":["0"],"23":["0"],"24":["0"],"25":["0"],"26":["0"]},"_source_query_id":387}'),
(388, 181, -30, 0, '', 'v9#{"_version":"v9","_view_type":"simple","category_id":["0"],"severity":[0],"status":[0],"highlight_changed":6,"reporter_id":[0],"handler_id":[0],"project_id":[-3],"resolution":[0],"build":["0"],"version":["0"],"hide_status":[90],"monitor_user_id":[0],"sort":"last_updated","dir":"DESC","per_page":50,"match_type":0,"platform":["0"],"os":["0"],"os_build":["0"],"fixed_in_version":["0"],"target_version":["0"],"profile_id":[0],"priority":[0],"note_user_id":[0],"sticky":true,"filter_by_date":false,"start_month":"05","end_month":"05","start_day":1,"end_day":"02","start_year":"2023","end_year":"2023","filter_by_last_updated_date":false,"last_updated_start_month":"05","last_updated_end_month":"05","last_updated_start_day":1,"last_updated_end_day":"02","last_updated_start_year":"2023","last_updated_end_year":"2023","search":"","view_state":0,"tag_string":"","tag_select":0,"relationship_type":-1,"relationship_bug":0,"custom_fields":{"4":["0"],"3":["0"],"6":["0"],"8":["0"],"9":["0"],"12":["0"],"10":["0"],"11":["0"],"13":["0"],"17":["0"],"16":["0"],"18":["0"],"19":["0"],"20":["0"],"21":["0"],"22":["0"],"23":["0"],"24":["0"],"25":["0"],"26":["0"]},"_source_query_id":388}'),
(391, 181, -20, 0, '', 'v9#{"_version":"v9","_view_type":"simple","category_id":["0"],"severity":[0],"status":[0],"highlight_changed":6,"reporter_id":[0],"handler_id":[0],"project_id":[-3],"resolution":[0],"build":["0"],"version":["0"],"hide_status":[90],"monitor_user_id":[0],"sort":"last_updated","dir":"DESC","per_page":50,"match_type":0,"platform":["0"],"os":["0"],"os_build":["0"],"fixed_in_version":["0"],"target_version":["0"],"profile_id":[0],"priority":[0],"note_user_id":[0],"sticky":true,"filter_by_date":false,"start_month":"05","end_month":"05","start_day":1,"end_day":"04","start_year":"2023","end_year":"2023","filter_by_last_updated_date":false,"last_updated_start_month":"05","last_updated_end_month":"05","last_updated_start_day":1,"last_updated_end_day":"04","last_updated_start_year":"2023","last_updated_end_year":"2023","search":"","view_state":0,"tag_string":"","tag_select":0,"relationship_type":-1,"relationship_bug":0,"custom_fields":{"4":["0"],"3":["0"],"6":["0"],"8":["0"],"9":["0"],"12":["0"],"10":["0"],"11":["0"],"13":["0"],"17":["0"],"16":["0"],"18":["0"],"19":["0"],"20":["0"],"21":["0"],"22":["0"],"23":["0"],"24":["0"],"25":["0"],"26":["0"]}}'),
(392, 182, -48, 0, '', 'v9#{"_version":"v9","_view_type":"simple","category_id":["0"],"severity":[0],"status":[0],"highlight_changed":6,"reporter_id":[0],"handler_id":[0],"project_id":[-3],"resolution":[0],"build":["0"],"version":["0"],"hide_status":[90],"monitor_user_id":[0],"sort":"last_updated","dir":"DESC","per_page":50,"match_type":0,"platform":["0"],"os":["0"],"os_build":["0"],"fixed_in_version":["0"],"target_version":["0"],"profile_id":[0],"priority":[0],"note_user_id":[0],"sticky":true,"filter_by_date":false,"start_month":"05","end_month":"05","start_day":1,"end_day":"05","start_year":"2023","end_year":"2023","filter_by_last_updated_date":false,"last_updated_start_month":"05","last_updated_end_month":"05","last_updated_start_day":1,"last_updated_end_day":"05","last_updated_start_year":"2023","last_updated_end_year":"2023","search":"","view_state":0,"tag_string":"","tag_select":0,"relationship_type":-1,"relationship_bug":0,"custom_fields":{"4":["0"],"3":["0"],"6":["0"],"8":["0"],"9":["0"],"12":["0"],"10":["0"],"11":["0"],"13":["0"],"17":["0"],"16":["0"],"18":["0"],"19":["0"],"20":["0"],"21":["0"],"22":["0"],"23":["0"],"24":["0"],"25":["0"],"26":["0"]},"_source_query_id":392}'),
(395, 182, -46, 0, '', 'v9#{"_version":"v9","_view_type":"simple","category_id":["0"],"severity":[0],"status":[0],"highlight_changed":6,"reporter_id":[0],"handler_id":[0],"project_id":[-3],"resolution":[0],"build":["0"],"version":["0"],"hide_status":[90],"monitor_user_id":[0],"sort":"last_updated","dir":"DESC","per_page":50,"match_type":0,"platform":["0"],"os":["0"],"os_build":["0"],"fixed_in_version":["0"],"target_version":["0"],"profile_id":[0],"priority":[0],"note_user_id":[0],"sticky":true,"filter_by_date":false,"start_month":"05","end_month":"05","start_day":1,"end_day":"09","start_year":"2023","end_year":"2023","filter_by_last_updated_date":false,"last_updated_start_month":"05","last_updated_end_month":"05","last_updated_start_day":1,"last_updated_end_day":"09","last_updated_start_year":"2023","last_updated_end_year":"2023","search":"","view_state":0,"tag_string":"","tag_select":0,"relationship_type":-1,"relationship_bug":0,"custom_fields":{"4":["0"],"3":["0"],"6":["0"],"8":["0"],"9":["0"],"12":["0"],"10":["0"],"11":["0"],"13":["0"],"17":["0"],"16":["0"],"18":["0"],"19":["0"],"20":["0"],"21":["0"],"22":["0"],"23":["0"],"24":["0"],"25":["0"],"26":["0"]},"_source_query_id":395}'),
(396, 182, -51, 0, '', 'v9#{"_version":"v9","_view_type":"simple","category_id":["0"],"severity":[0],"status":[0],"highlight_changed":6,"reporter_id":[0],"handler_id":[0],"project_id":[-3],"resolution":[0],"build":["0"],"version":["0"],"hide_status":[90],"monitor_user_id":[0],"sort":"last_updated","dir":"DESC","per_page":50,"match_type":0,"platform":["0"],"os":["0"],"os_build":["0"],"fixed_in_version":["0"],"target_version":["0"],"profile_id":[0],"priority":[0],"note_user_id":[0],"sticky":true,"filter_by_date":false,"start_month":"05","end_month":"05","start_day":1,"end_day":"09","start_year":"2023","end_year":"2023","filter_by_last_updated_date":false,"last_updated_start_month":"05","last_updated_end_month":"05","last_updated_start_day":1,"last_updated_end_day":"09","last_updated_start_year":"2023","last_updated_end_year":"2023","search":"","view_state":0,"tag_string":"","tag_select":0,"relationship_type":-1,"relationship_bug":0,"custom_fields":{"4":["0"],"3":["0"],"6":["0"],"8":["0"],"9":["0"],"12":["0"],"10":["0"],"11":["0"],"13":["0"],"17":["0"],"16":["0"],"18":["0"],"19":["0"],"20":["0"],"21":["0"],"22":["0"],"23":["0"],"24":["0"],"25":["0"],"26":["0"]}}'),
(398, 182, -27, 0, '', 'v9#{"_version":"v9","_view_type":"simple","category_id":["0"],"severity":[0],"status":[0],"highlight_changed":6,"reporter_id":[0],"handler_id":[0],"project_id":[-3],"resolution":[0],"build":["0"],"version":["0"],"hide_status":[90],"monitor_user_id":[0],"sort":"last_updated","dir":"DESC","per_page":50,"match_type":0,"platform":["0"],"os":["0"],"os_build":["0"],"fixed_in_version":["0"],"target_version":["0"],"profile_id":[0],"priority":[0],"note_user_id":[0],"sticky":true,"filter_by_date":false,"start_month":"05","end_month":"05","start_day":1,"end_day":"22","start_year":"2023","end_year":"2023","filter_by_last_updated_date":false,"last_updated_start_month":"05","last_updated_end_month":"05","last_updated_start_day":1,"last_updated_end_day":"22","last_updated_start_year":"2023","last_updated_end_year":"2023","search":"","view_state":0,"tag_string":"","tag_select":0,"relationship_type":-1,"relationship_bug":0,"custom_fields":{"4":["0"],"3":["0"],"6":["0"],"8":["0"],"9":["0"],"12":["0"],"10":["0"],"11":["0"],"13":["0"],"17":["0"],"16":["0"],"18":["0"],"19":["0"],"20":["0"],"21":["0"],"22":["0"],"23":["0"],"24":["0"],"25":["0"],"26":["0"]}}'),
(397, 206, 0, 0, '', 'v9#{"_version":"v9","_view_type":"simple","category_id":["0"],"severity":[0],"status":[0],"highlight_changed":6,"reporter_id":[0],"handler_id":[0],"project_id":[-3],"resolution":[0],"build":["0"],"version":["0"],"hide_status":[90],"monitor_user_id":[0],"sort":"last_updated","dir":"DESC","per_page":50,"match_type":0,"platform":["0"],"os":["0"],"os_build":["0"],"fixed_in_version":["0"],"target_version":["0"],"profile_id":[0],"priority":[0],"note_user_id":[0],"sticky":true,"filter_by_date":false,"start_month":"05","end_month":"05","start_day":1,"end_day":"19","start_year":"2023","end_year":"2023","filter_by_last_updated_date":false,"last_updated_start_month":"05","last_updated_end_month":"05","last_updated_start_day":1,"last_updated_end_day":"19","last_updated_start_year":"2023","last_updated_end_year":"2023","search":"","view_state":0,"tag_string":"","tag_select":0,"relationship_type":-1,"relationship_bug":0,"custom_fields":{"4":["0"],"3":["0"],"6":["0"],"8":["0"],"9":["0"],"12":["0"],"10":["0"],"11":["0"],"13":["0"],"17":["0"],"16":["0"],"18":["0"],"19":["0"],"20":["0"],"21":["0"],"22":["0"],"23":["0"],"24":["0"],"25":["0"],"26":["0"]}}'),
(399, 182, -29, 0, '', 'v9#{"_version":"v9","_view_type":"simple","category_id":["0"],"severity":[0],"status":[0],"highlight_changed":6,"reporter_id":[0],"handler_id":[0],"project_id":[-3],"resolution":[0],"build":["0"],"version":["0"],"hide_status":[90],"monitor_user_id":[0],"sort":"last_updated","dir":"DESC","per_page":50,"match_type":0,"platform":["0"],"os":["0"],"os_build":["0"],"fixed_in_version":["0"],"target_version":["0"],"profile_id":[0],"priority":[0],"note_user_id":[0],"sticky":true,"filter_by_date":false,"start_month":"05","end_month":"05","start_day":1,"end_day":"22","start_year":"2023","end_year":"2023","filter_by_last_updated_date":false,"last_updated_start_month":"05","last_updated_end_month":"05","last_updated_start_day":1,"last_updated_end_day":"22","last_updated_start_year":"2023","last_updated_end_year":"2023","search":"","view_state":0,"tag_string":"","tag_select":0,"relationship_type":-1,"relationship_bug":0,"custom_fields":{"4":["0"],"3":["0"],"6":["0"],"8":["0"],"9":["0"],"12":["0"],"10":["0"],"11":["0"],"13":["0"],"17":["0"],"16":["0"],"18":["0"],"19":["0"],"20":["0"],"21":["0"],"22":["0"],"23":["0"],"24":["0"],"25":["0"],"26":["0"]},"_source_query_id":399}');
INSERT INTO `mantis_filters_table` (`id`, `user_id`, `project_id`, `is_public`, `name`, `filter_string`) VALUES
(400, 182, -28, 0, '', 'v9#{"_version":"v9","_view_type":"simple","category_id":["0"],"severity":[0],"status":[0],"highlight_changed":6,"reporter_id":[0],"handler_id":[0],"project_id":[-3],"resolution":[0],"build":["0"],"version":["0"],"hide_status":[90],"monitor_user_id":[0],"sort":"last_updated","dir":"DESC","per_page":50,"match_type":0,"platform":["0"],"os":["0"],"os_build":["0"],"fixed_in_version":["0"],"target_version":["0"],"profile_id":[0],"priority":[0],"note_user_id":[0],"sticky":true,"filter_by_date":false,"start_month":"05","end_month":"05","start_day":1,"end_day":"22","start_year":"2023","end_year":"2023","filter_by_last_updated_date":false,"last_updated_start_month":"05","last_updated_end_month":"05","last_updated_start_day":1,"last_updated_end_day":"22","last_updated_start_year":"2023","last_updated_end_year":"2023","search":"","view_state":0,"tag_string":"","tag_select":0,"relationship_type":-1,"relationship_bug":0,"custom_fields":{"4":["0"],"3":["0"],"6":["0"],"8":["0"],"9":["0"],"12":["0"],"10":["0"],"11":["0"],"13":["0"],"17":["0"],"16":["0"],"18":["0"],"19":["0"],"20":["0"],"21":["0"],"22":["0"],"23":["0"],"24":["0"],"25":["0"],"26":["0"]}}'),
(401, 184, -35, 0, '', 'v9#{"_version":"v9","_view_type":"simple","category_id":["0"],"severity":[0],"status":[0],"highlight_changed":6,"reporter_id":[0],"handler_id":[0],"project_id":[-3],"resolution":[0],"build":["0"],"version":["0"],"hide_status":[90],"monitor_user_id":[0],"sort":"last_updated","dir":"DESC","per_page":50,"match_type":0,"platform":["0"],"os":["0"],"os_build":["0"],"fixed_in_version":["0"],"target_version":["0"],"profile_id":[0],"priority":[0],"note_user_id":[0],"sticky":true,"filter_by_date":false,"start_month":"06","end_month":"06","start_day":1,"end_day":"05","start_year":"2023","end_year":"2023","filter_by_last_updated_date":false,"last_updated_start_month":"06","last_updated_end_month":"06","last_updated_start_day":1,"last_updated_end_day":"05","last_updated_start_year":"2023","last_updated_end_year":"2023","search":"","view_state":0,"tag_string":"","tag_select":0,"relationship_type":-1,"relationship_bug":0,"custom_fields":{"4":["0"],"3":["0"],"6":["0"],"8":["0"],"9":["0"],"12":["0"],"10":["0"],"11":["0"],"13":["0"],"17":["0"],"16":["0"],"18":["0"],"19":["0"],"20":["0"],"21":["0"],"22":["0"],"23":["0"],"24":["0"],"25":["0"],"26":["0"]}}'),
(402, 184, -34, 0, '', 'v9#{"_version":"v9","_view_type":"simple","category_id":["0"],"severity":[0],"status":[0],"highlight_changed":6,"reporter_id":[0],"handler_id":[0],"project_id":[-3],"resolution":[0],"build":["0"],"version":["0"],"hide_status":[90],"monitor_user_id":[0],"sort":"last_updated","dir":"DESC","per_page":50,"match_type":0,"platform":["0"],"os":["0"],"os_build":["0"],"fixed_in_version":["0"],"target_version":["0"],"profile_id":[0],"priority":[0],"note_user_id":[0],"sticky":true,"filter_by_date":false,"start_month":"06","end_month":"06","start_day":1,"end_day":"05","start_year":"2023","end_year":"2023","filter_by_last_updated_date":false,"last_updated_start_month":"06","last_updated_end_month":"06","last_updated_start_day":1,"last_updated_end_day":"05","last_updated_start_year":"2023","last_updated_end_year":"2023","search":"","view_state":0,"tag_string":"","tag_select":0,"relationship_type":-1,"relationship_bug":0,"custom_fields":{"4":["0"],"3":["0"],"6":["0"],"8":["0"],"9":["0"],"12":["0"],"10":["0"],"11":["0"],"13":["0"],"17":["0"],"16":["0"],"18":["0"],"19":["0"],"20":["0"],"21":["0"],"22":["0"],"23":["0"],"24":["0"],"25":["0"],"26":["0"]}}');

-- --------------------------------------------------------

--
-- Table structure for table `mantis_news_table`
--

CREATE TABLE IF NOT EXISTS `mantis_news_table` (
  `id` int(10) unsigned NOT NULL,
  `project_id` int(10) unsigned NOT NULL DEFAULT '0',
  `poster_id` int(10) unsigned NOT NULL DEFAULT '0',
  `view_state` smallint(6) NOT NULL DEFAULT '10',
  `announcement` tinyint(4) NOT NULL DEFAULT '0',
  `headline` varchar(64) NOT NULL DEFAULT '',
  `body` longtext NOT NULL,
  `last_modified` int(10) unsigned NOT NULL DEFAULT '1',
  `date_posted` int(10) unsigned NOT NULL DEFAULT '1'
) ENGINE=MyISAM DEFAULT CHARSET=utf8;

-- --------------------------------------------------------

--
-- Table structure for table `mantis_plugin_table`
--

CREATE TABLE IF NOT EXISTS `mantis_plugin_table` (
  `basename` varchar(40) NOT NULL,
  `enabled` tinyint(4) NOT NULL DEFAULT '0',
  `protected` tinyint(4) NOT NULL DEFAULT '0',
  `priority` int(10) unsigned NOT NULL DEFAULT '3'
) ENGINE=MyISAM DEFAULT CHARSET=utf8;

--
-- Dumping data for table `mantis_plugin_table`
--

INSERT INTO `mantis_plugin_table` (`basename`, `enabled`, `protected`, `priority`) VALUES
('MantisCoreFormatting', 1, 0, 3),
('Gravatar', 1, 0, 1),
('MantisGraph', 1, 0, 3);

-- --------------------------------------------------------

--
-- Table structure for table `mantis_project_file_table`
--

CREATE TABLE IF NOT EXISTS `mantis_project_file_table` (
  `id` int(10) unsigned NOT NULL,
  `project_id` int(10) unsigned NOT NULL DEFAULT '0',
  `title` varchar(250) NOT NULL DEFAULT '',
  `description` varchar(250) NOT NULL DEFAULT '',
  `diskfile` varchar(250) NOT NULL DEFAULT '',
  `filename` varchar(250) NOT NULL DEFAULT '',
  `folder` varchar(250) NOT NULL DEFAULT '',
  `filesize` int(11) NOT NULL DEFAULT '0',
  `file_type` varchar(250) NOT NULL DEFAULT '',
  `content` longblob,
  `date_added` int(10) unsigned NOT NULL DEFAULT '1',
  `user_id` int(10) unsigned NOT NULL DEFAULT '0'
) ENGINE=MyISAM DEFAULT CHARSET=utf8;

-- --------------------------------------------------------

--
-- Table structure for table `mantis_project_hierarchy_table`
--

CREATE TABLE IF NOT EXISTS `mantis_project_hierarchy_table` (
  `child_id` int(10) unsigned NOT NULL,
  `parent_id` int(10) unsigned NOT NULL,
  `inherit_parent` tinyint(4) NOT NULL DEFAULT '0'
) ENGINE=MyISAM DEFAULT CHARSET=utf8;

--
-- Dumping data for table `mantis_project_hierarchy_table`
--

INSERT INTO `mantis_project_hierarchy_table` (`child_id`, `parent_id`, `inherit_parent`) VALUES
(40, 26, 1),
(41, 28, 1),
(42, 21, 1),
(43, 23, 1),
(44, 20, 1),
(45, 19, 1),
(46, 29, 1),
(47, 37, 1),
(48, 32, 1),
(49, 22, 1),
(50, 36, 1),
(51, 27, 1),
(52, 31, 1),
(53, 24, 1),
(54, 30, 1),
(55, 25, 1),
(57, 56, 1);

-- --------------------------------------------------------

--
-- Table structure for table `mantis_project_table`
--

CREATE TABLE IF NOT EXISTS `mantis_project_table` (
  `id` int(10) unsigned NOT NULL,
  `name` varchar(128) NOT NULL DEFAULT '',
  `status` smallint(6) NOT NULL DEFAULT '10',
  `enabled` tinyint(4) NOT NULL DEFAULT '1',
  `view_state` smallint(6) NOT NULL DEFAULT '10',
  `access_min` smallint(6) NOT NULL DEFAULT '10',
  `file_path` varchar(250) NOT NULL DEFAULT '',
  `description` longtext NOT NULL,
  `category_id` int(10) unsigned NOT NULL DEFAULT '1',
  `inherit_global` tinyint(4) NOT NULL DEFAULT '0'
) ENGINE=MyISAM AUTO_INCREMENT=58 DEFAULT CHARSET=utf8;

--
-- Dumping data for table `mantis_project_table`
--

INSERT INTO `mantis_project_table` (`id`, `name`, `status`, `enabled`, `view_state`, `access_min`, `file_path`, `description`, `category_id`, `inherit_global`) VALUES
(6, 'Occucare (1.0)', 70, 0, 50, 10, 'D:/Inetpub/vhosts/sapphiresolutions.net/mantisbt.sapphiresolutions.net/Content/\\', '', 1, 0),
(5, 'Vidyalaya Web', 10, 1, 50, 10, 'D:/Inetpub/vhosts/sapphiresolutions.net/mantisbt.sapphiresolutions.net/Content/\\', 'Vidyalaya Web', 1, 1),
(7, 'Vidyalaya Mobile App', 10, 1, 50, 10, '', '', 1, 1),
(8, 'Vidyalaya Window', 10, 1, 50, 10, 'D:/Inetpub/vhosts/sapphiresolutions.net/mantisbt.sapphiresolutions.net/Content/\\', 'Vidyalaya Window', 1, 1),
(9, 'StudyApp', 10, 1, 50, 10, '', '', 1, 1),
(10, 'Occucare Mobile App', 10, 1, 50, 10, '', '', 1, 1),
(11, 'Occucare', 10, 1, 50, 10, 'D:/Inetpub/vhosts/sapphiresolutions.net/mantisbt.sapphiresolutions.net/Content/\\', 'Occucare (2.0)', 1, 0),
(18, 'LMS', 10, 1, 50, 10, '', 'LMS', 1, 1),
(17, 'CRM Migration', 10, 1, 50, 10, '', 'New Live Online CRM', 1, 1),
(14, 'AMEX', 10, 1, 50, 10, '', 'Project for development of American Express requirements.', 1, 0),
(15, 'ERP', 10, 1, 50, 10, '', 'ERP core changes and Issue', 1, 1),
(16, 'CRM', 10, 1, 50, 10, '', 'Window CRM Changes and New Development', 1, 1),
(19, 'Garden Management', 10, 1, 50, 10, '', '', 1, 1),
(23, 'Federal Forecasting App', 10, 1, 50, 10, '', '', 1, 1),
(20, 'FoodTrail', 10, 1, 50, 10, '', '', 1, 1),
(21, 'Auditor Pass', 10, 1, 50, 10, '', '', 1, 1),
(22, 'Medrasaty', 10, 1, 50, 10, '', '', 1, 1),
(24, 'RYOU', 10, 1, 50, 10, '', '', 1, 1),
(25, 'WheneverTwo', 10, 1, 50, 10, '', '', 1, 1),
(26, 'Akwaba Maps', 10, 1, 50, 10, '', '', 1, 1),
(27, 'Reel Martini', 10, 1, 50, 10, '', '', 1, 1),
(28, 'Akshar Tiffin Services', 10, 1, 50, 10, '', '', 1, 1),
(29, 'Give Social', 10, 1, 50, 10, '', '', 1, 1),
(30, 'TTPS', 10, 1, 50, 10, '', '', 1, 1),
(31, 'Rewards & Recognition', 10, 1, 50, 10, '', '', 1, 1),
(32, 'Jmart App', 10, 1, 50, 10, '', '', 1, 1),
(33, 'Sapphire Software Website', 10, 1, 50, 10, '', '', 1, 1),
(34, 'Vidyalaya Website', 10, 1, 50, 10, '', '', 1, 1),
(35, 'OccuCare Website', 10, 1, 50, 10, '', '', 1, 1),
(36, 'NWC', 10, 1, 50, 10, '', '', 1, 1),
(37, 'Hobi', 10, 1, 50, 10, '', '', 1, 1),
(41, 'Akshar Tiffin Services (UAT)', 10, 1, 50, 10, '', '', 1, 1),
(40, 'Akwaba Maps (UAT)', 10, 1, 50, 10, '', '', 1, 1),
(42, 'Auditor Pass (UAT)', 10, 1, 50, 10, '', '', 1, 1),
(43, 'Federal Forecasting App (UAT)', 10, 1, 50, 10, '', '', 1, 1),
(44, 'FoodTrail (UAT)', 10, 1, 50, 10, '', '', 1, 1),
(45, 'Garden Management (UAT)', 10, 1, 50, 10, '', '', 1, 1),
(46, 'Give Social (UAT)', 10, 1, 50, 10, '', '', 1, 1),
(47, 'Hobi (UAT)', 10, 1, 50, 10, '', '', 1, 1),
(48, 'Jmart App (UAT)', 10, 1, 50, 10, '', '', 1, 1),
(49, 'Medrasaty (UAT)', 10, 1, 50, 10, '', '', 1, 1),
(50, 'NWC (UAT)', 10, 1, 50, 10, '', '', 1, 1),
(51, 'Reel Martini (UAT)', 10, 1, 50, 10, '', '', 1, 1),
(52, 'Rewards & Recognition (UAT)', 10, 1, 50, 10, '', '', 1, 1),
(53, 'RYOU (UAT)', 10, 1, 50, 10, '', '', 1, 1),
(54, 'TTPS (UAT)', 10, 1, 50, 10, '', '', 1, 1),
(55, 'WheneverTwo (UAT)', 10, 1, 50, 10, '', '', 1, 1),
(56, 'Demo Project', 10, 1, 50, 10, 'D:/Inetpub/vhosts/sapphiresolutions.net/mantisbt.sapphiresolutions.net/Content/\\', '', 1, 1),
(57, 'Demo Project (UAT)', 10, 1, 50, 10, 'D:/Inetpub/vhosts/sapphiresolutions.net/mantisbt.sapphiresolutions.net/Content/\\', '', 1, 1);

-- --------------------------------------------------------

--
-- Table structure for table `mantis_project_user_list_table`
--

CREATE TABLE IF NOT EXISTS `mantis_project_user_list_table` (
  `project_id` int(10) unsigned NOT NULL DEFAULT '0',
  `user_id` int(10) unsigned NOT NULL DEFAULT '0',
  `access_level` smallint(6) NOT NULL DEFAULT '10'
) ENGINE=MyISAM DEFAULT CHARSET=utf8;

--
-- Dumping data for table `mantis_project_user_list_table`
--

INSERT INTO `mantis_project_user_list_table` (`project_id`, `user_id`, `access_level`) VALUES
(5, 52, 70),
(5, 61, 55),
(5, 55, 70),
(7, 153, 25),
(15, 70, 70),
(6, 61, 55),
(5, 150, 55),
(5, 63, 55),
(15, 116, 55),
(6, 50, 25),
(6, 62, 55),
(6, 55, 70),
(6, 67, 55),
(5, 62, 55),
(7, 62, 55),
(7, 69, 25),
(5, 69, 25),
(5, 70, 70),
(5, 71, 55),
(5, 158, 55),
(6, 52, 55),
(15, 155, 55),
(15, 150, 55),
(18, 70, 70),
(7, 52, 55),
(5, 155, 55),
(8, 80, 25),
(15, 156, 55),
(15, 138, 55),
(8, 63, 55),
(5, 153, 25),
(7, 83, 55),
(5, 84, 25),
(5, 86, 25),
(7, 86, 25),
(7, 84, 25),
(16, 148, 25),
(10, 151, 25),
(7, 55, 25),
(6, 102, 55),
(6, 108, 55),
(5, 92, 70),
(6, 92, 25),
(9, 92, 25),
(7, 92, 25),
(8, 92, 25),
(5, 108, 55),
(5, 149, 55),
(15, 133, 25),
(7, 154, 25),
(5, 154, 25),
(16, 147, 25),
(16, 146, 25),
(5, 105, 25),
(16, 80, 25),
(15, 157, 55),
(5, 134, 55),
(5, 111, 55),
(5, 110, 55),
(5, 109, 55),
(6, 109, 55),
(6, 98, 55),
(5, 99, 55),
(11, 98, 70),
(7, 101, 55),
(10, 101, 55),
(8, 102, 55),
(18, 83, 55),
(5, 157, 55),
(5, 112, 55),
(14, 151, 25),
(10, 83, 55),
(10, 55, 70),
(10, 98, 70),
(5, 106, 55),
(5, 80, 25),
(7, 80, 25),
(7, 146, 25),
(5, 146, 25),
(5, 102, 55),
(5, 85, 25),
(7, 85, 25),
(5, 113, 55),
(8, 152, 55),
(7, 105, 25),
(5, 156, 55),
(8, 115, 55),
(5, 116, 55),
(6, 117, 25),
(5, 118, 55),
(5, 119, 55),
(5, 120, 55),
(5, 121, 55),
(6, 119, 25),
(8, 122, 55),
(8, 55, 70),
(6, 123, 25),
(5, 123, 25),
(7, 124, 55),
(10, 124, 55),
(11, 123, 55),
(5, 98, 70),
(11, 102, 55),
(11, 109, 55),
(11, 115, 55),
(11, 63, 55),
(11, 55, 70),
(11, 117, 25),
(11, 151, 25),
(11, 125, 55),
(11, 126, 55),
(5, 127, 55),
(6, 126, 55),
(6, 128, 55),
(11, 128, 55),
(6, 129, 55),
(11, 129, 55),
(6, 130, 55),
(11, 130, 55),
(6, 131, 55),
(11, 131, 55),
(6, 132, 55),
(11, 132, 55),
(6, 133, 25),
(11, 133, 25),
(5, 133, 25),
(7, 133, 25),
(11, 134, 55),
(5, 132, 55),
(8, 135, 25),
(8, 136, 25),
(11, 85, 25),
(11, 138, 55),
(6, 125, 55),
(5, 139, 55),
(5, 140, 55),
(5, 141, 55),
(5, 142, 55),
(14, 55, 70),
(6, 151, 25),
(14, 102, 55),
(14, 98, 70),
(14, 63, 55),
(17, 157, 55),
(17, 148, 25),
(5, 178, 55),
(5, 176, 25),
(14, 160, 55),
(5, 115, 55),
(17, 55, 70),
(10, 117, 25),
(10, 145, 55),
(11, 144, 25),
(17, 147, 25),
(6, 144, 25),
(17, 115, 55),
(17, 146, 25),
(17, 92, 25),
(17, 80, 25),
(15, 159, 55),
(8, 140, 55),
(17, 63, 70),
(5, 101, 10),
(6, 138, 55),
(11, 143, 55),
(17, 169, 55),
(6, 143, 55),
(6, 159, 25),
(8, 70, 70),
(14, 109, 55),
(14, 115, 55),
(14, 117, 25),
(14, 123, 55),
(14, 125, 55),
(14, 126, 55),
(14, 128, 55),
(14, 129, 55),
(14, 130, 55),
(14, 131, 55),
(14, 132, 55),
(14, 133, 25),
(14, 134, 55),
(14, 138, 55),
(14, 143, 55),
(14, 144, 25),
(15, 171, 55),
(10, 133, 25),
(7, 70, 70),
(15, 52, 70),
(15, 55, 70),
(15, 108, 55),
(16, 70, 70),
(15, 85, 25),
(16, 63, 70),
(8, 177, 25),
(16, 92, 25),
(16, 55, 70),
(15, 119, 55),
(10, 144, 25),
(15, 141, 55),
(15, 139, 55),
(15, 142, 55),
(15, 111, 55),
(18, 61, 55),
(18, 155, 55),
(18, 154, 25),
(18, 69, 25),
(18, 153, 25),
(18, 71, 55),
(11, 160, 55),
(18, 84, 25),
(18, 85, 25),
(18, 86, 25),
(14, 161, 55),
(18, 146, 25),
(18, 99, 55),
(11, 161, 55),
(18, 141, 55),
(18, 105, 25),
(14, 162, 55),
(11, 162, 55),
(14, 108, 55),
(18, 110, 55),
(11, 108, 55),
(14, 141, 55),
(18, 113, 55),
(11, 141, 55),
(18, 118, 55),
(14, 163, 55),
(18, 120, 55),
(11, 163, 55),
(18, 119, 55),
(18, 116, 55),
(14, 164, 10),
(11, 165, 10),
(10, 165, 10),
(18, 108, 55),
(14, 165, 10),
(15, 167, 55),
(18, 101, 55),
(5, 167, 55),
(18, 92, 70),
(15, 168, 55),
(17, 70, 70),
(18, 63, 55),
(5, 168, 55),
(18, 55, 70),
(18, 52, 70),
(14, 176, 25),
(5, 159, 55),
(5, 171, 55),
(15, 173, 55),
(11, 172, 55),
(5, 173, 55),
(11, 174, 55),
(5, 175, 25),
(7, 175, 25),
(17, 152, 55),
(10, 176, 25),
(11, 176, 25),
(20, 179, 70),
(19, 181, 25),
(19, 179, 70),
(20, 181, 25),
(21, 179, 70),
(21, 181, 25),
(22, 179, 70),
(22, 181, 25),
(23, 101, 70),
(23, 181, 25),
(24, 101, 70),
(24, 181, 25),
(25, 101, 70),
(25, 181, 25),
(26, 182, 70),
(26, 181, 25),
(27, 181, 25),
(27, 182, 70),
(28, 181, 25),
(28, 182, 70),
(29, 181, 25),
(29, 182, 70),
(30, 181, 25),
(30, 182, 70),
(31, 181, 25),
(31, 182, 70),
(32, 181, 25),
(32, 182, 70),
(40, 183, 25),
(35, 184, 70),
(35, 181, 25),
(33, 181, 25),
(33, 184, 70),
(34, 181, 25),
(34, 184, 70),
(36, 185, 70),
(37, 101, 70),
(42, 179, 70),
(40, 182, 70),
(41, 182, 70),
(43, 101, 70),
(44, 179, 70),
(45, 179, 70),
(46, 182, 70),
(47, 101, 70),
(48, 182, 70),
(49, 179, 70),
(50, 185, 70),
(51, 182, 70),
(52, 182, 70),
(53, 101, 70),
(54, 182, 70),
(55, 101, 70),
(36, 187, 70),
(50, 187, 70),
(16, 188, 25),
(15, 188, 25),
(47, 186, 25),
(10, 189, 10),
(11, 189, 10),
(10, 190, 10),
(11, 190, 10),
(49, 191, 25),
(22, 101, 70),
(49, 101, 70),
(49, 181, 25),
(10, 164, 10),
(11, 164, 10),
(40, 181, 25),
(53, 181, 25),
(56, 101, 70),
(56, 181, 25),
(57, 101, 70),
(57, 181, 25),
(57, 83, 55),
(53, 201, 25),
(40, 192, 25),
(32, 194, 25),
(15, 115, 70),
(7, 115, 55),
(23, 182, 70),
(23, 195, 25),
(32, 192, 55),
(31, 195, 25),
(7, 210, 55),
(5, 210, 10),
(7, 209, 55),
(5, 209, 10),
(51, 203, 25),
(51, 204, 25),
(32, 101, 70),
(32, 206, 55),
(52, 202, 25),
(52, 195, 55),
(42, 216, 55),
(21, 216, 55),
(21, 215, 55),
(21, 214, 55),
(42, 215, 55),
(42, 214, 55),
(48, 192, 55),
(48, 101, 70),
(48, 181, 25),
(48, 194, 25),
(48, 206, 25),
(55, 213, 55),
(42, 217, 25),
(20, 178, 55),
(20, 169, 55),
(20, 171, 55),
(40, 212, 55),
(40, 208, 25),
(46, 195, 55),
(46, 193, 55);

-- --------------------------------------------------------

--
-- Table structure for table `mantis_project_version_table`
--

CREATE TABLE IF NOT EXISTS `mantis_project_version_table` (
  `id` int(11) NOT NULL,
  `project_id` int(10) unsigned NOT NULL DEFAULT '0',
  `version` varchar(64) NOT NULL DEFAULT '',
  `description` longtext NOT NULL,
  `released` tinyint(4) NOT NULL DEFAULT '1',
  `obsolete` tinyint(4) NOT NULL DEFAULT '0',
  `date_order` int(10) unsigned NOT NULL DEFAULT '1'
) ENGINE=MyISAM AUTO_INCREMENT=3 DEFAULT CHARSET=utf8;

--
-- Dumping data for table `mantis_project_version_table`
--

INSERT INTO `mantis_project_version_table` (`id`, `project_id`, `version`, `description`, `released`, `obsolete`, `date_order`) VALUES
(1, 11, '20230201', '', 0, 0, 1674811558),
(2, 5, '20230315', '', 0, 0, 1677655625);

-- --------------------------------------------------------

--
-- Table structure for table `mantis_sponsorship_table`
--

CREATE TABLE IF NOT EXISTS `mantis_sponsorship_table` (
  `id` int(11) NOT NULL,
  `bug_id` int(11) NOT NULL DEFAULT '0',
  `user_id` int(11) NOT NULL DEFAULT '0',
  `amount` int(11) NOT NULL DEFAULT '0',
  `logo` varchar(128) NOT NULL DEFAULT '',
  `url` varchar(128) NOT NULL DEFAULT '',
  `paid` tinyint(4) NOT NULL DEFAULT '0',
  `date_submitted` int(10) unsigned NOT NULL DEFAULT '1',
  `last_updated` int(10) unsigned NOT NULL DEFAULT '1'
) ENGINE=MyISAM DEFAULT CHARSET=utf8;

-- --------------------------------------------------------

--
-- Table structure for table `mantis_tag_table`
--

CREATE TABLE IF NOT EXISTS `mantis_tag_table` (
  `id` int(10) unsigned NOT NULL,
  `user_id` int(10) unsigned NOT NULL DEFAULT '0',
  `name` varchar(100) NOT NULL DEFAULT '',
  `description` longtext NOT NULL,
  `date_created` int(10) unsigned NOT NULL DEFAULT '1',
  `date_updated` int(10) unsigned NOT NULL DEFAULT '1'
) ENGINE=MyISAM AUTO_INCREMENT=44 DEFAULT CHARSET=utf8;

--
-- Dumping data for table `mantis_tag_table`
--

INSERT INTO `mantis_tag_table` (`id`, `user_id`, `name`, `description`, `date_created`, `date_updated`) VALUES
(13, 49, 'TP', '', 1573810273, 1573810273),
(14, 85, 'Live', '', 1573810360, 1573810360),
(43, 177, 'Troubleshoot', '', 1676437931, 1676437931),
(39, 49, 'R&D', '', 1611034348, 1611034348);

-- --------------------------------------------------------

--
-- Table structure for table `mantis_tokens_table`
--

CREATE TABLE IF NOT EXISTS `mantis_tokens_table` (
  `id` int(11) NOT NULL,
  `owner` int(11) NOT NULL,
  `type` int(11) NOT NULL,
  `value` longtext NOT NULL,
  `timestamp` int(10) unsigned NOT NULL DEFAULT '1',
  `expiry` int(10) unsigned NOT NULL DEFAULT '1'
) ENGINE=MyISAM AUTO_INCREMENT=35193 DEFAULT CHARSET=utf8;

--
-- Dumping data for table `mantis_tokens_table`
--

INSERT INTO `mantis_tokens_table` (`id`, `owner`, `type`, `value`, `timestamp`, `expiry`) VALUES
(318, 52, 5, '{"history":false,"bugnote_add":false,"bugnotes":false,"monitoring":false,"upload_form":true,"relationships":false,"timeline":false,"assigned":false,"unassigned":false,"reported":false,"resolved":true,"recent_mod":true,"monitored":true,"sidebar":false,"profile":true,"filter":false,"attachment_preview_541":true}', 1459596770, 1710224193),
(104, 49, 5, '{"profile":false,"history":false,"bugnote_add":false,"bugnotes":false,"upload_form":true,"relationships":false,"filter":true,"sidebar":true,"timeline":true,"assigned":true,"unassigned":true,"reported":true,"resolved":true,"recent_mod":true,"monitored":true,"attachment_preview_118":false,"attachment_preview_532":false,"attachment_preview_632":false,"attachment_preview_839":true,"attachment_preview_1257":false,"monitoring":false,"attachment_preview_1818":true,"attachment_preview_1822":true,"attachment_preview_1893":false,"attachment_preview_1993":true,"changelog_1":false,"roadmap_1":false,"attachment_preview_7755":true,"attachment_preview_8175":true}', 1456566995, 1717485887),
(1010, 70, 5, '{"profile":false,"filter":false,"bugnotes":false,"relationships":false,"bugnote_add":false,"upload_form":false,"history":false,"sidebar":false,"timeline":false,"reported":false,"unassigned":true,"recent_mod":false,"assigned":true,"monitored":false,"resolved":false,"attachment_preview_1993":false,"attachment_preview_2654":true,"attachment_preview_2992":true,"attachment_preview_6874":true}', 1469095132, 1717053026),
(28884, 167, 5, '{"filter":false,"resolved":false,"bugnote_add":false,"monitoring":false,"bugnotes":false,"assigned":false,"history":false,"relationships":false,"sidebar":false,"unassigned":true,"recent_mod":true,"monitored":true}', 1659790038, 1697273308),
(27360, 162, 5, '{"filter":false,"resolved":false,"bugnotes":false,"assigned":false,"timeline":false,"unassigned":false,"recent_mod":false,"bugnote_add":false,"sidebar":false,"history":false,"monitored":false,"attachment_preview_7778":true}', 1653483916, 1716006374),
(32766, 178, 5, '{"filter":false,"unassigned":false,"sidebar":false}', 1677499969, 1711605617),
(3546, 1, 5, '{"filter":false,"sidebar":false,"monitored":true,"recent_mod":true,"resolved":true,"reported":false,"unassigned":true,"assigned":true,"profile":false,"timeline":false}', 1488968790, 1710251808),
(23009, 147, 5, '{"filter":false,"profile":true,"sidebar":false}', 1628572179, 1689931806),
(26467, 156, 5, '{"filter":false,"sidebar":true}', 1648903924, 1716618241),
(26710, 159, 5, '{"filter":false,"timeline":false,"bugnote_add":false,"bugnotes":false,"monitoring":false,"history":false,"relationships":true,"reported":false,"sidebar":true,"unassigned":true,"resolved":true,"assigned":false,"recent_mod":true,"monitored":true,"attachment_preview_9246":false,"attachment_preview_9211":false,"attachment_preview_9210":false,"attachment_preview_9109":false}', 1650081613, 1717573033),
(19063, 134, 5, '{"filter":false,"unassigned":false,"history":false,"assigned":false,"resolved":true,"recent_mod":true,"timeline":true,"monitored":true}', 1607154976, 1697881433),
(29824, 174, 5, '{"filter":false,"sidebar":false,"assigned":false,"unassigned":true,"resolved":true,"recent_mod":true,"monitored":true,"attachment_preview_5888":true,"attachment_preview_5623":true,"attachment_preview_5622":true}', 1663667238, 1697517762),
(18963, 102, 5, '{"filter":false,"resolved":true,"timeline":true,"assigned":false,"sidebar":false,"unassigned":true,"monitored":true,"recent_mod":false}', 1606574208, 1700802191),
(20126, 141, 5, '{"filter":false,"sidebar":false,"attachment_preview_9350":false}', 1612792313, 1716887402),
(31150, 175, 5, '{"filter":false,"sidebar":false,"timeline":false,"reported":false,"profile":false,"unassigned":false,"assigned":false,"history":false,"bugnotes":false,"relationships":false,"resolved":false,"bugnote_add":false,"attachment_preview_7770":true,"attachment_preview_7970":true,"attachment_preview_8071":true,"attachment_preview_8072":false}', 1669292773, 1716015987),
(24532, 151, 5, '{"filter":false,"profile":false,"sidebar":false,"assigned":false,"bugnotes":false,"attachment_preview_5562":false,"timeline":false,"attachment_preview_3811":true,"attachment_preview_7489":true,"attachment_preview_7788":false,"attachment_preview_8262":false,"attachment_preview_9265":true}', 1638533269, 1716264377),
(21279, 144, 5, '{"filter":false,"reported":true,"assigned":true,"unassigned":true,"resolved":true,"recent_mod":true,"monitored":false,"timeline":false,"sidebar":false,"attachment_preview_3872":false,"profile":false,"relationships":false,"attachment_preview_7792":true,"attachment_preview_7793":true,"attachment_preview_7300":true,"attachment_preview_7299":true}', 1618286764, 1717141276),
(28907, 168, 5, '{"filter":false,"sidebar":false,"resolved":false,"recent_mod":false,"timeline":false,"unassigned":false,"monitored":true,"history":false,"attachment_preview_7674":true,"assigned":false}', 1659932836, 1716964295),
(15624, 119, 5, '{"filter":false,"timeline":false,"sidebar":true,"resolved":true,"assigned":false,"monitoring":false,"unassigned":true,"recent_mod":true,"monitored":true}', 1577877634, 1690973105),
(19449, 135, 5, '{"filter":false,"sidebar":false,"profile":false,"assigned":false,"unassigned":false,"reported":false,"resolved":false,"recent_mod":false,"monitored":false,"bugnotes":true,"bugnote_add":false,"relationships":false,"history":false}', 1609497801, 1707213186),
(24600, 63, 5, '{"filter":false,"resolved":false,"recent_mod":true}', 1638854589, 1694762214),
(15036, 115, 5, '{"filter":false,"recent_mod":false,"sidebar":true}', 1573186451, 1712813511),
(23317, 146, 5, '{"filter":false,"sidebar":true,"reported":false,"bugnotes":false,"attachment_preview_5187":true,"attachment_preview_5450":true,"attachment_preview_5759":false,"attachment_preview_5816":true,"relationships":false,"assigned":false,"resolved":false,"recent_mod":false,"attachment_preview_7666":true,"profile":false,"attachment_preview_7770":false,"attachment_preview_7894":true,"unassigned":true,"attachment_preview_8100":false,"attachment_preview_8101":false,"attachment_preview_9079":true}', 1630130821, 1716529011),
(26586, 55, 5, '{"filter":false,"sidebar":true,"assigned":true,"monitored":false,"recent_mod":true,"resolved":true,"reported":true,"unassigned":true}', 1649401884, 1706598813),
(16072, 83, 5, '{"filter":false,"recent_mod":true,"attachment_preview_839":false,"assigned":true,"unassigned":true,"resolved":true,"sidebar":true,"monitored":true,"timeline":false,"bugnotes":false}', 1580995038, 1711098653),
(23077, 116, 5, '{"filter":false,"sidebar":false,"monitoring":true}', 1628845215, 1715836263),
(25867, 154, 5, '{"filter":false,"sidebar":true,"monitored":false,"resolved":false,"recent_mod":false,"unassigned":true,"history":false,"timeline":false,"bugnotes":false,"bugnote_add":false,"relationships":false,"reported":false,"assigned":true,"attachment_preview_4595":false,"attachment_preview_4687":true,"attachment_preview_7408":true,"attachment_preview_7505":true,"attachment_preview_8142":false,"attachment_preview_8109":false,"attachment_preview_8100":false,"attachment_preview_8485":true,"attachment_preview_8821":true,"attachment_preview_8892":false,"attachment_preview_7870":false}', 1645687741, 1714716145),
(32544, 177, 5, '{"filter":false,"profile":false,"recent_mod":false,"attachment_preview_8559":true,"bugnotes":false,"unassigned":false,"reported":false}', 1676276066, 1712659668),
(29318, 171, 5, '{"filter":false,"sidebar":true,"timeline":false,"assigned":false,"unassigned":true,"bugnotes":false,"bugnote_add":false,"monitoring":false,"attachment_preview_5864":true,"resolved":false,"recent_mod":true,"monitored":true}', 1661753094, 1709635031),
(26307, 101, 5, '{"filter":false,"attachment_preview_4237":false,"attachment_preview_4248":false,"sidebar":false,"attachment_preview_4578":false,"attachment_preview_4579":false,"attachment_preview_4241":false,"assigned":false,"attachment_preview_5251":false,"attachment_preview_5253":false,"attachment_preview_5300":false,"attachment_preview_5274":false,"unassigned":true,"resolved":false,"recent_mod":true,"monitored":true,"profile":false}', 1648038989, 1714279106),
(25035, 109, 5, '{"filter":false,"bugnotes":false,"assigned":false}', 1640930284, 1691502956),
(33084, 181, 5, '{"filter":false,"sidebar":false,"profile":true,"reported":true,"resolved":true,"recent_mod":true,"monitored":true,"assigned":true,"unassigned":true,"timeline":true,"history":true,"bugnote_add":false,"relationships":true,"bugnotes":false,"attachment_preview_9235":false}', 1678703688, 1717235223),
(32975, 180, 5, '{"filter":false,"sidebar":true,"assigned":false,"unassigned":false,"reported":false}', 1678342515, 1714025551),
(26094, 155, 5, '{"filter":false,"resolved":false,"assigned":false,"sidebar":false,"timeline":false,"monitoring":false,"bugnotes":false,"attachment_preview_8745":false}', 1646834966, 1717477098),
(34619, 214, 5, '{"filter":false,"sidebar":false,"assigned":false}', 1683632815, 1717506790),
(27406, 160, 5, '{"filter":false,"assigned":false,"unassigned":false,"recent_mod":true,"resolved":false,"timeline":false}', 1653657864, 1702731666),
(23044, 148, 5, '{"filter":false,"profile":false,"history":false,"bugnotes":false,"sidebar":true,"relationships":false,"attachment_preview_7461":true,"attachment_preview_6548":true,"attachment_preview_7901":true,"timeline":false}', 1628738441, 1712836679),
(28939, 98, 5, '{"filter":false,"bugnotes":false,"sidebar":false}', 1659965853, 1713534822),
(29561, 173, 5, '{"filter":false,"timeline":false,"monitored":false,"recent_mod":true,"resolved":true,"unassigned":false,"assigned":false,"bugnotes":false,"history":false,"bugnote_add":false,"monitoring":false,"sidebar":false,"attachment_preview_7681":true,"attachment_preview_7682":true,"attachment_preview_7551":false,"attachment_preview_7540":false,"attachment_preview_7539":false,"attachment_preview_7717":true,"attachment_preview_7772":true,"attachment_preview_7750":true,"attachment_preview_7658":false,"attachment_preview_7659":false,"attachment_preview_7660":false,"attachment_preview_7661":false,"attachment_preview_7662":false,"attachment_preview_7663":false,"attachment_preview_9050":false,"attachment_preview_9051":false,"attachment_preview_8854":true,"attachment_preview_8855":true,"attachment_preview_8856":true}', 1662635908, 1716899694),
(27625, 163, 5, '{"filter":false,"sidebar":false,"assigned":true,"recent_mod":true,"resolved":true,"timeline":false,"unassigned":true,"monitored":true,"bugnotes":false,"attachment_preview_7887":true,"attachment_preview_7886":true}', 1654515996, 1713358906),
(24705, 152, 5, '{"filter":false,"timeline":false,"monitored":false,"recent_mod":false,"sidebar":false,"attachment_preview_8189":false}', 1639393747, 1715685038),
(27626, 157, 5, '{"filter":false,"sidebar":true}', 1654516199, 1710308628),
(31610, 145, 5, '{"filter":false,"sidebar":true}', 1671522206, 1703058206),
(34634, 193, 5, '{"filter":false,"sidebar":false}', 1683696252, 1715232252),
(32197, 62, 5, '{"filter":false,"resolved":true,"recent_mod":false,"assigned":false,"timeline":false}', 1674658718, 1709621369),
(28958, 169, 5, '{"filter":true,"sidebar":false,"resolved":false,"timeline":false,"assigned":false,"monitored":false,"recent_mod":false,"history":false}', 1660023096, 1715314482),
(27798, 164, 5, '{"filter":false,"resolved":true,"unassigned":true,"recent_mod":false,"sidebar":true,"timeline":false}', 1655297167, 1712224945),
(27844, 165, 5, '{"filter":false,"sidebar":false,"unassigned":false,"bugnotes":false}', 1655443352, 1687238411),
(35188, 181, 3, '25446', 1686027070, 1686117085),
(29277, 172, 5, '{"filter":false,"sidebar":false,"recent_mod":true,"resolved":false,"unassigned":true,"history":false,"assigned":false,"monitored":false,"timeline":false}', 1661511407, 1715765292),
(33776, 188, 5, '{"filter":false,"profile":false}', 1680766693, 1714038981),
(33117, 179, 5, '{"filter":false,"recent_mod":false,"monitored":true,"resolved":true,"reported":true,"unassigned":true,"timeline":true,"assigned":false,"sidebar":false}', 1678786488, 1717500711),
(35168, 214, 3, '25445,25446,25448,25449,25447', 1685944242, 1686057698),
(32579, 176, 5, '{"filter":false,"bugnote_add":false,"history":false,"sidebar":false,"profile":false,"reported":true,"resolved":true,"recent_mod":true,"attachment_preview_9021":true}', 1676453978, 1716557481),
(33177, 185, 5, '{"filter":false,"sidebar":false}', 1678882757, 1710418757),
(34265, 215, 5, '{"filter":false,"timeline":true,"sidebar":true,"resolved":true,"recent_mod":false}', 1682340981, 1717506802),
(33989, 208, 5, '{"filter":false,"resolved":true,"unassigned":true}', 1681537643, 1714281006),
(35144, 154, 3, '25478,25476,25475,25472,25468', 1685939419, 1686124592),
(33698, 195, 5, '{"filter":false,"recent_mod":false,"unassigned":false}', 1680506384, 1712051431),
(35181, 164, 3, '25469,25441', 1686025098, 1686116554),
(35172, 148, 3, '21083', 1685959898, 1686046388),
(35143, 153, 3, '25179,24331,21077,20864,25471', 1685939371, 1686123808),
(35171, 162, 3, '25376,25386', 1685957384, 1686043796),
(35170, 83, 3, '25396,25461,25426,25425', 1685956421, 1686057046),
(33191, 184, 5, '{"filter":false,"assigned":false,"sidebar":false,"profile":false}', 1678940845, 1710503809),
(35177, 176, 3, '24658,25434,25352', 1686023518, 1686124703),
(35141, 151, 3, '25477,25470,25469,25404,23736', 1685939348, 1686122411),
(33489, 197, 5, '{"filter":false,"sidebar":false}', 1679654972, 1711190972),
(33321, 182, 5, '{"filter":false,"profile":false}', 1679290498, 1710826498),
(33260, 191, 5, '{"filter":false,"assigned":true,"unassigned":true}', 1679058673, 1710594673),
(35039, 193, 7, 'fNeFaE9OSCqCbDi7cL9B7yUEVt2W8MYGFZmzew3aiBrKIv1vrnO0-I6QVpl8edJ3G_Js8u6bo2_laYJFwKqJ', 1685442380, 1686047180),
(34267, 216, 5, '{"filter":false,"assigned":false}', 1682342991, 1713878991),
(33685, 189, 5, '{"filter":false,"bugnotes":false,"resolved":false,"sidebar":false,"history":false}', 1680497552, 1716023188),
(35138, 175, 3, '25074,25023,25276,25144,25281', 1685938982, 1686124559),
(35145, 210, 3, '25460,25425', 1685939592, 1686119132),
(35165, 98, 3, '25477,23147,23112,20249,23946', 1685943290, 1686123657),
(35163, 115, 3, '25478,25476,25475,25472,25471', 1685942773, 1686124570),
(35189, 209, 3, '25466,25342', 1686029253, 1686115811),
(34732, 209, 5, '{"filter":false,"sidebar":false}', 1684129261, 1716557300),
(35153, 155, 3, '25363,25455,25342,24926,25178', 1685940186, 1686120946),
(35158, 49, 3, '25282,10346,24936,9524,13348', 1685941158, 1686113597),
(35157, 156, 3, '25478,25458,25459,25462,25464', 1685940926, 1686124589),
(35128, 159, 3, '25476,25475,25472,24272,25031', 1685936704, 1686124195),
(35162, 109, 3, '23147,25450,22509,22506', 1685942462, 1686124685),
(35147, 157, 3, '23982,21083,25303,24461,23151', 1685939663, 1686113393),
(35160, 215, 3, '25444,25448,25449,25442,25447', 1685941553, 1686122936),
(35149, 172, 3, '24994,25352,25469,25470,24854', 1685939846, 1686117900),
(35150, 180, 3, '25466,25460,25379,25425', 1685939929, 1686115736),
(35136, 70, 3, '25476,25475,25211,25179,23274', 1685938744, 1686124296),
(35142, 160, 3, '25477,25470,25375,25312,23736', 1685939362, 1686124075),
(35146, 173, 3, '25464,25423,24017,25403,25431', 1685939650, 1686120854),
(35137, 116, 3, '24528,25475,25471,25476,25423', 1685938855, 1686123603),
(35134, 168, 3, '25478,25268,25472,24528,25459', 1685938240, 1686124828),
(35132, 177, 3, '25457,25429,25451,25436', 1685937694, 1686112291),
(35131, 141, 3, '25463,25405,25452,24861,24784', 1685937596, 1686123023),
(35127, 152, 3, '21083,23217,25457,25451,25429', 1685936581, 1686054696);

-- --------------------------------------------------------

--
-- Table structure for table `mantis_user_pref_table`
--

CREATE TABLE IF NOT EXISTS `mantis_user_pref_table` (
  `id` int(10) unsigned NOT NULL,
  `user_id` int(10) unsigned NOT NULL DEFAULT '0',
  `project_id` int(10) unsigned NOT NULL DEFAULT '0',
  `default_profile` int(10) unsigned NOT NULL DEFAULT '0',
  `default_project` int(10) unsigned NOT NULL DEFAULT '0',
  `refresh_delay` int(11) NOT NULL DEFAULT '0',
  `redirect_delay` int(11) NOT NULL DEFAULT '0',
  `bugnote_order` varchar(4) NOT NULL DEFAULT 'ASC',
  `email_on_new` tinyint(4) NOT NULL DEFAULT '0',
  `email_on_assigned` tinyint(4) NOT NULL DEFAULT '0',
  `email_on_feedback` tinyint(4) NOT NULL DEFAULT '0',
  `email_on_resolved` tinyint(4) NOT NULL DEFAULT '0',
  `email_on_closed` tinyint(4) NOT NULL DEFAULT '0',
  `email_on_reopened` tinyint(4) NOT NULL DEFAULT '0',
  `email_on_bugnote` tinyint(4) NOT NULL DEFAULT '0',
  `email_on_status` tinyint(4) NOT NULL DEFAULT '0',
  `email_on_priority` tinyint(4) NOT NULL DEFAULT '0',
  `email_on_priority_min_severity` smallint(6) NOT NULL DEFAULT '10',
  `email_on_status_min_severity` smallint(6) NOT NULL DEFAULT '10',
  `email_on_bugnote_min_severity` smallint(6) NOT NULL DEFAULT '10',
  `email_on_reopened_min_severity` smallint(6) NOT NULL DEFAULT '10',
  `email_on_closed_min_severity` smallint(6) NOT NULL DEFAULT '10',
  `email_on_resolved_min_severity` smallint(6) NOT NULL DEFAULT '10',
  `email_on_feedback_min_severity` smallint(6) NOT NULL DEFAULT '10',
  `email_on_assigned_min_severity` smallint(6) NOT NULL DEFAULT '10',
  `email_on_new_min_severity` smallint(6) NOT NULL DEFAULT '10',
  `email_bugnote_limit` smallint(6) NOT NULL DEFAULT '0',
  `language` varchar(32) NOT NULL DEFAULT 'english',
  `timezone` varchar(32) NOT NULL DEFAULT ''
) ENGINE=MyISAM AUTO_INCREMENT=129 DEFAULT CHARSET=utf8;

--
-- Dumping data for table `mantis_user_pref_table`
--

INSERT INTO `mantis_user_pref_table` (`id`, `user_id`, `project_id`, `default_profile`, `default_project`, `refresh_delay`, `redirect_delay`, `bugnote_order`, `email_on_new`, `email_on_assigned`, `email_on_feedback`, `email_on_resolved`, `email_on_closed`, `email_on_reopened`, `email_on_bugnote`, `email_on_status`, `email_on_priority`, `email_on_priority_min_severity`, `email_on_status_min_severity`, `email_on_bugnote_min_severity`, `email_on_reopened_min_severity`, `email_on_closed_min_severity`, `email_on_resolved_min_severity`, `email_on_feedback_min_severity`, `email_on_assigned_min_severity`, `email_on_new_min_severity`, `email_bugnote_limit`, `language`, `timezone`) VALUES
(21, 52, 0, 0, 5, 30, 2, 'ASC', 0, 0, 0, 0, 0, 0, 0, 0, 0, 0, 0, 0, 0, 0, 0, 0, 0, 0, 0, 'english', 'Asia/Kolkata'),
(79, 116, 0, 0, 5, 30, 2, 'ASC', 1, 1, 1, 1, 1, 1, 1, 0, 0, 0, 0, 0, 0, 0, 0, 0, 0, 0, 0, 'auto', 'Asia/Kolkata'),
(12, 1, 0, 0, 5, 30, 2, 'ASC', 1, 0, 0, 0, 0, 0, 0, 0, 0, 0, 0, 0, 0, 0, 0, 0, 0, 0, 0, 'english', 'Asia/Kolkata'),
(19, 49, 0, 0, 5, 30, 2, 'ASC', 0, 0, 0, 0, 0, 0, 0, 0, 0, 0, 0, 0, 0, 0, 0, 0, 0, 0, 0, 'english', 'Asia/Kolkata'),
(20, 50, 0, 0, 0, 30, 2, 'ASC', 0, 0, 0, 0, 0, 0, 0, 0, 0, 0, 0, 0, 0, 0, 0, 0, 0, 0, 0, 'english', '1'),
(107, 169, 0, 0, 17, 30, 2, 'ASC', 1, 1, 1, 1, 1, 1, 1, 0, 0, 0, 0, 0, 0, 0, 0, 0, 0, 0, 0, 'auto', 'Asia/Kolkata'),
(30, 61, 0, 0, 5, 30, 2, 'ASC', 1, 1, 1, 1, 1, 1, 1, 1, 1, 0, 0, 0, 0, 0, 0, 0, 0, 0, 0, 'english', '1'),
(24, 55, 0, 0, 5, 30, 2, 'ASC', 0, 0, 0, 0, 0, 0, 0, 0, 0, 0, 0, 0, 0, 0, 0, 0, 0, 0, 0, 'english', '1'),
(110, 174, 0, 0, 11, 30, 2, 'ASC', 1, 1, 1, 1, 1, 1, 1, 0, 0, 0, 0, 0, 0, 0, 0, 0, 0, 0, 0, 'auto', 'Asia/Kolkata'),
(39, 70, 0, 0, 0, 30, 2, 'ASC', 1, 1, 1, 1, 1, 1, 1, 0, 0, 0, 0, 0, 0, 0, 0, 0, 0, 0, 0, 'english', '1'),
(109, 172, 0, 0, 11, 30, 2, 'ASC', 1, 1, 1, 1, 1, 1, 1, 0, 0, 0, 0, 0, 0, 0, 0, 0, 0, 0, 0, 'auto', 'Asia/Kolkata'),
(31, 62, 0, 0, 7, 30, 2, 'ASC', 0, 0, 0, 0, 0, 0, 0, 0, 0, 0, 0, 0, 0, 0, 0, 0, 0, 0, 0, 'english', 'Asia/Kolkata'),
(32, 63, 0, 0, 8, 30, 2, 'ASC', 1, 1, 1, 1, 1, 1, 1, 1, 1, 0, 0, 0, 0, 0, 0, 0, 0, 0, 0, 'english', 'Africa/Abidjan'),
(35, 67, 0, 0, 6, 30, 2, 'ASC', 0, 0, 0, 0, 0, 0, 0, 0, 0, 0, 0, 0, 0, 0, 0, 0, 0, 0, 0, 'english', '1'),
(37, 69, 0, 0, 7, 30, 2, 'ASC', 1, 1, 1, 1, 1, 1, 1, 0, 0, 0, 0, 0, 0, 0, 0, 0, 0, 0, 0, 'english', '1'),
(40, 71, 0, 0, 5, 30, 2, 'ASC', 0, 0, 0, 0, 0, 0, 0, 0, 0, 0, 0, 0, 0, 0, 0, 0, 0, 0, 0, 'english', 'Africa/Abidjan'),
(106, 164, 0, 0, 11, 30, 2, 'ASC', 1, 1, 1, 1, 1, 1, 1, 0, 0, 0, 0, 0, 0, 0, 0, 0, 0, 0, 0, 'auto', 'Asia/Kolkata'),
(104, 152, 0, 0, 8, 30, 2, 'ASC', 1, 1, 1, 1, 1, 1, 1, 0, 0, 0, 0, 0, 0, 0, 0, 0, 0, 0, 0, 'auto', 'Asia/Kolkata'),
(105, 158, 0, 0, 5, 30, 2, 'ASC', 1, 1, 1, 1, 1, 1, 1, 0, 0, 0, 0, 0, 0, 0, 0, 0, 0, 0, 0, 'auto', 'Asia/Kolkata'),
(49, 80, 0, 0, 8, 30, 2, 'ASC', 1, 1, 1, 1, 1, 1, 1, 1, 1, 0, 0, 0, 0, 0, 0, 0, 0, 0, 0, 'auto', 'Africa/Abidjan'),
(52, 86, 0, 0, 5, 30, 2, 'ASC', 1, 1, 1, 1, 1, 1, 1, 1, 1, 0, 0, 0, 0, 0, 0, 0, 0, 0, 0, 'auto', 'Africa/Abidjan'),
(53, 85, 0, 0, 5, 10, 2, 'ASC', 1, 1, 1, 1, 1, 1, 1, 1, 1, 0, 0, 0, 0, 0, 0, 0, 0, 0, 0, 'auto', 'Asia/Kolkata'),
(54, 84, 0, 0, 5, 30, 2, 'ASC', 1, 1, 1, 1, 1, 1, 1, 1, 1, 0, 0, 0, 0, 0, 0, 0, 0, 0, 0, 'auto', 'Asia/Kolkata'),
(55, 83, 0, 0, 7, 30, 2, 'ASC', 1, 1, 1, 1, 1, 1, 1, 1, 1, 0, 0, 0, 0, 0, 0, 0, 0, 0, 0, 'auto', 'Africa/Abidjan'),
(100, 146, 0, 0, 16, 30, 2, 'ASC', 1, 1, 1, 1, 1, 1, 1, 0, 0, 0, 0, 0, 0, 0, 0, 0, 0, 0, 0, 'auto', 'Asia/Kolkata'),
(102, 147, 0, 0, 16, 30, 2, 'ASC', 1, 1, 1, 1, 1, 1, 1, 0, 0, 0, 0, 0, 0, 0, 0, 0, 0, 0, 0, 'auto', 'Asia/Kolkata'),
(59, 98, 0, 0, 6, 30, 2, 'ASC', 1, 1, 1, 1, 1, 1, 1, 0, 0, 0, 0, 0, 0, 0, 0, 0, 0, 0, 0, 'auto', 'Asia/Kolkata'),
(60, 99, 0, 0, 5, 30, 2, 'ASC', 1, 1, 1, 1, 1, 1, 1, 0, 0, 0, 0, 0, 0, 0, 0, 0, 0, 0, 0, 'auto', 'Asia/Kolkata'),
(108, 159, 0, 0, 14, 30, 2, 'ASC', 1, 1, 1, 1, 1, 1, 1, 0, 0, 0, 0, 0, 0, 0, 0, 0, 0, 0, 0, 'auto', 'Asia/Kolkata'),
(62, 101, 0, 0, 7, 30, 2, 'ASC', 1, 1, 1, 1, 1, 1, 1, 0, 0, 0, 0, 0, 0, 0, 0, 0, 0, 0, 0, 'auto', 'Africa/Abidjan'),
(63, 102, 0, 0, 8, 30, 2, 'ASC', 1, 1, 1, 1, 1, 1, 1, 0, 0, 0, 0, 0, 0, 0, 0, 0, 0, 0, 0, 'auto', 'Africa/Abidjan'),
(78, 115, 0, 0, 8, 30, 2, 'ASC', 1, 1, 1, 1, 1, 1, 1, 0, 0, 0, 0, 0, 0, 0, 0, 0, 0, 0, 0, 'auto', 'Asia/Kolkata'),
(112, 177, 0, 0, 8, 30, 2, 'ASC', 1, 1, 1, 1, 1, 1, 1, 0, 0, 0, 0, 0, 0, 0, 0, 0, 0, 0, 0, 'auto', 'Asia/Kolkata'),
(111, 168, 0, 0, 0, 10, 2, 'ASC', 1, 1, 1, 1, 1, 1, 1, 0, 0, 0, 0, 0, 0, 0, 0, 0, 0, 0, 0, 'auto', 'Asia/Kolkata'),
(101, 148, 0, 0, 16, 30, 2, 'ASC', 1, 1, 1, 1, 1, 1, 1, 0, 0, 0, 0, 0, 0, 0, 0, 0, 0, 0, 0, 'auto', 'Asia/Kolkata'),
(67, 106, 0, 0, 5, 30, 2, 'ASC', 1, 1, 1, 1, 1, 1, 1, 0, 0, 0, 0, 0, 0, 0, 0, 0, 0, 0, 0, 'english', 'Asia/Kolkata'),
(70, 91, 0, 0, 0, 30, 2, 'ASC', 1, 1, 1, 1, 1, 1, 1, 0, 0, 0, 0, 0, 0, 0, 0, 0, 0, 0, 0, 'auto', 'asia/kolkata'),
(71, 108, 0, 0, 6, 30, 2, 'ASC', 1, 1, 1, 1, 1, 1, 1, 0, 0, 0, 0, 0, 0, 0, 0, 0, 0, 0, 0, 'auto', 'Africa/Abidjan'),
(72, 109, 0, 0, 6, 30, 2, 'ASC', 0, 0, 0, 0, 0, 0, 0, 0, 0, 0, 0, 0, 0, 0, 0, 0, 0, 0, 0, 'auto', 'Africa/Abidjan'),
(73, 111, 0, 0, 5, 30, 2, 'ASC', 1, 1, 1, 1, 1, 1, 1, 0, 0, 0, 0, 0, 0, 0, 0, 0, 0, 0, 0, 'auto', 'asia/kolkata'),
(74, 110, 0, 0, 5, 30, 2, 'ASC', 1, 1, 1, 1, 1, 1, 1, 0, 0, 0, 0, 0, 0, 0, 0, 0, 0, 0, 0, 'auto', 'asia/kolkata'),
(75, 112, 0, 0, 5, 30, 2, 'ASC', 1, 1, 1, 1, 1, 1, 1, 0, 0, 0, 0, 0, 0, 0, 0, 0, 0, 0, 0, 'auto', 'Asia/Kolkata'),
(76, 113, 0, 0, 5, 30, 2, 'ASC', 1, 1, 1, 1, 1, 1, 1, 0, 0, 0, 0, 0, 0, 0, 0, 0, 0, 0, 0, 'auto', 'Asia/Kolkata'),
(80, 117, 0, 0, 6, 30, 2, 'ASC', 1, 1, 1, 1, 1, 1, 1, 0, 0, 0, 0, 0, 0, 0, 0, 0, 0, 0, 0, 'auto', 'Asia/Kolkata'),
(81, 119, 0, 0, 5, 30, 2, 'ASC', 1, 1, 1, 1, 1, 1, 1, 0, 0, 0, 0, 0, 0, 0, 0, 0, 0, 0, 0, 'auto', 'Asia/Kolkata'),
(82, 118, 0, 0, 5, 30, 2, 'ASC', 1, 1, 1, 1, 1, 1, 1, 0, 0, 0, 0, 0, 0, 0, 0, 0, 0, 0, 0, 'auto', 'Asia/Kolkata'),
(83, 120, 0, 0, 5, 30, 2, 'ASC', 1, 1, 1, 1, 1, 1, 1, 0, 0, 0, 0, 0, 0, 0, 0, 0, 0, 0, 0, 'auto', 'Asia/Kolkata'),
(84, 121, 0, 0, 5, 30, 2, 'ASC', 1, 1, 1, 1, 1, 1, 1, 0, 0, 0, 0, 0, 0, 0, 0, 0, 0, 0, 0, 'auto', 'Asia/Kolkata'),
(85, 122, 0, 0, 8, 30, 2, 'ASC', 1, 1, 1, 1, 1, 1, 1, 0, 0, 0, 0, 0, 0, 0, 0, 0, 0, 0, 0, 'auto', 'Asia/Kolkata'),
(86, 124, 0, 0, 7, 30, 2, 'ASC', 0, 0, 0, 0, 0, 0, 0, 0, 0, 0, 0, 0, 0, 0, 0, 0, 0, 0, 0, 'auto', 'Asia/Kolkata'),
(87, 125, 0, 0, 11, 30, 2, 'ASC', 1, 1, 1, 1, 1, 1, 1, 0, 0, 0, 0, 0, 0, 0, 0, 0, 0, 0, 0, 'auto', 'Asia/Kolkata'),
(88, 126, 0, 0, 11, 30, 2, 'ASC', 1, 1, 1, 1, 1, 1, 1, 0, 0, 0, 0, 0, 0, 0, 0, 0, 0, 0, 0, 'auto', 'Asia/Kolkata'),
(89, 127, 0, 0, 5, 30, 2, 'ASC', 1, 1, 1, 1, 1, 1, 1, 0, 0, 0, 0, 0, 0, 0, 0, 0, 0, 0, 0, 'auto', 'Asia/Kolkata'),
(90, 134, 0, 0, 11, 30, 2, 'ASC', 1, 1, 1, 1, 1, 1, 1, 0, 0, 0, 0, 0, 0, 0, 0, 0, 0, 0, 0, 'auto', 'Asia/Kolkata'),
(91, 136, 0, 0, 8, 30, 2, 'ASC', 1, 1, 1, 1, 1, 1, 1, 0, 0, 0, 0, 0, 0, 0, 0, 0, 0, 0, 0, 'auto', 'Asia/Kolkata'),
(92, 135, 0, 0, 8, 30, 2, 'ASC', 1, 1, 1, 1, 1, 1, 1, 0, 0, 0, 0, 0, 0, 0, 0, 0, 0, 0, 0, 'auto', 'Asia/Kolkata'),
(103, 149, 0, 0, 5, 30, 2, 'ASC', 1, 1, 1, 1, 1, 1, 1, 0, 0, 0, 0, 0, 0, 0, 0, 0, 0, 0, 0, 'auto', 'Asia/Kolkata'),
(94, 138, 0, 0, 11, 30, 2, 'ASC', 1, 1, 1, 1, 1, 1, 1, 0, 0, 0, 0, 0, 0, 0, 0, 0, 0, 0, 0, 'auto', 'Asia/Kolkata'),
(95, 139, 0, 0, 5, 30, 2, 'ASC', 1, 1, 1, 1, 1, 1, 1, 0, 0, 0, 0, 0, 0, 0, 0, 0, 0, 0, 0, 'auto', 'Asia/Kolkata'),
(96, 141, 0, 0, 5, 30, 2, 'ASC', 1, 1, 1, 1, 1, 1, 1, 0, 0, 0, 0, 0, 0, 0, 0, 0, 0, 0, 0, 'auto', 'Asia/Kolkata'),
(97, 140, 0, 0, 5, 30, 2, 'ASC', 1, 1, 1, 1, 1, 1, 1, 0, 0, 0, 0, 0, 0, 0, 0, 0, 0, 0, 0, 'auto', 'Asia/Kolkata'),
(98, 142, 0, 0, 5, 30, 2, 'ASC', 1, 1, 1, 1, 1, 1, 1, 0, 0, 0, 0, 0, 0, 0, 0, 0, 0, 0, 0, 'auto', 'Asia/Kolkata'),
(99, 145, 0, 0, 10, 30, 2, 'ASC', 1, 1, 1, 1, 1, 1, 1, 0, 0, 0, 0, 0, 0, 0, 0, 0, 0, 0, 0, 'auto', 'Asia/Kolkata'),
(113, 178, 0, 0, 5, 30, 2, 'ASC', 1, 1, 1, 1, 1, 1, 1, 0, 0, 0, 0, 0, 0, 0, 0, 0, 0, 0, 0, 'auto', 'Asia/Kolkata'),
(114, 183, 0, 0, 40, 30, 2, 'ASC', 1, 1, 1, 1, 1, 1, 1, 0, 0, 0, 0, 0, 0, 0, 0, 0, 0, 0, 0, 'auto', 'Asia/Kolkata'),
(115, 191, 0, 0, 49, 30, 2, 'ASC', 1, 1, 1, 1, 1, 1, 1, 0, 0, 0, 0, 0, 0, 0, 0, 0, 0, 0, 0, 'auto', 'Asia/Kolkata'),
(116, 186, 0, 0, 47, 30, 2, 'ASC', 1, 1, 1, 1, 1, 1, 1, 0, 0, 0, 0, 0, 0, 0, 0, 0, 0, 0, 0, 'auto', 'Asia/Kolkata'),
(117, 192, 0, 0, 40, 30, 2, 'ASC', 1, 1, 1, 1, 1, 1, 1, 0, 0, 0, 0, 0, 0, 0, 0, 0, 0, 0, 0, 'auto', 'Asia/Kolkata'),
(118, 194, 0, 0, 32, 30, 2, 'ASC', 1, 1, 1, 1, 1, 1, 1, 0, 0, 0, 0, 0, 0, 0, 0, 0, 0, 0, 0, 'auto', 'Asia/Kolkata'),
(119, 195, 0, 0, 23, 30, 2, 'ASC', 1, 1, 1, 1, 1, 1, 1, 0, 0, 0, 0, 0, 0, 0, 0, 0, 0, 0, 0, 'auto', 'Asia/Kolkata'),
(120, 206, 0, 0, 32, 30, 2, 'ASC', 1, 1, 1, 1, 1, 1, 1, 0, 0, 0, 0, 0, 0, 0, 0, 0, 0, 0, 0, 'auto', 'Asia/Kolkata'),
(121, 215, 0, 0, 21, 30, 2, 'ASC', 1, 1, 1, 1, 1, 1, 1, 0, 0, 0, 0, 0, 0, 0, 0, 0, 0, 0, 0, 'auto', 'Asia/Kolkata'),
(122, 214, 0, 0, 21, 30, 2, 'ASC', 1, 1, 1, 1, 1, 1, 1, 0, 0, 0, 0, 0, 0, 0, 0, 0, 0, 0, 0, 'auto', 'Asia/Kolkata'),
(123, 216, 0, 0, 21, 30, 2, 'ASC', 1, 1, 1, 1, 1, 1, 1, 0, 0, 0, 0, 0, 0, 0, 0, 0, 0, 0, 0, 'auto', 'Asia/Kolkata'),
(124, 213, 0, 0, 55, 30, 2, 'ASC', 1, 1, 1, 1, 1, 1, 1, 0, 0, 0, 0, 0, 0, 0, 0, 0, 0, 0, 0, 'auto', 'Asia/Kolkata'),
(125, 217, 0, 0, 42, 30, 2, 'ASC', 1, 1, 1, 1, 1, 1, 1, 0, 0, 0, 0, 0, 0, 0, 0, 0, 0, 0, 0, 'auto', 'Asia/Kolkata'),
(126, 212, 0, 0, 40, 30, 2, 'ASC', 1, 1, 1, 1, 1, 1, 1, 0, 0, 0, 0, 0, 0, 0, 0, 0, 0, 0, 0, 'auto', 'Asia/Kolkata'),
(127, 193, 0, 0, 46, 30, 2, 'ASC', 1, 1, 1, 1, 1, 1, 1, 0, 0, 0, 0, 0, 0, 0, 0, 0, 0, 0, 0, 'auto', 'Asia/Kolkata'),
(128, 208, 0, 0, 40, 30, 2, 'ASC', 1, 1, 1, 1, 1, 1, 1, 0, 0, 0, 0, 0, 0, 0, 0, 0, 0, 0, 0, 'auto', 'Asia/Kolkata');

-- --------------------------------------------------------

--
-- Table structure for table `mantis_user_print_pref_table`
--

CREATE TABLE IF NOT EXISTS `mantis_user_print_pref_table` (
  `user_id` int(10) unsigned NOT NULL DEFAULT '0',
  `print_pref` varchar(64) NOT NULL
) ENGINE=MyISAM DEFAULT CHARSET=utf8;

-- --------------------------------------------------------

--
-- Table structure for table `mantis_user_profile_table`
--

CREATE TABLE IF NOT EXISTS `mantis_user_profile_table` (
  `id` int(10) unsigned NOT NULL,
  `user_id` int(10) unsigned NOT NULL DEFAULT '0',
  `platform` varchar(32) NOT NULL DEFAULT '',
  `os` varchar(32) NOT NULL DEFAULT '',
  `os_build` varchar(32) NOT NULL DEFAULT '',
  `description` longtext NOT NULL
) ENGINE=MyISAM AUTO_INCREMENT=4 DEFAULT CHARSET=utf8;

--
-- Dumping data for table `mantis_user_profile_table`
--

INSERT INTO `mantis_user_profile_table` (`id`, `user_id`, `platform`, `os`, `os_build`, `description`) VALUES
(2, 49, 'Mobile', 'iOS', '9.3.4', 'MF352HN/A'),
(3, 49, 'Moto', 'Andriod', '7.0', '');

-- --------------------------------------------------------

--
-- Table structure for table `mantis_user_table`
--

CREATE TABLE IF NOT EXISTS `mantis_user_table` (
  `id` int(10) unsigned NOT NULL,
  `username` varchar(191) NOT NULL DEFAULT '',
  `realname` varchar(191) NOT NULL DEFAULT '',
  `email` varchar(191) NOT NULL DEFAULT '',
  `password` varchar(64) NOT NULL DEFAULT '',
  `enabled` tinyint(4) NOT NULL DEFAULT '1',
  `protected` tinyint(4) NOT NULL DEFAULT '0',
  `access_level` smallint(6) NOT NULL DEFAULT '10',
  `login_count` int(11) NOT NULL DEFAULT '0',
  `lost_password_request_count` smallint(6) NOT NULL DEFAULT '0',
  `failed_login_count` smallint(6) NOT NULL DEFAULT '0',
  `cookie_string` varchar(64) NOT NULL DEFAULT '',
  `last_visit` int(10) unsigned NOT NULL DEFAULT '1',
  `date_created` int(10) unsigned NOT NULL DEFAULT '1'
) ENGINE=MyISAM AUTO_INCREMENT=218 DEFAULT CHARSET=utf8;

--
-- Dumping data for table `mantis_user_table`
--

INSERT INTO `mantis_user_table` (`id`, `username`, `realname`, `email`, `password`, `enabled`, `protected`, `access_level`, `login_count`, `lost_password_request_count`, `failed_login_count`, `cookie_string`, `last_visit`, `date_created`) VALUES
(1, 'administrator', '', 'parthpatel.sapphire@gmail.com', '87d4f53f7d8d0ad1560109cff226cc96', 1, 0, 90, 851, 0, 0, '1Wnd3-B9LpKjC1j9x1wG3HsUxdZsWK6d5312wdQE6I7TakGyil3j7mWK1a0RV_MR', 1679398610, 1456235105),
(52, 'Ramesh', 'Ramesh Gurjar', 'ramesh.gurjar@vidyalayaschoolsoftware.com', '424851a968c4726efc79428345dddc98', 0, 0, 70, 407, 0, 0, 'yi6Zjw4p9K0RIPF-HzIt_KydeM9WvPNa9RGc41-n4OgVS8WDWHQTnZYUqCuuCpfS', 1679062934, 1456498295),
(49, 'Ankit', 'Ankit', 'ankit.morasiya@sapphiresolutions.net', 'da3e65886575c19df1bcc77f7b87df47', 1, 0, 90, 732, 0, 0, 'yicKdQG0-1gT_sZ2hvsgVxlElsygbzUrTvDCL9anlaNjZTYwI5UyxzvZtUF4iiQc', 1686027197, 1456497999),
(50, 'Nirav', 'Nirav', 'nirav.sapphire@gmail.com', '822c48a69c4015800ce3761c34f6f5a0', 1, 0, 25, 15, 0, 0, '02e51aafa589ab9e7f9e79c373f7e6fb0f6ed4dbbd638bb55be4913c2510ab23', 1477457002, 1456498122),
(70, 'Kaushik Joshi', 'Kaushik Joshi', 'kaushik.joshi@vidyalayaschoolsoftware.com', '914e277b303948b5f8c287f48150842d', 1, 0, 70, 458, 0, 0, 'c3SlLLuuOrgc2AfkCn03JCBSVvWx7YUF7IT3colTn8AJ-QSET1-0738TDu230tOi', 1686037896, 1469094872),
(158, 'dhruvi.koladiya', 'dhruvi.koladiya', 'dhruvi.koladiya@vidyalayaschoolsoftware.com', 'c18e4d220241133d1439d1db056aa49d', 0, 0, 55, 4, 0, 0, 'ja9PSx0_tSDyKAiU3FrnmPrpYRx8keamXYAd7bR_DHM6YmH6U5KjdnE4R98YBJaO', 1649165424, 1649139381),
(55, 'Rajendra', 'Rajendra', 'rajendra.patel@sapphiresolutions.net', 'd41e9f8c0be3d4459d151393fbf8aeb6', 1, 0, 70, 43, 0, 0, 'IjrKHEIN6mCv8vczAvlQo1tkDm1avsPnXokybNm0UwBBN-A_J7NYu8AjxoZAcaEU', 1675407098, 1456498679),
(162, 'deval.mehta', 'deval.mehta', 'deval.mehta@sapphiresolutions.net', '42e8d4b558717178fd75ac647ea00869', 1, 0, 55, 52, 0, 0, 'iCnFw9k599DUmTN061Y7EuDUWrTNc2RrUjvrk5uWThmXoUkW7IH7K1-ZsjmRlsEC', 1685957396, 1652855624),
(61, 'Kandarp', 'Kandarp', 'kandarp.sapphire@gmail.com', 'd8b230373ccad1def4178bcb438fe8d0', 0, 0, 55, 43, 0, 0, '58492bd9965fc533a1442ea638401d15247bafa26b60ca1bd3407692edb9c63f', 1463664620, 1456575153),
(161, 'dipti.sharma', 'dipti.sharma', 'dipti.sharma@sapphiresolutions.net', '7b8a8f229633b65965a20be660e0294c', 0, 0, 55, 3, 0, 0, 'Xvmb-RxvjDvPqHOiP1-L7_T8STI08ZdurTe7bj-YG-Hnn8tzxeLRZfAUJGZs6av5', 1658494395, 1652855573),
(62, 'Parth', 'Parth', 'parth.patel@sapphiresolutions.net', 'fb0d34484a159ad530c780884d25fba1', 1, 0, 55, 231, 3, 0, 'UOUiCod5g6y9aeRoFCTL7VPvxRDKQs2jVpPjI4iOyFcPoUaq5OhBFrsZg6OmmckB', 1678449485, 1459165618),
(63, 'kundan.patel', 'kundan.patel', 'kundan.patel@sapphiresolutions.net', 'c172069f81d5c0eb39c6b30f16b460c3', 1, 0, 55, 182, 0, 0, 'hDIHoPGN8L920_6l37EZozQ9cUsShymtkVgephBL8sG82D5RIsFyJbd13kfZGkQM', 1685966986, 1460183753),
(163, 'lipsa.shah', 'lipsa.shah', 'lipsa.shah@sapphiresolutions.net', '0c66362e520cd87c711ae82ddf652319', 1, 0, 55, 23, 0, 0, 'nCHb74QyRHYdUc5Hidv14QH9Av3gS5Nc34nwOqQrbYJdutniZGEpEDuVfmfRymTt', 1686038234, 1654163372),
(67, 'darshan', 'Darshan', 'darshan.thakkar@vidyalayaschoolsoftware.com', '406f84c0877f9574a5295bb8f4d0ee6f', 0, 0, 55, 79, 0, 0, '86d9b56bc6dae6f2c9cd02a3988ade9df7310aae240d740b09d1490e31df71c3', 1527854027, 1464156996),
(69, 'Arpit', 'Arpit', 'arpit.sapphire@gmail.com', '1f15cf9cbbff31a7366ec72ffc1a4d4d', 0, 0, 25, 311, 0, 0, '5b53cb820f109315221f2b6fecc1781d8a692bc714873f8d1588cc8c8cf69e4c', 1498649972, 1468659474),
(71, 'Bhoomika', 'Bhoomika', 'bhoomika.chauhan@vidyalayaschoolsoftware.com', '5a33db002e94d912d45e8f05fe46b8c4', 0, 0, 55, 128, 0, 0, 'f9c3b9b2673cdf61f2e2559596b9fa3b204e4456b890c8e0407a11e6de70c77a', 1497867507, 1470904937),
(166, 'NiravP', 'Nirav', 'marketing@sapphiresolutions.net', 'cd3cf679037ef8311202222141b4e38b', 1, 0, 25, 2, 0, 0, 'AZMOIp1s4YUCtwz77h6JlVyQ-KCHaoz6bogMpOnyPXKLcbBxryfLpdPyYs07ZYi2', 1657865699, 1657865305),
(157, 'jaimin.modi', 'jaimin.modi', 'jaimin.modi@vidyalayaschoolsoftware.com', 'cbae9c91d9dd520373e8661ff1942ddf', 1, 0, 55, 289, 0, 0, 'xAMXJf5B4XssX6ddZi_kP_7qmF93SmNplReI8rOSGPAkEjV-D2PTJ6kreOAso1Du', 1686026999, 1648018450),
(155, 'nimesh.patel', 'nimesh.patel', 'nimesh.patel@occucare.co.in', '83678ad8e5ec967b157071c07ee3f154', 1, 0, 55, 384, 0, 0, '1QUWyHaLIOqHWurimW7Vsp_ejH4DNmgFjZjbf40166TlKgffwXJ6FyavLE3cbMxG', 1686034546, 1646292885),
(80, 'Umang', 'Umang Barot', 'umang.barot@vidyalayaschoolsoftware.com', 'd41e98d1eafa6d6011d3a70f1a5b92f0', 1, 0, 25, 1082, 0, 0, 'jKZfD-ItGZcY0RkTHU_pAp-oDFRt-fbi4TkFwqmmR56XzUE4Su-Y8KRmucZhRK8x', 1686023195, 1497680779),
(164, 'rushi.ranade', 'rushi.ranade', 'rushi.ranade@occucare.co.in', 'e5e26858e3a38ba1b727a97010dffce9', 1, 0, 10, 82, 0, 0, 'Aqnsks14NFQ6G8OEq1QM3AQ_q2MYm7lJFw68YvdvUplDV5DhEjNU7pEuY6fh0zya', 1686030154, 1655208796),
(83, 'anisha.dave', 'anisha.dave', 'anisha.dave@sapphiresolutions.net', '8dafddbe19248bae25c7213a51dcfdf9', 1, 0, 55, 213, 0, 4, 'RmtmAz6WrvHP7GGlrZH0ncsZEqTjHDlsvuGfRNRnHSH0ZYWrTNW_OlPUCmOWJveF', 1686026915, 1504596898),
(84, 'Ishan.nayak', 'Ishan', 'ishan.nayak@vidyalayaschoolsoftware.com', '202cb962ac59075b964b07152d234b70', 0, 0, 25, 701, 0, 0, 'UcOQTRjEoTbENTh4PEcoNONLtmjhuMCaz4fA5XIug01bhLx9SmAIPFP4HGmvj8s9', 1571918325, 1505535678),
(85, 'Tejanshu.Darji', 'Tejanshu Darji', 'Tejanshu.Darji@occucare.co.in', '827ccb0eea8a706c4c34a16891f84e7b', 0, 0, 25, 65, 0, 0, 'hEMkAvXi3lYqespH-hiqZ-vMD6u8eNPwM8Qk9aKMKySEUdt8kR6HrIeurc5r0lpX', 1638623012, 1505535739),
(86, 'Piyush.thakor', 'piyush.thakor', 'piyush.thakor@vidyalayaschoolsoftware.com', '1816ac0b4bf213b0cfaacd48b6127f12', 0, 0, 25, 433, 0, 0, 'e-9ZVdYCQk_r4ZkyoukqFc8TWwfwdTxI6-zpbS1uf181P3En52ERBBvxtGH5rbZe', 1588052831, 1505535809),
(151, 'Nilesh.Warke', 'Nilesh.Warke', 'nilesh.warke@occucare.co.in', '4b8d6d365c55c19f5b31269f1e838a09', 1, 0, 25, 665, 0, 0, '2j8lVTiqY9zrIR7Xbz3KekAonPTsezq9HOJi6W7hMGxhFw9SWPHIIhSIXLlhAG8l', 1686038210, 1638510456),
(152, 'Umang.Patel', 'Umang.Patel', 'umang.patel@vidyalayaschoolsoftware.com', 'f02acc8e3916e60c5677516c990cb50e', 1, 0, 55, 448, 0, 0, 'wHuagTHKJ5D3bnSZMUSJBMw8Z52MDjWg5nnS4EKJ1tbx4eGc3VyyhOHAybWKs2pd', 1685968307, 1638851017),
(101, 'krunal.pujara', 'krunal.pujara', 'krunal.pujara@sapphiresolutions.net', '472f83040bf80435b024f005b65179dc', 1, 0, 55, 106, 0, 0, 'Uobu5KGLzRIoUqRTtRxUcWkjgRHEzYqcZLO_nNCnBqfNxEJ0KonUSGRTdu4tJPxF', 1682743819, 1538722908),
(91, 'Krutarth.Shah', 'Krutarth Shah', 'krutarth.shah@vidyalayaschoolsoftware.com', '70b4269b412a8af42b1f7b0d26eceff2', 0, 0, 70, 3, 0, 0, 'fxK39Hu8cVNeOkzghb-LrVDSziSSAFJwJ6JJLpIKkelBo5c31k6vukl8CgGg7-HZ', 1556966025, 1522218644),
(92, 'Kumaril.Patel', 'Kumaril', 'kumaril.patel@sapphiresolutions.net', '70b4269b412a8af42b1f7b0d26eceff2', 1, 0, 70, 1, 0, 0, 'WSZOtKWgcs5mVzFKyhEoPdO5aYGADo19KmtK5b3uOUzj75J_rQH5Og4XZ4hIMSli', 1522668341, 1522664234),
(149, 'Zeel.Gajera', 'Zeel Gajera', 'zeel.gajera@vidyalayaschoolsoftware.com', 'f02acc8e3916e60c5677516c990cb50e', 1, 0, 25, 28, 0, 0, '9ZgxSv0giJ52yw6IhIrJy8qsfv1kXoPL1HwE748Qk_caVzn0IN4kDxB5zUWFOCEv', 1637653772, 1632466903),
(150, 'tapas.bapodara', 'tapas.bapodara', 'tapas.bapodara@vidyalayaschoolsoftware.com', '56effa366ffb8edc6df0e1dda594856e', 1, 0, 55, 105, 0, 0, 'HIwqcSgANvspZxrkbdrDXyp75ks02bjfn_52aMhZpMkzTKwtJstBJDjaRMR10GC2', 1643639593, 1634635709),
(148, 'jeet.modi', 'jeet.modi', 'jeet.modi@vidyalayaschoolsoftware.com', 'f02acc8e3916e60c5677516c990cb50e', 1, 0, 25, 57, 0, 0, 'Iqcq6O6nbtBtJX8XvwiR5aXvRG_DQDjLyYI2_XXUpHoC0cvmHqZlmE5NzNs_Tc5E', 1685963029, 1628489320),
(146, 'rakesh.patra', 'Rakesh Patra', 'rakesh.patra@vidyalayaschoolsoftware.com', '3bf212284b175babac2a0378a5102819', 1, 0, 25, 115, 0, 0, 'i7UiIdt7iqOFaRdRpEjO0wEr74CB5f3o8jQR_dO8aQc4FBU99reR4_nChHrs0XxK', 1685718965, 1628489102),
(147, 'yagnesh.mevada', 'yagnesh.mevada', 'yagnesh.mevada@occucare.co.in', '4078add1a59ef5cd33c3b9d3f65eb762', 0, 0, 25, 8, 0, 0, 'yS81viXbwJjHnOND0h6F_1pAaAXp7jHYMGruCgAZlze_w_nmax0YxqEl1xEbEiQ1', 1660798114, 1628489214),
(98, 'manthan.shah', 'Manthan', 'manthan.shah@occucare.co.in', '202cb962ac59075b964b07152d234b70', 1, 0, 70, 838, 0, 0, 'XkYOTTgG7-OU8m8-y6EVljzvVTSbowkHy2tqiP682g_-sCNWX1bYxwHBIMLxd1P2', 1686037257, 1526887126),
(99, 'ronak.nayak', 'Ronak Nayak', 'ronak.nayak@vidyalayaschoolsoftware.com', '3e49e62eb8319ac98e50cd97b605f656', 0, 0, 55, 115, 0, 0, 'BRzq9izRrdYFVcqq2t40rPIvw5EXmuSykVybHVB4_ijs8Pk3pK-frzGy3ZJ7Js75', 1575004033, 1526888691),
(102, 'jignesh.bavarava', 'Jignesh Bavarava', 'jignesh.bavarava@sapphiresolutions.net', 'ed2d79f2ddab28130e298bee4a2a59af', 0, 0, 55, 43, 0, 0, 'b28sz70_vkoGrD4_XkC8YeAqFnQjEIu84uXpKQaCRBOb0LpcMeAOxuhis-1USDbs', 1671597218, 1538723305),
(108, 'jeel.rachchh', 'Jeel.Rachchh', 'jeel.rachchh@sapphiresolutions.net', 'f02acc8e3916e60c5677516c990cb50e', 0, 0, 55, 579, 0, 0, 'peuY7nLYiNPvsSr5c-JbYJBTnQrY1t-I-9B7vwJ-Ag0pVefFQR4-WhgNVE7fj3zm', 1658915394, 1557489550),
(115, 'vipul.patel', 'Vipul Patel', 'vipul.patel@occucare.co.in', '202cb962ac59075b964b07152d234b70', 1, 0, 55, 1146, 0, 0, '3rzYzyRJaDMBvMK7Chrcnvk1iuUMZbZpDcvHZseof--d7YeJlULFK4_A1_d56ThE', 1686038265, 1573018349),
(165, 'chhama.shukla', 'chhama.shukla', 'chhama.shukla@occucare.co.in', '90ec9024ef9646b74a408ea652c11939', 0, 0, 10, 8, 0, 0, 'yib56l_eNbMh6lYshWuL3GmNBeH9cG3plKUI715CpSVfod717TN0zqvpbScO9--u', 1658839530, 1655443134),
(105, 'vijay.patel', 'Vijay Patel', 'vijay.patel@occucare.co.in', '1f6419b1cbe79c71410cb320fc094775', 0, 0, 25, 27, 0, 0, 'qeO07ypl5Ug5TxUNLUJWf0g9fdw_yPEh0VIrm_Ofa1fUHRIEgbFtQBTuCBzyCbI0', 1588425594, 1542265743),
(106, 'mohit.patel', 'Mohit Patel', 'mohit.patel@occucare.co.in', '36e23409aada83a29c0e9849b33b70f1', 0, 0, 55, 62, 0, 1, 'pvdSGk07N4f_fUMl5J1f1aR3ol7afCbbyu1HR1DvaKGoajH7TWuJPJ4CSWM7hkkW', 1572937732, 1549257113),
(159, 'rahul.parmar', 'Rahul', 'rahul.parmar@occucare.co.in', '4b0b8d6ebe44f46f6ce071178cbb214b', 1, 0, 55, 39, 0, 0, 'd8QXIYU_KPxqw9Jh6UDr8IL_k1GXLZm8ds8QctZJlJisen3n8RYVlMTEZOZ2LWq7', 1686037795, 1649158666),
(109, 'nidhi.pandey', 'Nidhi Pandey', 'nidhi.pandey@sapphiresolutions.net', '6d588047b675069ab7c33a0ebf404606', 1, 0, 55, 765, 0, 0, '0CokbPq8qnIl-VSFLgSHUI2KsCFm-jwwgRu89SW852_bFHDej3Ruv4wlFRxf715P', 1686038289, 1558611172),
(110, 'devisharan.tripathi', '', 'devisharan.tripathi@occucare.co.in', 'f02acc8e3916e60c5677516c990cb50e', 0, 0, 55, 226, 0, 0, '9-hp7W_-F0FhArSiiRAClGjfSlFnnw89wPNEdJfJoUGowwLJ1HpBmHpFFRDFknrq', 1588933151, 1563622005),
(111, 'dhruv.patel', 'dhruv patel', 'dhruv.patel@occucare.co.in', 'db6d45661c70dbb0db1e817f8fa62dc9', 0, 0, 55, 26, 0, 0, 'Gbi9nTKyY1Lp-0eZDuVzZBwEvRA3A1b58OYnx-Du8HkxEzW2l-RTT81o_Iogxg4H', 1633694638, 1563622201),
(112, 'Jay.Patel', 'Jay Patel', 'jay.patel@occucare.co.in', '6d521cb1fc7d840d576698d00218620b', 0, 0, 55, 71, 0, 0, 'd9qEXubRlaRbBhgNqLqHHivFMBgE6vTD6w1ytOhse-3a5gVZcYYKX1zAzB1LuR59', 1573021575, 1568696106),
(113, 'satish.prajapati', 'Satish Prajapati', 'satish.prajapati@occucare.co.in', 'af10e173921bc5f9b4fc2d761b37bfbe', 0, 0, 55, 123, 0, 0, 'r4CH-iqmKbWQg1izgFA6cSgA0tUbTqlYr3jEia61QBrZuZ8Ep3FI97kckau5B8GC', 1583584432, 1571048264),
(134, 'paras.vora', 'Paras Vora', 'paras.vora@sapphiresolutions.net', 'd76e69ff883d1eab8bc4807aa89e9c29', 1, 0, 55, 12, 0, 0, 'QijYwIZKOeLm6LLTezS8BAgyjHdZEoOV489zd5f9d9CPs_e6WJOAbsPJRqJdo4vl', 1666345560, 1604649154),
(116, 'sarangi.nesadia', 'sarangi.nesadia', 'sarangi.nesadia@occucare.co.in', '43c188b717f925114ae71365828cb812', 1, 0, 55, 567, 0, 0, 'pwSbGxc4mXW7Yt8G4J50uHY5q5wFgoXcOzZ8PqyIzP3_I6yjR-Q2ptCAiHpQ8V25', 1686037203, 1573796835),
(117, 'ashutosh.pandey', 'Ashutosh Pandey', 'ashutosh.pandey@occucare.co.in', '8c1301df68ee53f0e08ca469a156379f', 0, 0, 25, 30, 0, 0, 'NzWwv_YsLyCUECiH5VE0wIUaEkX6iaLGhZ29lBxDe7sB_K9nEBCnlBeWSVyXDnkZ', 1647689952, 1574919874),
(118, 'chandani.patel', 'chandani Patel', 'chandani.patel@occucare.co.in', '55d6d35ec63e218a0bbd1d6ef9c55766', 0, 0, 55, 24, 0, 0, 'yHbefdkCpLAtF53i007_qiwP1ggu2J4PKhWnr_GfFqO8sVsxjsd6S0HnCLAK5hbJ', 1584364383, 1577877196),
(119, 'jash.gandhi', 'Jash Gandhi', 'jash.gandhi@occucare.co.in', '3c45f12d704805c2da26d342e07536d4', 0, 0, 55, 48, 0, 0, 'QHyZ2ybPyCyNjE3iOdPm3arRhsUfevVu85ct5wrV_D0POOGxlXNoftXWHpnpF1_o', 1659770077, 1577877273),
(169, 'hemant.ambaliya', 'hemant.ambaliya', 'hemant.ambaliya@vidyalayaschoolsoftware.com', '202cb962ac59075b964b07152d234b70', 1, 0, 55, 110, 0, 0, 'Ss6jQnFKUKdegcrt05bupQLYoh306A7kKgI7Bp8Gf33-hT-Nk9BTPoeey_jnbXxG', 1684157326, 1660021849),
(120, 'Gaurav.Der', 'Gaurav Der', 'gaurav.der@vidyalayaschoolsoftware.com', 'e27c20e9d40526388a4fb05bfee54816', 0, 0, 55, 6, 0, 0, 'Gc43uh7IACOuglJ24GVQx7te2K_bqxm--QuiXd08i0rFP9WNR0PnS7gURLcVgFnx', 1584712729, 1580127573),
(122, 'bharat.parmar', 'bharat parmar', 'bharat.parmar@vidyalayaschoolsoftware.com', 'e41867d1ae2fd535df619677996fb9d4', 0, 0, 55, 15, 0, 0, 'E58i_SKvGtnzc21Xo1a0Koq4TVZ68XpnsPny76uBbmwPmYhkNJm5YtdRPFJxVuLb', 1584710918, 1582786320),
(121, 'sandeep patel', 'sandeep.patel', 'sandeep.patel@vidyalayaschoolsoftware.com', 'c58c3b2b1bbfef9392667015afd7c979', 0, 0, 55, 6, 0, 0, 'mqqsn9ftah_KnDiqpfY23H4ykfcP8FsSIrASV0MMIrRbhoZTzwzd7TK6Bu6dh5al', 1582862692, 1581396242),
(123, 'neha.ghedia', 'Neha Ghedia', 'neha.ghedia@vidyalayaschoolsoftware.com', '12d311af556604d3d2b91a83d1a4b10c', 0, 0, 55, 464, 0, 0, '3-PbjNVFJ7FiHaPBvUEPfCT4OrTTM_wbc1neDh_VhPGcWk8V5d8lVmRf7u7kfWQh', 1654348009, 1584593226),
(124, 'shyam.jivrajani', 'Shyam Jivrajani', 'shyam.jivrajani@occucare.co.in', '202cb962ac59075b964b07152d234b70', 0, 0, 55, 101, 0, 0, 'ZfncafNtmE5_SuvVmSrU2iojM1GhNRGfw_OC8NvcffPRt3H-Uvzf2_uwy3CTGPT6', 1627042287, 1592978814),
(125, 'Sainath.Landge', 'sainath.landge@vidyalayaschoolsoftware.com', 'sainath.landge@vidyalayaschoolsoftware.com', '5569a99308ed0bab1329df6dee0e96c8', 0, 0, 55, 15, 0, 0, '4J2Ig-OKmL9aZMevzGhm-sWHLmdHOklTn0Z03AFs2nZTvIHA4X4pXO4M6IhlsCQT', 1628738728, 1596176340),
(126, 'Hemant.Tiwari', 'Hemant.Tiwari', 'hemant.tiwari@occucare.co.in', 'b1ecf1b1317b1681ec8ec64edcfaef8e', 0, 0, 55, 39, 0, 0, 'vvSFbjjSU0n81r4i5x7ojfrMxYQXCiq10-e2i3Ji5MdHpx_uRPNdM8BhkgK7WqA9', 1633408686, 1596176572),
(127, 'bhavin.mistry', 'bhavin.mistry', 'bhavin.mistry@vidyalayaschoolsoftware.com', '7013b88d27869a90626f521de49dda5a', 0, 0, 55, 8, 0, 0, 'n2X7VSLB82gjf6ad0HivcmG7KqgFYETCITzVO1CTVquFaHYtMZyai9FjoukQj3Pi', 1607433493, 1601026714),
(160, 'yogesh.banwe', 'yogesh.banwe', 'yogesh.banwe@vidyalayaschoolsoftware.com', '202cb962ac59075b964b07152d234b70', 1, 0, 55, 29, 0, 0, '3nDd-7KF8F_zmWBd-J14gZ1KJax9FThpv0lsNHIGaIv-BwypawDuDSucGBqw9EPh', 1686037688, 1652855495),
(128, 'ayush.panchal', 'Ayush Panchal', 'ayush.panchal@occucare.co.in', 'b4373d7a00ba267179a9fd031e2edfaa', 0, 0, 55, 54, 0, 0, 'Yy78uerhVjaHfWuxt0pKjkmP5kLEOPEKfEnrTCWHgkY4qShtBLBU_nMwS-jrXpZI', 1668431341, 1603186643),
(129, 'anil.vora', 'Anil Vora', 'anil.vora@vidyalayaschoolsoftware.com', '9f33614728922160bb1dde2ed4796d41', 0, 0, 55, 15, 0, 0, 'B7eEnBDkI4_41qh4Adq5Zp1sK5gvDTRx5mU98sF7iRQ3JEgjZ2LG_ColwoIODFsx', 1643084158, 1603186722),
(130, 'krunal.patel', 'Krunal Patel', 'krunal.patel@vidyalayaschoolsoftware.com', 'f34cc231b9916baaa72da47bb25942f1', 0, 0, 55, 25, 0, 0, '0_U6V_J6AwqOFSOdaaIp3JzxmbIn922SLBXRIU2UZnXPv-srsiPaHB18_cGbceXz', 1627271860, 1603186790),
(131, 'dimple.pandey', 'Dimple Pandey', 'dimple.pandey@occucare.co.in', '987688c3d04c9116cd059c3d8318a419', 0, 0, 55, 146, 0, 0, 'Ie27C3hh8Ns7FLY8Ry4FTTFzuVTvrvaoTk0RqZmfEzQq7BErNFvgDEe62LiMknYJ', 1620790456, 1603186854),
(132, 'keyur.nakrani', 'Keyur Nakrani', 'keyur.nakrani@occucare.co.in', 'e19a91ac16816a7c9357ed166a058456', 0, 0, 55, 223, 0, 0, 'BWTH6abSshRnNEKdKrt-cypsHYA70qUT3wsbi28J0D2fx9Fn0gvsVrieH6nZn44R', 1647000135, 1603186923),
(133, 'shlok.raval', 'shlok.raval', 'shlok.raval@vidyalayaschoolsoftware.com', '580e7eede5e8d39eb364196618d44df1', 0, 0, 25, 197, 0, 0, 'bC5voSlQvu22H9LSlnGSwBC0ov4ZeDW2JvcQShFELpFu0iUzgJA_p6w1CjIzZ5qU', 1635419025, 1604471560),
(135, 'zeel.zala', 'Zeel Zala', 'zeel.zala@vidyalayaschoolsoftware.com', '202cb962ac59075b964b07152d234b70', 0, 0, 25, 611, 0, 0, '63fc16yCFZUAswuElmC9YiWeq3blGjlw1XAmbmZUxPxMTj9Z6e4U08E9j0Fc2sQ2', 1676275930, 1608525300),
(136, 'mitesh.aroda', 'Mitesh Aroda', 'mitesh.aroda@vidyalayaschoolsoftware.com', '60c984990b3156f2d86e4acc89a92c53', 1, 0, 25, 64, 0, 0, 'V6tRRN_5e3fhFNw2LnrGzqpgwZ2pizYvorbniWQjmqfD_uv614IpthPz1z0NVhwl', 1653021037, 1608525436),
(156, 'megha.trivedi', 'megha.trivedi', 'megha.trivedi@vidyalayaschoolsoftware.com', 'a0f354b6242d9a60ad6f572aed8d23c8', 1, 0, 55, 43, 0, 0, 'v961xgZxRwAI7d9e0AYcWlgLtiFzJncl0GSOo6Vob4h51wYltMaAmQhE8cHsG9--', 1686038189, 1646292931),
(153, 'ronak.patel', 'ronak.patel', 'ronak.patel@sapphiresolutions.net', '44a9321aa86617ee018f111138ae4195', 1, 0, 25, 311, 0, 0, 'zCt_Yj2oD9o_bn72DVKmNQoEshuuSv1cbnxS82tPr4OQM2-OrltjGKjtM23maOvg', 1686037408, 1645615362),
(154, 'kabu.ray', 'kabu.ray', 'kabu.ray@occucare.co.in', '64cd3d668fe652d0e3458879987796f3', 1, 0, 25, 56, 0, 0, '_H579Nj9jlRYpR80LANdYivzKlIu3s17LDxZ8epPqZUSnoIN1_mnTWFpaw5mSpdC', 1686038192, 1645686271),
(138, 'shruti.chandoriker', 'Shruti Chandoriker', 'shruti.chandoriker@sapphiresolutions.net', 'e10adc3949ba59abbe56e057f20f883e', 0, 0, 55, 135, 0, 0, '19Xqr154oIc-rL3AGfJJv-mdXeDDkDMNa19BgKjivj9XgcRxFGntO9KEtG8Apm7a', 1640870842, 1609315181),
(174, 'hitesh.tekwani', 'hitesh.tekwani', 'hitesh.tekwani@sapphiresolutions.net', '543d5b123db8df6a799ffb71971d448c', 1, 0, 55, 11, 0, 0, 'PKiNpgTuhCw6Vrcy02d73fYnja8NGHSlVb9Xj1jRGWHNMQ6Tb3R9V5HnuuFnsj7r', 1666002219, 1663666006),
(139, 'sonia.simon', 'sonia.simon', 'sonia.simon@occucare.co.in', 'faf7dac1a7cadcd9cbf43b7687e95132', 0, 0, 55, 79, 0, 0, 'nx1uMrIjWhSfpjqgKFHYg6h-6r7iNS2lJNd5sG27ouMNZXsKMIm9h760d7f9sMPE', 1627645810, 1611049201),
(140, 'kerav.sayata', 'Kerav.Sayata', 'kerav.sayata@vidyalayaschoolsoftware.com', '770e87ff8073865c81e4cef92a64b0e6', 0, 0, 55, 19, 0, 0, 'vOGAxiRYegQO0iSNPHFwXusIyFzMQbN7pCTlCzr538_yavPNwLCikydjnO3iAL1U', 1627480417, 1611049293),
(141, 'foram.gami', 'foram.gami', 'foram.gami@vidyalayaschoolsoftware.com', '01a168389b11eb3979b9102c4bbc52a6', 1, 0, 55, 762, 0, 0, 'HxkZcSB0BgaG8TVXuf8Gpx8etQ4mxROnfusIYVpNV5gWfsZFz2FJG0tlsGNZ4MTg', 1686036624, 1611049344),
(142, 'astha.shah', 'astha.shah', 'astha.shah@vidyalayaschoolsoftware.com', '65d830c2568b99fb234abd2bb9acd445', 0, 0, 55, 210, 0, 0, 'ave21_sN_oR1XKmWn_B3w57iAfQSXFxM93595XrDq0sLve4C5NFLhj7Cqlv3WcgJ', 1643608479, 1611049388),
(143, 'jigisha.patel', 'Jigisha Patel', 'jigisha.patel@sapphiresolutions.net', 'a226ddd8beaa854cf3f6f420501db1d3', 0, 0, 55, 5, 0, 0, 'a_OdnFX_NAx5jgzGFmMyaOwqGjVuFZ229CIuRiMYQ4kbfZNaOrlpkFPw5M7MAraJ', 1617974113, 1613396576),
(144, 'avinash.chauhan', 'Avinash.Chauhan', 'avinash.chauhan@occucare.co.in', 'e66c1774c5c33cd312b9ed2eaceb7e69', 1, 0, 25, 282, 0, 0, 'aHblAA4NfqoGy3_kSjZl4HpsHekQLDIqbBFzLxMzcOdciUpZifL-h_2p3U6FhHQ5', 1685605276, 1617695694),
(145, 'sagar.patel', 'sagar patel', 'sagar.patel@sapphiresolutions.net', '25f9e794323b453885f5181f1b624d0b', 0, 0, 55, 32, 0, 0, 'oHxVv5rbX8KoVD3sPs0eHWPV3d97Vxg3BW3pxPKrGFe8tfN61ohBozNWBzgIHLXH', 1676883761, 1618550124),
(167, 'vishakha.panchal', 'vishakha.panchal', 'vishakha.panchal@sapphiresolutions.net', '1e4f150f97032406e3c1ac2e8ea9749e', 1, 0, 55, 65, 0, 0, 'RdxQG-no2pe-D5OfjT-elFHn5A3X_gDfgvnQ1z_oZjLrfN09kGbbFZPwSLjnAwyF', 1669873839, 1659765781),
(168, 'hemali.vadaliya', 'Hemali Vadaliya', 'hemali.vadaliya@sapphiresolutions.net', 'ddffb9ef4fc9273c315f1020826d67e2', 1, 0, 55, 72, 0, 0, 'BOxucn4ui4eQ7uD9rapjCHsqoGr-arCTzduRX8cahYlqMF4b2RSCyAJ5_ZeJ5iQ0', 1686038428, 1659765833),
(170, 'zalak.raval', 'zalak.raval', 'zalak.raval@sapphiresolutions.net', 'e1501d953bfda88ba2240f3247f75415', 0, 0, 25, 0, 0, 3, 'WmoA81jXDcsnQ06tu1OHxdA3j6rCpzXOO22znBQFK5qHxqXrE9t49JstxbYmb982', 1660656400, 1660656400),
(171, 'rajnikant.kumar', 'Rajnikant kumar', 'rajnikant.kumar@sapphiresolutions.net', 'bce8958a8be64fb96980217a9b2504a9', 1, 0, 25, 92, 0, 0, 'lqQ0naHk6TVnE8x0bcYNTDCV4x37TI9sjTKWtRcnoWcYxUdAGQ4jecwE9elv1wi9', 1683096519, 1661261043),
(172, 'shivam.padhye', 'shivam.padhye', 'shivam.padhye@sapphiresolutions.net', '202cb962ac59075b964b07152d234b70', 1, 0, 55, 26, 0, 0, 'RuvFP4n9dddrCIdmLxXa3tkn6PlD0lEjWjw4Fv1cCWmJ_6n_miO-IowF3i4TZssT', 1686031503, 1661510779),
(173, 'dhruvik.modi', 'dhruvik.modi', 'dhruvik.modi@vidyalayaschoolsoftware.com', '308f3075d0954d5abd83fe4349c5c141', 1, 0, 55, 32, 0, 0, '5dzh5Za_6ta1ZJP9Hg50uRlUTvCsn26Qx5rIYZSOFof1tW1wWtUKycJYE8gaTfjK', 1686034454, 1662613941),
(175, 'janmesh.sharma', 'janmesh.sharma', 'janmesh.sharma@sapphiresolutions.net', '7420fec750133c086385fcaa7270921e', 1, 0, 25, 31, 0, 0, 'fV8_WkIxhTmHnXJ8lvxYmG47yt5AmB4pnJ5lgF6T-5_HsCwK04PwZ2T8Bnni0uaQ', 1686038159, 1669199581),
(176, 'gauravsinh.vihol', 'gauravsinh.vihol', 'gauravsinh.vihol@sapphiresolutions.net', '910be72d22e04e452347184adfc658cd', 1, 0, 25, 86, 0, 0, 'G9SLiI4NWIFK_zQt8K1dnRTBg-VsfYlGfi7bsjjKiNuNvRTRu9BqwPig3rEqzXDi', 1686038303, 1674810911),
(177, 'yash.nayar', 'yash.nayar', 'yash.nayar@vidyalayaschoolsoftware.com', '202cb962ac59075b964b07152d234b70', 1, 0, 25, 56, 0, 0, '1zW1dAzXhYuFqUBKLYcMq-abqNVOep7fRzmg6imVhlBFkbfz7LLhLj6PUbeZCplN', 1686025893, 1675751647),
(178, 'abhishek.sarvaiya', 'abhishek.sarvaiya', 'abhishek.sarvaiya@sapphiresolutions.net', '90bab49924a7980212dbed655ab03629', 1, 0, 55, 6, 0, 0, 'y4_HwPZq2jP2jy5zxeKhql3BdcwYNxftcCbdQ9o1ytpW0CEVHbSDCOIquOxzhUdf', 1683625790, 1677497918),
(179, 'hardik.turakhia', 'Hardik Turakhia', 'hardik.turakhia@sapphiresolutions.net', '24f7b14f5899557e695d604d169b30b6', 1, 0, 55, 28, 0, 0, '43mB8VZoueIr48-dE8KJ164Ghzp8q22UMiPUmDFGUzqKMzLlLPJKi3mqWmlN9YXa', 1685964711, 1678288018),
(180, 'hitarth.joshi', 'hitarth.joshi', 'hitarth.joshi@occucare.co.in', 'c7cc74cc27e41218d297122905425554', 1, 0, 90, 89, 0, 0, 'rt4l3J4iJDwa1296psquouWzPpxcSusST1457uHZsfQH5LN52IOlOxFPJeGSmarf', 1686029336, 1678335833),
(181, 'manthan.sukhadiya', 'manthan.sukhadiya', 'manthan.sukhadiya@sapphiresolutions.net', 'f02acc8e3916e60c5677516c990cb50e', 1, 0, 25, 55, 0, 0, 'Uu8UVJXXkQM-xpGn1J7DiHY_EcMKJWfn-rdXqAlLKH-BCVHdV4XbYcprYrvtSPVs', 1686030685, 1678342700),
(182, 'amit.chauhan', 'amit.chauhan', 'amit.chauhan@sapphiresolutions.net', 'c02ef20c6f852ceb226a82bf09ef4daa', 1, 0, 55, 83, 0, 0, '9rHYgbgG-X9_TfcvHdoszx23d-wVulJIApXpoSw0PJZG-G7ZaWh8qmqmTQmDmWf8', 1684761559, 1678701476),
(183, 'admin@akwabamaps.com', 'Alex Sika', 'admin@akwabamaps.com', 'c93ccd78b2076528346216b3b2f701e6', 1, 0, 10, 8, 0, 0, 'u-Oldfkxa-im_KRWPCqjdXu_UbYxnxokkQoBUmggONTLs6CGlmIkjckTUgKBhhoN', 1681699835, 1678705953),
(184, 'sahil.detroja', 'sahil.detroja', 'sahil.detroja@sapphiresolutions.net', 'ea0641c7be3f6aea56f9a969a9ff5e99', 1, 0, 25, 16, 0, 0, 'x_BxY9Wtj9jmvMuHyox49RzpWU1-3uCM50zSGa60q011LqcNr3p4ASHIZOFuuAYP', 1685943422, 1678859573),
(185, 'mehul.gajjar', 'mehul.gajjar', 'mehul.gajjar@sapphiresolutions.net', 'e5a7feb821dcbfcbaadf4a5a42ee7aa6', 1, 0, 25, 3, 0, 0, 'ABASIxQZNonlsf_nIX4hdyztarXV7PTF0FLUmwiWrNApchzJFVVLn-wtm4eF4PUl', 1678883999, 1678859880),
(186, 'hamidahn@gethobi.com', 'Hamidah Nalwoga', 'hamidahn@gethobi.com', '93daeb4430de421ed18758889bdbf9d1', 1, 0, 10, 6, 0, 0, 'DBMUpkGa3cTeytN6OPMHoKoKKcyfrwQInCrke31oNel5pB2GEXNB30GLrL0L9LJ2', 1679545810, 1678861077),
(187, 'samir.patel', 'samir.patel', 'samir.patel@sapphiresolutions.net', 'd26b24ef80b7ae70ff153e4841c03cf8', 1, 0, 10, 0, 0, 0, 'Sjv_qsSlblWG00x_EX9xvalGSEegzpmQjQiyNWrDJKy1CTNfLFqenlg9Jn_UWHnX', 1678883418, 1678883418),
(189, 'manuj.parekh', 'manuj.parekh', 'manuj.parekh@occucare.co.in', '70c4f6041b102125c72704cb90088647', 1, 0, 10, 36, 0, 0, 'NqBXV3rSKijukH9rnNp5DvMe-aQi6pj7fON1fcfRN61-CIsJDUGi80YWYLnKQkJT', 1685624431, 1679049300),
(188, 'vaibhav.akhande', 'vaibhav.akhande', 'vaibhav.akhande@sapphiresolutions.net', 'f02acc8e3916e60c5677516c990cb50e', 1, 0, 25, 11, 0, 0, 'FNFtV5oZP7bxNsEkc3dOOYTCzOWgQ79nQhM57S6egcz292BPHTPUMRnfsFP7On7V', 1683204335, 1678967826),
(190, 'vijay.thakur', 'vijay.thakur', 'vijay.thakur@occucare.co.in', '7e17ae345758f1406162c808191585db', 1, 0, 10, 22, 0, 0, 'KkHXVsWV_74Zo16pdbzJXoLtHl2nCrP6n9mjjYhgc2Iicf8SAmZnF8ur40aUYDDJ', 1685524246, 1679049351),
(191, 'shameem.sayyid@seerdynamics.com', 'Shameem Sayyid', 'shameem.sayyid@seerdynamics.com', 'cd4d77de8d3783439c7168c43ace70ec', 1, 0, 10, 2, 0, 0, 'LOE1HOmQLZsOxvc1u5gwIBiEsubTwvphb9zZYlEp2zDEybTQkP9gis89nrkwvnaq', 1679058678, 1679050415),
(192, 'darshan.modi', 'darshan.modi', 'darshan.modi@sapphiresolutions.net', '43dfe244f8535598e11874a47f9fe5d3', 1, 0, 10, 34, 0, 0, 'syQBCmXLPqxxulpz-ltyRF9AlxiMzFrsqFssrRcr5ka1U1Z1XEh_phbF2k5EdL2b', 1685343762, 1679310493),
(193, 'sahil.sayyad', 'sahil.sayyad', 'sahil.sayyad@vidyalayaschoolsoftware.com', '202cb962ac59075b964b07152d234b70', 1, 0, 10, 9, 0, 0, 'dUT8duaimWGRItAqGtp37DcNlb7VqO9DI3rT7KJ9kwdcj2IxXsWRPAT8bIARgCSy', 1685457088, 1679310522),
(194, 'purvi.trivedi', 'purvi.trivedi', 'purvi.trivedi@sapphiresolutions.net', '576e10bcfb8eecce5fe69887204063f3', 1, 0, 10, 3, 0, 0, 'iMzK8uQJ0_fafTiM1CPiwV-tnn93t70jsUXm6CiDBQfIDynJ0S3_qwI5CBWeYGlc', 1679911455, 1679310543),
(195, 'jainil.darji', 'jainil.darji', 'jainil.darji@vidyalayaschoolsoftware.com', '3681b965a686d3e5ed6919282ee89998', 1, 0, 10, 2, 0, 1, '_FMGFC-d-rRq05n6x5D06JwjdYrRttoZuOQnz2lgeX8oX_XcTxmvfAiW-tle-8BD', 1681370604, 1679310568),
(196, 'divya.varma', 'divya.varma', 'divya.varma@occucare.co.in', '2b4f45f811abcffcb884bf7a52c2b51e', 1, 0, 10, 1, 0, 0, 'PTAKftFK7Ra_Kq35-UNOuI0aUq_BD7thnqtBCpUa173ldb7uS6v3zXnmEwVkdbId', 1679310589, 1679310589),
(197, 'manish.tale', 'manish.tale', 'manish.tale@sapphiresolutions.net', 'd9e42080f0b8e08e891675a22841270f', 1, 0, 10, 3, 0, 0, 'dcuPSkTtrY4gS6inoSSLLu23I-gw_DPyzxJCgLn4TjOC2WgGiee3MjotTP6wXvFY', 1679655034, 1679310609),
(198, 'saumil.golarana', 'saumil.golarana', 'saumil.golarana@sapphiresolutions.net', 'a35019fc1e11a69cf6541cd6546b954f', 1, 0, 10, 0, 0, 0, 'J0qkeL79T0D5ASlPhTmjfXvazqxqHXnD9x-TlOWURNir9FlANkBy43ty8U1ATCln', 1679310635, 1679310635),
(199, 'derrick@dvsolutionsar.com', 'Derrick Surratt', 'derrick@dvsolutionsar.com', 'b1d546a0b328deea118cdffda18706c2', 1, 0, 10, 0, 0, 0, 'bOlr9Q-WMpqWijMFPquZEC0siJwFqv_cYUtSr4sCv8TMHlB2EtqruPELbu0lw1yV', 1679382497, 1679382497),
(200, 'forrugby@gmail.com', 'John Chapman', 'forrugby@gmail.com', '39e80eb87019003515611874f2a0af76', 1, 0, 10, 0, 0, 0, 'r6_ZJADloV9EQ4WuUThyi9xrOAFBIZg_DbnjAAs3bQBGXHXgOSRHDFgDUpCsSNp2', 1679382515, 1679382515),
(201, 'arash.djabani@gmail.com', 'Arash Djabani', 'arash.djabani@gmail.com', 'e52d866bf8bf3e46bc5c80a831f9c6f7', 1, 0, 10, 0, 0, 0, 'X5m6ocbaJ1jZvLhNw6lAiUN5dp4NLst-aGHPJ6JGNfXoRp1WZeGtKD7MTyQuIhCB', 1679382534, 1679382534),
(202, 'ytiwari@abacusinvestments.com', 'Yash Tiwari', 'ytiwari@abacusinvestments.com', 'dc0444e7188c1dcc6f9269d52f4a15fd', 1, 0, 10, 0, 0, 0, '2fsrSwKswEJV5CG2rE5oZjjV80WMjy9WAQCjLuMIZThTIFsh31ra-7lroImQ01YU', 1681535408, 1681535408),
(203, 'nehazoshi@gmail.com', 'Neha Joshi', 'nehazoshi@gmail.com', 'e9262862aa4945f80867b4e6fd98bd1b', 1, 0, 10, 0, 0, 0, '7ENTwm1ZJ40E-AuSu96KuXbpnXmsJZV6N12dUSToG4xlv9y6ZZBpEkiNFUUBKW-U', 1681535444, 1681535444),
(204, 'shan.awasthi@gmail.com', 'Shantanu Awasthi', 'shan.awasthi@gmail.com', '738d1b2dde25e20e6ed3c08dd78361d8', 1, 0, 10, 0, 0, 0, 'oycljvd-uEgB5dULQe7mWdUmfx19KJonxoh48J_E2kzF4fb37qXqBehqv6B-hXra', 1681535466, 1681535466),
(205, 'vikash.tiwari', 'Vikash Tiwari', 'vikash.tiwari@sapphiresolutions.net', '9339f80d8d3f5faf0d134fba30c97ce7', 1, 0, 10, 2, 0, 0, 'tkoQlfPY2zGwaOKR_3OqXGXP8Fm5wop63FyargzXQwacpeE2MkwqVCiLYfzobrOU', 1681537570, 1681537063),
(206, 'vishal.thakkar', 'Vishal Thakkar', 'vishal.thakkar@sapphiresolutions.net', 'bbc64d544467c76715fbf0f396d13986', 1, 0, 10, 8, 0, 0, 'IqCXSz_gikKjDsgpFgL9_RyeolOYyg59xCKIU6lBxzHHB1JQJaGXOZCJxg0-3-EC', 1684501189, 1681537093),
(207, 'nisha.parmar', 'Nisha Parmar', 'nisha.parmar@sapphiresolutions.net', 'd028a7bf50e7a027da75f9647e27a938', 1, 0, 10, 0, 0, 0, '3TMorf-Cm40HIuXWKu3tmrvZiiRpLno_YfLFq6sbXQgJ0eWjg2yTC5qV8gpJ7APq', 1681537118, 1681537118),
(208, 'sagar.dodia', 'Sagar Dodia', 'sagar.dodia@sapphiresolutions.net', '520ba99bb428cb935f4934cfcfbba6b4', 1, 0, 10, 5, 0, 0, 'KAvdDkPV1L-9DNVKv_sbTIQ0aEsO4SDzEfuY9ZXVGpmhkOZZnTQO4kM3e5BNX_Oq', 1685514533, 1681537159),
(209, 'zalak.suthar', 'Zalak Suthar', 'zalak.suthar@sapphiresolutions.net', '68fe4d36db0d95eeeb79322167e94da6', 1, 0, 10, 4, 0, 0, 'B0DUsqk-5PQTvWxL4TMGbBgtlCocyP-OgrWMHLu6oRdhedB2T4se8uxWmtRUZGm-', 1686029485, 1681537197),
(210, 'hiloni.shah', 'Hiloni Shah', 'hiloni.shah@occucare.co.in', 'e5317ca74e400cdca237d3d762354c45', 1, 0, 10, 2, 0, 0, 'SvRVLAm5yDc4QW6xoWvd1H1hLsnM-v6lwHFu2ctT7rbp5j6wNoFWHajVYcz9MiAA', 1686032732, 1681537224),
(211, 'pratik.parmar', 'Pratik Parmar', 'pratik.parmar@sapphiresolutions.net', 'b7e6212173fae6191a460f394937a976', 1, 0, 10, 3, 0, 0, 'OCzy5xu3aT1F_X4CeVkmkqdt5U5NRrsoMUrzQ6Sr6718yUwE4YY8w0nwZb1PV_Jh', 1682931776, 1681537288),
(212, 'bandish.mehta', 'Bandish Mehta', 'bandish.mehta@sapphiresolutions.net', 'db06a47b0fad109a752e058be70b1825', 1, 0, 10, 3, 0, 0, '5qKmnZWmecZbJ2NW4AOsEElp3_AjgNxbSSleyeU_7ZeTaGPO7B8kqzLEzlYUJevw', 1683618873, 1681537323),
(213, 'ronak.panchal', 'Ronak Panchal', 'ronak.panchal@sapphiresolutions.net', 'ebb9a3c9bf946d2499cdcfc881628749', 1, 0, 10, 2, 0, 0, '3MRAPZv-RgyDjX9SV0HRnK7g2tlk6I2gD9lURmQpm4EFJsqksNreY7IX2182Yfvd', 1683105765, 1681537397),
(214, 'satyanand.bhardwaj', 'satyanand.bhardwaj', 'satyanand.bhardwaj@sapphiresolutions.net', '29197cb3955f9cc741275b2ceb3758d0', 1, 0, 55, 5, 0, 0, 'degFLSMvS-FdZtOaLtBoX306CQa0bxBJY9D5oPhIZabFaq7np5WQxsug-A_G1j3r', 1686036570, 1682340530),
(215, 'ashendra.pal', 'ashendra.pal', 'ashendra.pal@sapphiresolutions.net', '7eb146cbb595c67e4e473f680ee8ab59', 1, 0, 55, 15, 0, 0, 'omAZwyi15nnpNUHHYlTDGhwwa3rA8Mj8VjWs-N5FTkQMoJkS9AyUq-Zy1uWCShfC', 1686036536, 1682340556),
(216, 'anuj.sahu', 'anuj.sahu', 'anuj.sahu@sapphiresolutions.net', 'c90cbae9208436bb769efd26f39306a9', 1, 0, 55, 2, 0, 0, 'bc1tA44fJO19JWY-vuENa-vSLATGMcNOFRLIW_i-nUNofRFMiEJYHmH1_g1h5EMA', 1682341191, 1682340578),
(217, 'bruce.millner@auditorpass.com', 'Bruce Millner', 'bruce.millner@auditorpass.com', '8129e398a8a7d510da7ca92869cdf7d1', 1, 0, 25, 2, 0, 0, 'stNwaXHaBHUwWf9d3gcrGNgN5_RUW-8OX27mK8LNCpKR8NaBc7fSswhNR15QSot9', 1683529994, 1683005699);

--
-- Indexes for dumped tables
--

--
-- Indexes for table `mantis_api_token_table`
--
ALTER TABLE `mantis_api_token_table`
  ADD PRIMARY KEY (`id`),
  ADD UNIQUE KEY `idx_user_id_name` (`user_id`,`name`);

--
-- Indexes for table `mantis_bugnote_table`
--
ALTER TABLE `mantis_bugnote_table`
  ADD PRIMARY KEY (`id`),
  ADD KEY `idx_bug` (`bug_id`),
  ADD KEY `idx_last_mod` (`last_modified`);

--
-- Indexes for table `mantis_bugnote_text_table`
--
ALTER TABLE `mantis_bugnote_text_table`
  ADD PRIMARY KEY (`id`);

--
-- Indexes for table `mantis_bug_file_table`
--
ALTER TABLE `mantis_bug_file_table`
  ADD PRIMARY KEY (`id`),
  ADD KEY `idx_bug_file_bug_id` (`bug_id`),
  ADD KEY `idx_diskfile` (`diskfile`);

--
-- Indexes for table `mantis_bug_history_table`
--
ALTER TABLE `mantis_bug_history_table`
  ADD PRIMARY KEY (`id`),
  ADD KEY `idx_bug_history_bug_id` (`bug_id`),
  ADD KEY `idx_history_user_id` (`user_id`),
  ADD KEY `idx_bug_history_date_modified` (`date_modified`);

--
-- Indexes for table `mantis_bug_monitor_table`
--
ALTER TABLE `mantis_bug_monitor_table`
  ADD PRIMARY KEY (`user_id`,`bug_id`),
  ADD KEY `idx_bug_id` (`bug_id`);

--
-- Indexes for table `mantis_bug_relationship_table`
--
ALTER TABLE `mantis_bug_relationship_table`
  ADD PRIMARY KEY (`id`),
  ADD KEY `idx_relationship_source` (`source_bug_id`),
  ADD KEY `idx_relationship_destination` (`destination_bug_id`);

--
-- Indexes for table `mantis_bug_revision_table`
--
ALTER TABLE `mantis_bug_revision_table`
  ADD PRIMARY KEY (`id`),
  ADD KEY `idx_bug_rev_type` (`type`),
  ADD KEY `idx_bug_rev_id_time` (`bug_id`,`timestamp`);

--
-- Indexes for table `mantis_bug_table`
--
ALTER TABLE `mantis_bug_table`
  ADD PRIMARY KEY (`id`),
  ADD KEY `idx_bug_sponsorship_total` (`sponsorship_total`),
  ADD KEY `idx_bug_fixed_in_version` (`fixed_in_version`),
  ADD KEY `idx_bug_status` (`status`),
  ADD KEY `idx_project` (`project_id`);

--
-- Indexes for table `mantis_bug_tag_table`
--
ALTER TABLE `mantis_bug_tag_table`
  ADD PRIMARY KEY (`bug_id`,`tag_id`),
  ADD KEY `idx_bug_tag_tag_id` (`tag_id`);

--
-- Indexes for table `mantis_bug_text_table`
--
ALTER TABLE `mantis_bug_text_table`
  ADD PRIMARY KEY (`id`);

--
-- Indexes for table `mantis_category_table`
--
ALTER TABLE `mantis_category_table`
  ADD PRIMARY KEY (`id`),
  ADD UNIQUE KEY `idx_category_project_name` (`project_id`,`name`);

--
-- Indexes for table `mantis_config_table`
--
ALTER TABLE `mantis_config_table`
  ADD PRIMARY KEY (`config_id`,`project_id`,`user_id`);

--
-- Indexes for table `mantis_custom_field_project_table`
--
ALTER TABLE `mantis_custom_field_project_table`
  ADD PRIMARY KEY (`field_id`,`project_id`);

--
-- Indexes for table `mantis_custom_field_string_table`
--
ALTER TABLE `mantis_custom_field_string_table`
  ADD PRIMARY KEY (`field_id`,`bug_id`),
  ADD KEY `idx_custom_field_bug` (`bug_id`);

--
-- Indexes for table `mantis_custom_field_table`
--
ALTER TABLE `mantis_custom_field_table`
  ADD PRIMARY KEY (`id`),
  ADD KEY `idx_custom_field_name` (`name`);

--
-- Indexes for table `mantis_email_table`
--
ALTER TABLE `mantis_email_table`
  ADD PRIMARY KEY (`email_id`);

--
-- Indexes for table `mantis_filters_table`
--
ALTER TABLE `mantis_filters_table`
  ADD PRIMARY KEY (`id`);

--
-- Indexes for table `mantis_news_table`
--
ALTER TABLE `mantis_news_table`
  ADD PRIMARY KEY (`id`);

--
-- Indexes for table `mantis_plugin_table`
--
ALTER TABLE `mantis_plugin_table`
  ADD PRIMARY KEY (`basename`);

--
-- Indexes for table `mantis_project_file_table`
--
ALTER TABLE `mantis_project_file_table`
  ADD PRIMARY KEY (`id`);

--
-- Indexes for table `mantis_project_hierarchy_table`
--
ALTER TABLE `mantis_project_hierarchy_table`
  ADD UNIQUE KEY `idx_project_hierarchy` (`child_id`,`parent_id`),
  ADD KEY `idx_project_hierarchy_child_id` (`child_id`),
  ADD KEY `idx_project_hierarchy_parent_id` (`parent_id`);

--
-- Indexes for table `mantis_project_table`
--
ALTER TABLE `mantis_project_table`
  ADD PRIMARY KEY (`id`),
  ADD UNIQUE KEY `idx_project_name` (`name`),
  ADD KEY `idx_project_view` (`view_state`);

--
-- Indexes for table `mantis_project_user_list_table`
--
ALTER TABLE `mantis_project_user_list_table`
  ADD PRIMARY KEY (`project_id`,`user_id`),
  ADD KEY `idx_project_user` (`user_id`);

--
-- Indexes for table `mantis_project_version_table`
--
ALTER TABLE `mantis_project_version_table`
  ADD PRIMARY KEY (`id`),
  ADD UNIQUE KEY `idx_project_version` (`project_id`,`version`);

--
-- Indexes for table `mantis_sponsorship_table`
--
ALTER TABLE `mantis_sponsorship_table`
  ADD PRIMARY KEY (`id`),
  ADD KEY `idx_sponsorship_bug_id` (`bug_id`),
  ADD KEY `idx_sponsorship_user_id` (`user_id`);

--
-- Indexes for table `mantis_tag_table`
--
ALTER TABLE `mantis_tag_table`
  ADD PRIMARY KEY (`id`,`name`),
  ADD KEY `idx_tag_name` (`name`);

--
-- Indexes for table `mantis_tokens_table`
--
ALTER TABLE `mantis_tokens_table`
  ADD PRIMARY KEY (`id`),
  ADD KEY `idx_typeowner` (`type`,`owner`);

--
-- Indexes for table `mantis_user_pref_table`
--
ALTER TABLE `mantis_user_pref_table`
  ADD PRIMARY KEY (`id`);

--
-- Indexes for table `mantis_user_print_pref_table`
--
ALTER TABLE `mantis_user_print_pref_table`
  ADD PRIMARY KEY (`user_id`);

--
-- Indexes for table `mantis_user_profile_table`
--
ALTER TABLE `mantis_user_profile_table`
  ADD PRIMARY KEY (`id`);

--
-- Indexes for table `mantis_user_table`
--
ALTER TABLE `mantis_user_table`
  ADD PRIMARY KEY (`id`),
  ADD UNIQUE KEY `idx_user_cookie_string` (`cookie_string`),
  ADD UNIQUE KEY `idx_user_username` (`username`),
  ADD KEY `idx_enable` (`enabled`),
  ADD KEY `idx_access` (`access_level`),
  ADD KEY `idx_email` (`email`);

--
-- AUTO_INCREMENT for dumped tables
--

--
-- AUTO_INCREMENT for table `mantis_api_token_table`
--
ALTER TABLE `mantis_api_token_table`
  MODIFY `id` int(10) unsigned NOT NULL AUTO_INCREMENT;
--
-- AUTO_INCREMENT for table `mantis_bugnote_table`
--
ALTER TABLE `mantis_bugnote_table`
  MODIFY `id` int(10) unsigned NOT NULL AUTO_INCREMENT,AUTO_INCREMENT=27301;
--
-- AUTO_INCREMENT for table `mantis_bugnote_text_table`
--
ALTER TABLE `mantis_bugnote_text_table`
  MODIFY `id` int(10) unsigned NOT NULL AUTO_INCREMENT,AUTO_INCREMENT=27301;
--
-- AUTO_INCREMENT for table `mantis_bug_file_table`
--
ALTER TABLE `mantis_bug_file_table`
  MODIFY `id` int(10) unsigned NOT NULL AUTO_INCREMENT,AUTO_INCREMENT=9476;
--
-- AUTO_INCREMENT for table `mantis_bug_history_table`
--
ALTER TABLE `mantis_bug_history_table`
  MODIFY `id` int(10) unsigned NOT NULL AUTO_INCREMENT,AUTO_INCREMENT=255483;
--
-- AUTO_INCREMENT for table `mantis_bug_relationship_table`
--
ALTER TABLE `mantis_bug_relationship_table`
  MODIFY `id` int(10) unsigned NOT NULL AUTO_INCREMENT,AUTO_INCREMENT=1008;
--
-- AUTO_INCREMENT for table `mantis_bug_revision_table`
--
ALTER TABLE `mantis_bug_revision_table`
  MODIFY `id` int(10) unsigned NOT NULL AUTO_INCREMENT,AUTO_INCREMENT=9331;
--
-- AUTO_INCREMENT for table `mantis_bug_table`
--
ALTER TABLE `mantis_bug_table`
  MODIFY `id` int(10) unsigned NOT NULL AUTO_INCREMENT,AUTO_INCREMENT=25479;
--
-- AUTO_INCREMENT for table `mantis_bug_text_table`
--
ALTER TABLE `mantis_bug_text_table`
  MODIFY `id` int(10) unsigned NOT NULL AUTO_INCREMENT,AUTO_INCREMENT=25479;
--
-- AUTO_INCREMENT for table `mantis_category_table`
--
ALTER TABLE `mantis_category_table`
  MODIFY `id` int(10) unsigned NOT NULL AUTO_INCREMENT,AUTO_INCREMENT=54;
--
-- AUTO_INCREMENT for table `mantis_custom_field_table`
--
ALTER TABLE `mantis_custom_field_table`
  MODIFY `id` int(11) NOT NULL AUTO_INCREMENT,AUTO_INCREMENT=27;
--
-- AUTO_INCREMENT for table `mantis_email_table`
--
ALTER TABLE `mantis_email_table`
  MODIFY `email_id` int(10) unsigned NOT NULL AUTO_INCREMENT,AUTO_INCREMENT=12074;
--
-- AUTO_INCREMENT for table `mantis_filters_table`
--
ALTER TABLE `mantis_filters_table`
  MODIFY `id` int(10) unsigned NOT NULL AUTO_INCREMENT,AUTO_INCREMENT=403;
--
-- AUTO_INCREMENT for table `mantis_news_table`
--
ALTER TABLE `mantis_news_table`
  MODIFY `id` int(10) unsigned NOT NULL AUTO_INCREMENT;
--
-- AUTO_INCREMENT for table `mantis_project_file_table`
--
ALTER TABLE `mantis_project_file_table`
  MODIFY `id` int(10) unsigned NOT NULL AUTO_INCREMENT;
--
-- AUTO_INCREMENT for table `mantis_project_table`
--
ALTER TABLE `mantis_project_table`
  MODIFY `id` int(10) unsigned NOT NULL AUTO_INCREMENT,AUTO_INCREMENT=58;
--
-- AUTO_INCREMENT for table `mantis_project_version_table`
--
ALTER TABLE `mantis_project_version_table`
  MODIFY `id` int(11) NOT NULL AUTO_INCREMENT,AUTO_INCREMENT=3;
--
-- AUTO_INCREMENT for table `mantis_sponsorship_table`
--
ALTER TABLE `mantis_sponsorship_table`
  MODIFY `id` int(11) NOT NULL AUTO_INCREMENT;
--
-- AUTO_INCREMENT for table `mantis_tag_table`
--
ALTER TABLE `mantis_tag_table`
  MODIFY `id` int(10) unsigned NOT NULL AUTO_INCREMENT,AUTO_INCREMENT=44;
--
-- AUTO_INCREMENT for table `mantis_tokens_table`
--
ALTER TABLE `mantis_tokens_table`
  MODIFY `id` int(11) NOT NULL AUTO_INCREMENT,AUTO_INCREMENT=35193;
--
-- AUTO_INCREMENT for table `mantis_user_pref_table`
--
ALTER TABLE `mantis_user_pref_table`
  MODIFY `id` int(10) unsigned NOT NULL AUTO_INCREMENT,AUTO_INCREMENT=129;
--
-- AUTO_INCREMENT for table `mantis_user_profile_table`
--
ALTER TABLE `mantis_user_profile_table`
  MODIFY `id` int(10) unsigned NOT NULL AUTO_INCREMENT,AUTO_INCREMENT=4;
--
-- AUTO_INCREMENT for table `mantis_user_table`
--
ALTER TABLE `mantis_user_table`
  MODIFY `id` int(10) unsigned NOT NULL AUTO_INCREMENT,AUTO_INCREMENT=218;
